051
CXUS54 KFWD 250730
CF6DFW
PRELIMINARY LOCAL CLIMATOLOGICAL DATA (WS FORM: F-6)

                                          STATION:   DALLAS FORT WORTH
                                          MONTH:     MAY
                                          YEAR:      2016
                                          LATITUDE:   32 54 N
                                          LONGITUDE:  97  2 W

  TEMPERATURE IN F:       :PCPN:    SNOW:  WIND      :SUNSHINE: SKY     :PK WND
================================================================================
1   2   3   4   5  6A  6B    7    8   9   10  11  12  13   14  15   16   17  18
                                     12Z  AVG MX 2MIN
DY MAX MIN AVG DEP HDD CDD  WTR  SNW DPTH SPD SPD DIR MIN PSBL S-S WX    SPD DR
================================================================================

 1  74  58  66  -4   0   1 0.00  0.0    0 14.0 23 360   M    M   2        29 350
 2  68  54  61  -9   4   0 0.60  0.0    0 11.8 23 360   M    M   7 13     28 320
 3  74  48  61  -9   4   0 0.00  0.0    0  5.8 17  30   M    M   2        23 360
 4  82  58  70   0   0   5 0.00  0.0    0 10.4 20 330   M    M   0        26 320
 5  83  57  70  -1   0   5 0.00  0.0    0  5.1 13  30   M    M   1        18  20
 6  84  55  70  -1   0   5 0.00  0.0    0  5.2 12 140   M    M   3        15 140
 7  85  58  72   1   0   7 0.00  0.0    0 12.6 24 170   M    M   2        30 170
 8  75  69  72   0   0   7 0.12  0.0    0 15.8 28 150   M    M   9 13     37 180
 9  90  67  79   7   0  14 0.05  0.0    0 17.2 31 230   M    M   4 13     37 220
10  93  71  82  10   0  17 0.16  0.0    0 17.9 44 230   M    M   4 38     54 240
11  87  65  76   4   0  11 0.31  0.0    0 13.8 46 280   M    M   5 3      53 270
12  83  67  75   2   0  10    T  0.0    0 10.2 28 130   M    M   7 3      33 130
13  84  62  73   0   0   8 0.00  0.0    0  7.6 16 130   M    M   3        20 140
14  74  61  68  -5   0   3 0.58  0.0    0 13.2 36 350   M    M   8 3      47 350
15  75  60  68  -6   0   3    T  0.0    0  9.3 15  20   M    M   9        19  20
16  79  65  72  -2   0   7 0.19  0.0    0 12.0 21 170   M    M   9 18     26 150
17  82  62  72  -2   0   7 0.10  0.0    0 13.9 31 360   M    M   7 18     44  10
18  64  57  61 -13   4   0 0.08  0.0    0 10.9 22 360   M    M   9 1      27 360
19  72  60  66  -9   0   1 0.56  0.0    0  7.4 17 100   M    M   9 13     23 100
20  82  59  71  -4   0   6 0.00  0.0    0  5.0 10 130   M    M   5 18     13 220
21  85  63  74  -1   0   9 0.00  0.0    0  7.5 14 110   M    M   5        19 110
22  86  71  79   3   0  14 0.00  0.0    0 10.8 21 130   M    M   8        24 130
23  82  66  74  -2   0   9 0.19  0.0    0 12.2 23 140   M    M   9 13     30 140
24  87  74  81   5   0  16 0.01  0.0    0 13.7 23 170   M    M   9 18     33 170
================================================================================
SM 1930 1487        12 165  2.95     0.0 263.3          M      136
================================================================================
AV 80.4 62.0                              11.0 FASTST   M    M   6    MAX(MPH)
                                 MISC ---->  # 46 280               # 54  240
================================================================================
NOTES:
# LAST OF SEVERAL OCCURRENCES

COLUMN 17 PEAK WIND IN M.P.H.

PRELIMINARY LOCAL CLIMATOLOGICAL DATA (WS FORM: F-6) , PAGE 2

                                          STATION:  DALLAS FORT WORTH
                                          MONTH:    MAY
                                          YEAR:     2016
                                          LATITUDE:   32 54 N
                                          LONGITUDE:  97  2 W

[TEMPERATURE DATA]      [PRECIPITATION DATA]       SYMBOLS USED IN COLUMN 16

AVERAGE MONTHLY: 71.2   TOTAL FOR MONTH:   2.95    1 = FOG OR MIST
DPTR FM NORMAL:  -1.7   DPTR FM NORMAL:   -0.86    2 = FOG REDUCING VISIBILITY
HIGHEST:    93 ON 10    GRTST 24HR  0.60 ON  2- 2      TO 1/4 MILE OR LESS
LOWEST:     48 ON  3                               3 = THUNDER
                        SNOW, ICE PELLETS, HAIL    4 = ICE PELLETS
                        TOTAL MONTH:   0.0 INCH    5 = HAIL
                        GRTST 24HR     0.0         6 = FREEZING RAIN OR DRIZZLE
                        GRTST DEPTH:   0           7 = DUSTSTORM OR SANDSTORM:
                                                       VSBY 1/2 MILE OR LESS
                                                   8 = SMOKE OR HAZE
[NO. OF DAYS WITH]      [WEATHER - DAYS WITH]      9 = BLOWING SNOW
                                                   X = TORNADO
MAX 32 OR BELOW:   0    0.01 INCH OR MORE:  12
MAX 90 OR ABOVE:   2    0.10 INCH OR MORE:   9
MIN 32 OR BELOW:   0    0.50 INCH OR MORE:   3
MIN  0 OR BELOW:   0    1.00 INCH OR MORE:   0

[HDD (BASE 65) ]
TOTAL THIS MO.    12    CLEAR  (SCALE 0-3)   6
DPTR FM NORMAL     6    PTCLDY (SCALE 4-7)  10
TOTAL FM JUL 1  1592    CLOUDY (SCALE 8-10)  8
DPTR FM NORMAL  -690

[CDD (BASE 65) ]
TOTAL THIS MO.   165
DPTR FM NORMAL   -33    [PRESSURE DATA]
TOTAL FM JAN 1   337    HIGHEST SLP M ON M
DPTR FM NORMAL     1    LOWEST  SLP 29.57 ON  9

[REMARKS]
