000
CXUS55 KCYS 011000
CF6DGW
PRELIMINARY LOCAL CLIMATOLOGICAL DATA (WS FORM: F-6)

                                          STATION:   CONVERSE CO (DOUGLAS) WY ARPT
                                          MONTH:     AUGUST
                                          YEAR:      2015
                                          LATITUDE:   42 46 N
                                          LONGITUDE: 105 22 W

  TEMPERATURE IN F:       :PCPN:    SNOW:  WIND      :SUNSHINE: SKY     :PK WND
================================================================================
1   2   3   4   5  6A  6B    7    8   9   10  11  12  13   14  15   16   17  18
                                     12Z  AVG MX 2MIN
DY MAX MIN AVG DEP HDD CDD  WTR  SNW DPTH SPD SPD DIR MIN PSBL S-S WX    SPD DR
================================================================================

 1  96  54  75   3   0  10 0.00    M    M  7.1 15  10   M    M   0        19  30
 2  97  54  76   4   0  11 0.00    M    M  7.0 21 130   M    M   0        28 140
 3  90  56  73   1   0   8 0.00    M    M  6.1 22 160   M    M   0 38     26 170
 4  83  52  68  -4   0   3    T    M    M  3.9 21 300   M    M   4 3      25 300
 5  92  50  71  -1   0   6 0.05    M    M  5.9 29 300   M    M   1 3      40 300
 6  88  53  71  -1   0   6 0.00    M    M 10.4 24 290   M    M   1        44 280
 7  78  49  64  -8   1   0 0.00    M    M  5.9 22 320   M    M   3        27 320
 8  89  58  74   2   0   9 0.00    M    M 10.3 24 250   M    M   3        31 280
 9  86  47  67  -5   0   2 0.00    M    M  8.1 22 290   M    M   2        26 290
10  89  50  70  -1   0   5 0.00    M    M  7.9 23 140   M    M   1        32  90
11  94  61  78   7   0  13 0.00    M    M 12.6 21 150   M    M   0        25 140
12  93  58  76   5   0  11    T    M    M  5.8 17 310   M    M   2 1      24 270
13  95  57  76   5   0  11 0.00    M    M  8.4 20 350   M    M   1        24 340
14  98  56  77   6   0  12 0.07    M    M  9.2 29 150   M    M   1 3      38 140
15  99  59  79   8   0  14    T    M    M  8.6 22 290   M    M   1        30 280
16  83  56  70   0   0   5 0.00    M    M 11.6 24 140   M    M   0        31 140
17  75  50  63  -7   2   0 0.25    M    M 16.6 38 350   M    M   6 13     48 350
18  68  47  58 -12   7   0 0.14    M    0 12.7 24 290   M    M   7 1      30 290
19  74  43  59 -11   6   0 0.00    M    M  8.6 17 330   M    M   2        22 330
20  85  45  65  -4   0   0 0.00    M    M  8.2 21 300   M    M   1 8      26 290
21  93  45  69   0   0   4 0.00    M    M  9.4 28 260   M    M   0 18     40 270
22  72  39  56 -13   9   0 0.00    M    M 12.7 29 350   M    M   3 8      38 350
23  78  31  55 -13  10   0 0.00    M    M  4.5 13 120   M    M   0        16 120
24  89  41  65  -3   0   0 0.00    M    M  5.8 15  90   M    M   0        17 140
25  98  49  74   6   0   9 0.00    M    M  5.6 17 280   M    M   0        25 280
26  98  53  76   8   0  11 0.00    M    M  8.3 31 290   M    M   1        41 310
27  81  65  73   6   0   8 0.00    M    M 11.3 26 290   M    M   7        32 290
28  88  58  73   6   0   8 0.00    M    M  8.6 17 300   M    M   0 8      22 320
29  94  47  71   5   0   6 0.00    M    M  5.6 17 130   M    M   0 8      21 130
30  99  53  76  10   0  11    T    M    M  8.2 24 290   M    M   0 38     31 270
31  87  58  73   7   0   8    T    M    M  9.4 23 260   M    M   1        31 260
================================================================================
SM 2729 1594        35 191  0.51    M    264.3          M       48
================================================================================
AV 88.0 51.4                               8.5 FASTST   M    M   2    MAX(MPH)
                                 MISC ---->  # 38 350               # 48  350
================================================================================
NOTES:
# LAST OF SEVERAL OCCURRENCES

COLUMN 17 PEAK WIND IN M.P.H.

PRELIMINARY LOCAL CLIMATOLOGICAL DATA (WS FORM: F-6) , PAGE 2

                                          STATION:  CONVERSE CO (DOUGLAS) WY ARPT
                                          MONTH:    AUGUST
                                          YEAR:     2015
                                          LATITUDE:   42 46 N
                                          LONGITUDE: 105 22 W

[TEMPERATURE DATA]      [PRECIPITATION DATA]       SYMBOLS USED IN COLUMN 16

AVERAGE MONTHLY: 69.7   TOTAL FOR MONTH:   0.51    1 = FOG OR MIST
DPTR FM NORMAL:  -0.1   DPTR FM NORMAL:   -0.63    2 = FOG REDUCING VISIBILITY
HIGHEST:    99 ON 30,15 GRTST 24HR  0.27 ON 17-18      TO 1/4 MILE OR LESS
LOWEST:     31 ON 23                               3 = THUNDER
                        SNOW, ICE PELLETS, HAIL    4 = ICE PELLETS
                        TOTAL MONTH:    M          5 = HAIL
                        GRTST 24HR    M  ON   M    6 = FREEZING RAIN OR DRIZZLE
                        GRTST DEPTH:   0           7 = DUSTSTORM OR SANDSTORM:
                                                       VSBY 1/2 MILE OR LESS
                                                   8 = SMOKE OR HAZE
[NO. OF DAYS WITH]      [WEATHER - DAYS WITH]      9 = BLOWING SNOW
                                                   X = TORNADO
MAX 32 OR BELOW:   0    0.01 INCH OR MORE:   4
MAX 90 OR ABOVE:  14    0.10 INCH OR MORE:   2
MIN 32 OR BELOW:   1    0.50 INCH OR MORE:   0
MIN  0 OR BELOW:   0    1.00 INCH OR MORE:   0

[HDD (BASE 65) ]
TOTAL THIS MO.    35    CLEAR  (SCALE 0-3)  26
DPTR FM NORMAL     9    PTCLDY (SCALE 4-7)   5
TOTAL FM JUL 1    48    CLOUDY (SCALE 8-10)  0
DPTR FM NORMAL     7

[CDD (BASE 65) ]
TOTAL THIS MO.   191
DPTR FM NORMAL    15    [PRESSURE DATA]
TOTAL FM JAN 1   430    HIGHEST SLP 30.31 ON 22
DPTR FM NORMAL   -28    LOWEST  SLP 29.50 ON 21

[REMARKS]
#FINAL-08-15#
