000
CXUS55 KCYS 271000
CF6DGW
PRELIMINARY LOCAL CLIMATOLOGICAL DATA (WS FORM: F-6)

                                          STATION:   CONVERSE CO (DOUGLAS) WY ARPT
                                          MONTH:     JULY
                                          YEAR:      2015
                                          LATITUDE:   42 46 N
                                          LONGITUDE: 105 22 W

  TEMPERATURE IN F:       :PCPN:    SNOW:  WIND      :SUNSHINE: SKY     :PK WND
================================================================================
1   2   3   4   5  6A  6B    7    8   9   10  11  12  13   14  15   16   17  18
                                     12Z  AVG MX 2MIN
DY MAX MIN AVG DEP HDD CDD  WTR  SNW DPTH SPD SPD DIR MIN PSBL S-S WX    SPD DR
================================================================================

 1  89  58  74   5   0   9 0.19    M    M  8.8 31  50   M    M   1 3      40 300
 2  82  60  71   2   0   6 0.12    M    M  7.2 18  70   M    M   3 13     23  70
 3  86  55  71   2   0   6 0.04  0.0    0  8.7 22 170   M    M   2 13     30 170
 4  94  57  76   7   0  11 0.00    M    M  6.1 17  50   M    M   0        24  50
 5  88  56  72   2   0   7 0.12    M    M 11.4 28 330   M    M   4 1      35 360
 6  64  53  59 -11   6   0 0.10    M    M  7.2 14 150   M    M   8 18     18 340
 7  78  53  66  -4   0   1 0.26    M    M 10.1 18 280   M    M   4 138    23 270
 8  71  53  62  -8   3   0 0.00    M    M  9.5 20 150   M    M   6 13     25 150
 9  79  47  63  -7   2   0 0.01    M    M  8.9 17 150   M    M   2 13     22 130
10  85  54  70  -1   0   5 0.00    M    M  7.5 21 260   M    M   2 8      29 280
11  89  49  69  -2   0   4 0.00    M    M  9.4 26 270   M    M   0        32 270
12  92  53  73   2   0   8 0.00    M    M 11.3 30 280   M    M   0 8      38 270
13  93  49  71   0   0   6 0.00    M    M  7.4 21 280   M    M   0        26 270
14  88  52  70  -1   0   5 0.00    M    M  8.5 17 310   M    M   1        24 300
15  86  54  70  -1   0   5    T  0.0    0  7.8 46 290   M    M   1 3      64 290
16  92  51  72   0   0   7 0.00  0.0    0  8.9 22 290   M    M   1        30 270
17  83  54  69  -3   0   4 0.02    M    M  9.8 39 260   M    M   2 3      48 270
18  79  51  65  -7   0   0 0.03  0.0    0  7.0 15 160   M    M   0 3      18 340
19  86  49  68  -4   0   3    T    M    M 10.3 29 300   M    M   1        35 300
20  86  49  68  -4   0   3 0.00    M    M  7.0 18 170   M    M   1 8      24 190
21  81  56  69  -3   0   4    T    M    M  7.6 22 160   M    M   5        29 140
22  90  49  70  -2   0   5    T    M    M  7.1 25 190   M    M   2 13     31 200
23  94  56  75   3   0  10 0.00    M    M 11.4 29 290   M    M   0 8      36 280
24  94  50  72   0   0   7 0.00    M    M  4.4 12  90   M    M   0        17 270
25  94  54  74   2   0   9 0.00    M    M  7.7 23 320   M    M   0        29 310
26  96  50  73   1   0   8 0.00    M    M  8.1 23 300   M    M   0        31 290
================================================================================
SM 2239 1372        11 133  0.89     0.0 219.1          M       46
================================================================================
AV 86.1 52.8                               8.4 FASTST   M    M   2    MAX(MPH)
                                 MISC ---->  # 46 290               # 64  290
================================================================================
NOTES:
# LAST OF SEVERAL OCCURRENCES

COLUMN 17 PEAK WIND IN M.P.H.

PRELIMINARY LOCAL CLIMATOLOGICAL DATA (WS FORM: F-6) , PAGE 2

                                          STATION:  CONVERSE CO (DOUGLAS) WY ARPT
                                          MONTH:    JULY
                                          YEAR:     2015
                                          LATITUDE:   42 46 N
                                          LONGITUDE: 105 22 W

[TEMPERATURE DATA]      [PRECIPITATION DATA]       SYMBOLS USED IN COLUMN 16

AVERAGE MONTHLY: 69.4   TOTAL FOR MONTH:   0.89    1 = FOG OR MIST
DPTR FM NORMAL:  -1.5   DPTR FM NORMAL:   -0.29    2 = FOG REDUCING VISIBILITY
HIGHEST:    96 ON 26    GRTST 24HR  0.27 ON  1- 2      TO 1/4 MILE OR LESS
LOWEST:     47 ON  9                               3 = THUNDER
                        SNOW, ICE PELLETS, HAIL    4 = ICE PELLETS
                        TOTAL MONTH:   0.0 INCH    5 = HAIL
                        GRTST 24HR     0.0         6 = FREEZING RAIN OR DRIZZLE
                        GRTST DEPTH:   0           7 = DUSTSTORM OR SANDSTORM:
                                                       VSBY 1/2 MILE OR LESS
                                                   8 = SMOKE OR HAZE
[NO. OF DAYS WITH]      [WEATHER - DAYS WITH]      9 = BLOWING SNOW
                                                   X = TORNADO
MAX 32 OR BELOW:   0    0.01 INCH OR MORE:   9
MAX 90 OR ABOVE:   9    0.10 INCH OR MORE:   5
MIN 32 OR BELOW:   0    0.50 INCH OR MORE:   0
MIN  0 OR BELOW:   0    1.00 INCH OR MORE:   0

[HDD (BASE 65) ]
TOTAL THIS MO.    11    CLEAR  (SCALE 0-3)  21
DPTR FM NORMAL     2    PTCLDY (SCALE 4-7)   5
TOTAL FM JUL 1    11    CLOUDY (SCALE 8-10)  0
DPTR FM NORMAL     2

[CDD (BASE 65) ]
TOTAL THIS MO.   133
DPTR FM NORMAL   -34    [PRESSURE DATA]
TOTAL FM JAN 1   218    HIGHEST SLP M ON M
DPTR FM NORMAL   -26    LOWEST  SLP 29.66 ON 17

[REMARKS]
