000
CXUS54 KAMA 301015
CF6DHT
PRELIMINARY LOCAL CLIMATOLOGICAL DATA (WS FORM: F-6)

                                          STATION:   DALHART
                                          MONTH:     MARCH
                                          YEAR:      2017
                                          LATITUDE:   36  1 N
                                          LONGITUDE: 102 33 W

  TEMPERATURE IN F:       :PCPN:    SNOW:  WIND      :SUNSHINE: SKY     :PK WND
================================================================================
1   2   3   4   5  6A  6B    7    8   9   10  11  12  13   14  15   16   17  18
                                     12Z  AVG MX 2MIN
DY MAX MIN AVG DEP HDD CDD  WTR  SNW DPTH SPD SPD DIR MIN PSBL S-S WX    SPD DR
================================================================================

 1  53  16  35  -6  30   0 0.00  0.0    0  7.3 18  10   M    M   0        23  10
 2  57  19  38  -4  27   0 0.00  0.0    0 10.1 30  10   M    M   0        36  10
 3  67  18  43   1  22   0 0.00  0.0    0 14.6 33 210   M    M   0 8      41 200
 4  77  31  54  12  11   0 0.00  0.0    0 15.5 30 210   M    M   0        37 200
 5  80  32  56  14   9   0 0.00  0.0    0 17.6 35 210   M    M   0        43 210
 6  73  36  55  12  10   0 0.00  0.0    0 22.3 45 240   M    M   0 8      59 240
 7  65  17  41  -2  24   0 0.00  0.0    0 11.2 22 170   M    M   0 8      29 170
 8  77  26  52   9  13   0 0.00  0.0    0  8.8 16 270   M    M   0 8      22 310
 9  82  34  58  14   7   0 0.00  0.0    0  6.9 15 220   M    M   0 8      20 220
10  54  33  44   0  21   0 0.00  0.0    0 13.6 28  30   M    M   5        35  50
11  44  28  36  -8  29   0 0.00  0.0    0 11.5 25  40   M    M   6 8      31  40
12  71  20  46   2  19   0 0.00  0.0    0 16.6 39  10   M    M   2 18     48  10
13  62  33  48   3  17   0 0.00  0.0    0 10.7 21 220   M    M   0        27 190
14  80  30  55  10  10   0 0.00  0.0    0 10.8 25  70   M    M   0 8      30  70
15  76  28  52   7  13   0 0.00  0.0    0 11.0 20 200   M    M   1        23 190
16  88  34  61  16   4   0 0.00  0.0    0  7.5 28 280   M    M   0 8      36 280
17  76  46  61  15   4   0 0.00  0.0    0 13.8 26  20   M    M   0        32  20
18  84  38  61  15   4   0 0.00  0.0    0 10.2 25 170   M    M   2 8      30 190
19  92  41  67  21   0   2 0.00  0.0    0 11.2 25 240   M    M   0        33 240
20  88  43  66  20   0   1 0.00  0.0    0  8.3 17 360   M    M   0        21 290
21  73  45  59  12   6   0 0.00  0.0    0 13.4 22  10   M    M   0        27  10
22  73  38  56   9   9   0 0.00  0.0    M 15.5 24 170   M    M   0 8      31 170
23  88  48  68  21   0   3 0.20  0.0    0 19.1 38 190   M    M   2 138    48 190
24  52  41  47   0  18   0 0.04  0.0    0 27.9 51 330   M    M   5 1      64 330
25  70  31  51   3  14   0 0.00  0.0    0  9.3 17 340   M    M   0        22 330
26  70  35  53   5  12   0 0.00  0.0    0 13.7 28 300   M    M   1 8      35 300
27  71  31  51   3  14   0 0.00  0.0    0 10.9 23 140   M    M   0        30 160
28  54  44  49   1  16   0 0.91  0.0    0 14.2 30  20   M    M   9 13     37  10
29  50  36  43  -6  22   0 0.14  0.0    0 21.9 40 360   M    M   7 1      49 360
================================================================================
SM 2047  952       385   6  1.29     0.0 385.4          M       40
================================================================================
AV 70.6 32.8                              13.3 FASTST   M    M   1    MAX(MPH)
                                 MISC ---->  # 51 330               # 64  330
================================================================================
NOTES:
# LAST OF SEVERAL OCCURRENCES

COLUMN 17 PEAK WIND IN M.P.H.

PRELIMINARY LOCAL CLIMATOLOGICAL DATA (WS FORM: F-6) , PAGE 2

                                          STATION:  DALHART
                                          MONTH:    MARCH
                                          YEAR:     2017
                                          LATITUDE:   36  1 N
                                          LONGITUDE: 102 33 W

[TEMPERATURE DATA]      [PRECIPITATION DATA]       SYMBOLS USED IN COLUMN 16

AVERAGE MONTHLY: 51.7   TOTAL FOR MONTH:   1.29    1 = FOG OR MIST
DPTR FM NORMAL:   6.6   DPTR FM NORMAL:    0.21    2 = FOG REDUCING VISIBILITY
HIGHEST:    92 ON 19    GRTST 24HR  0.91 ON 28-28      TO 1/4 MILE OR LESS
LOWEST:     16 ON  1                               3 = THUNDER
                        SNOW, ICE PELLETS, HAIL    4 = ICE PELLETS
                        TOTAL MONTH:   0.0 INCH    5 = HAIL
                        GRTST 24HR     0.0         6 = FREEZING RAIN OR DRIZZLE
                        GRTST DEPTH:   0           7 = DUSTSTORM OR SANDSTORM:
                                                       VSBY 1/2 MILE OR LESS
                                                   8 = SMOKE OR HAZE
[NO. OF DAYS WITH]      [WEATHER - DAYS WITH]      9 = BLOWING SNOW
                                                   X = TORNADO
MAX 32 OR BELOW:   0    0.01 INCH OR MORE:   4
MAX 90 OR ABOVE:   1    0.10 INCH OR MORE:   3
MIN 32 OR BELOW:  13    0.50 INCH OR MORE:   1
MIN  0 OR BELOW:   0    1.00 INCH OR MORE:   0

[HDD (BASE 65) ]
TOTAL THIS MO.   385    CLEAR  (SCALE 0-3)  24
DPTR FM NORMAL  -195    PTCLDY (SCALE 4-7)   4
TOTAL FM JUL 1  3202    CLOUDY (SCALE 8-10)  1
DPTR FM NORMAL -1021

[CDD (BASE 65) ]
TOTAL THIS MO.     6
DPTR FM NORMAL     6    [PRESSURE DATA]
TOTAL FM JAN 1     6    HIGHEST SLP M ON M
DPTR FM NORMAL     6    LOWEST  SLP 29.42 ON 23

[REMARKS]
