000
CXUS54 KAMA 251015
CF6DHT
PRELIMINARY LOCAL CLIMATOLOGICAL DATA (WS FORM: F-6)

                                          STATION:   DALHART
                                          MONTH:     MAY
                                          YEAR:      2016
                                          LATITUDE:   36  1 N
                                          LONGITUDE: 102 33 W

  TEMPERATURE IN F:       :PCPN:    SNOW:  WIND      :SUNSHINE: SKY     :PK WND
================================================================================
1   2   3   4   5  6A  6B    7    8   9   10  11  12  13   14  15   16   17  18
                                     12Z  AVG MX 2MIN
DY MAX MIN AVG DEP HDD CDD  WTR  SNW DPTH SPD SPD DIR MIN PSBL S-S WX    SPD DR
================================================================================

 1  45  38  42 -16  23   0 0.16  0.0    0 19.5 36  10   M    M  10 1      45 360
 2  63  34  49 -10  16   0 0.00  0.0    0  6.8 13 360   M    M   2        17 360
 3  71  36  54  -5  11   0 0.00  0.0    0 11.0 29 340   M    M   2        35 340
 4  78  41  60   0   5   0 0.00  0.0    0  7.4 14  20   M    M   0        18  40
 5  85  42  64   4   1   0 0.00  0.0    0 10.2 18 140   M    M   0        23 190
 6  84  42  63   3   2   0 0.00  0.0    0 17.3 32 150   M    M   0        40 160
 7  84  43  64   4   1   0 0.00    M    0 15.5 31 210   M    M   0 8      39 220
 8  79  40  60  -1   5   0 0.00  0.0    0 13.1 36 220   M    M   0 8      45 220
 9  79  38  59  -2   6   0 0.00  0.0    0 11.0 25 270   M    M   1        34 270
10  86  42  64   2   1   0 0.00  0.0    0 10.8 28 350   M    M   0 8      38 330
11  75  51  63   1   2   0 0.49  0.0    0 17.3 33  10   M    M   2 13     40  10
12  71  47  59  -3   6   0 0.00  0.0    0  9.4 20  30   M    M   1        24  20
13  86  49  68   6   0   3 0.00  0.0    0 14.1 31  50   M    M   0        37  50
14  64  44  54  -9  11   0    T  0.0    0 13.5 29  30   M    M   6        37  30
15  57  48  53 -10  12   0 0.10  0.0    0 15.5 25 160   M    M  10 13     28 160
16  74  49  62  -1   3   0 0.68  0.0    0 14.0 33  40   M    M   6 123    45  50
17  53  47  50 -14  15   0 0.01  0.0    0 17.6 28  10   M    M  10 18     33 360
18  61  45  53 -11  12   0 0.00  0.0    0  8.4 17  40   M    M   9 1      20  30
19  67  50  59  -5   6   0 0.02  0.0    0 11.1 18 170   M    M   7 1      23 160
20  84  50  67   2   0   2 0.00  0.0    0 11.5 18 210   M    M   2 1      24 200
21  86  58  72   7   0   7 0.87  0.0    0 17.7 43 220   M    M   0 1238   51 150
22  86  61  74   9   0   9 0.02  0.0    0 16.3 30 140   M    M   3 1238   37 140
23  86  56  71   5   0   6 0.00  0.0    0 10.2 26 160   M    M   3 12     34 170
24  89  54  72   6   0   7 0.00  0.0    0 12.2 25 170   M    M   0 18     31 160
================================================================================
SM 1793 1105       138  34  2.35     0.0 311.4          M       74
================================================================================
AV 74.7 46.0                              13.0 FASTST   M    M   3    MAX(MPH)
                                 MISC ---->  # 43 220               # 51  150
================================================================================
NOTES:
# LAST OF SEVERAL OCCURRENCES

COLUMN 17 PEAK WIND IN M.P.H.

PRELIMINARY LOCAL CLIMATOLOGICAL DATA (WS FORM: F-6) , PAGE 2

                                          STATION:  DALHART
                                          MONTH:    MAY
                                          YEAR:     2016
                                          LATITUDE:   36  1 N
                                          LONGITUDE: 102 33 W

[TEMPERATURE DATA]      [PRECIPITATION DATA]       SYMBOLS USED IN COLUMN 16

AVERAGE MONTHLY: 60.4   TOTAL FOR MONTH:   2.35    1 = FOG OR MIST
DPTR FM NORMAL:  -1.9   DPTR FM NORMAL:    0.69    2 = FOG REDUCING VISIBILITY
HIGHEST:    89 ON 24    GRTST 24HR  0.87 ON 21-21      TO 1/4 MILE OR LESS
LOWEST:     34 ON  2                               3 = THUNDER
                        SNOW, ICE PELLETS, HAIL    4 = ICE PELLETS
                        TOTAL MONTH:   0.0 INCH    5 = HAIL
                        GRTST 24HR     0.0         6 = FREEZING RAIN OR DRIZZLE
                        GRTST DEPTH:   0           7 = DUSTSTORM OR SANDSTORM:
                                                       VSBY 1/2 MILE OR LESS
                                                   8 = SMOKE OR HAZE
[NO. OF DAYS WITH]      [WEATHER - DAYS WITH]      9 = BLOWING SNOW
                                                   X = TORNADO
MAX 32 OR BELOW:   0    0.01 INCH OR MORE:   8
MAX 90 OR ABOVE:   0    0.10 INCH OR MORE:   5
MIN 32 OR BELOW:   0    0.50 INCH OR MORE:   2
MIN  0 OR BELOW:   0    1.00 INCH OR MORE:   0

[HDD (BASE 65) ]
TOTAL THIS MO.   138    CLEAR  (SCALE 0-3)  16
DPTR FM NORMAL    35    PTCLDY (SCALE 4-7)   4
TOTAL FM JUL 1  3844    CLOUDY (SCALE 8-10)  4
DPTR FM NORMAL  -861

[CDD (BASE 65) ]
TOTAL THIS MO.    34
DPTR FM NORMAL    -5    [PRESSURE DATA]
TOTAL FM JAN 1    36    HIGHEST SLP M ON M
DPTR FM NORMAL    -9    LOWEST  SLP 29.47 ON  9

[REMARKS]
