000
CXUS53 KDLH 170644
CF6DLH
PRELIMINARY LOCAL CLIMATOLOGICAL DATA (WS FORM: F-6)

                                          STATION:   DULUTH
                                          MONTH:     NOVEMBER
                                          YEAR:      2017
                                          LATITUDE:   46 49 N
                                          LONGITUDE:  92 11 W

  TEMPERATURE IN F:       :PCPN:    SNOW:  WIND      :SUNSHINE: SKY     :PK WND
================================================================================
1   2   3   4   5  6A  6B    7    8   9   10  11  12  13   14  15   16   17  18
                                     12Z  AVG MX 2MIN
DY MAX MIN AVG DEP HDD CDD  WTR  SNW DPTH SPD SPD DIR MIN PSBL S-S WX    SPD DR
================================================================================

 1  31  21  26 -10  39   0 0.39  4.4    3 10.7 18 120   M    M   8 18     23 130
 2  34  28  31  -5  34   0 0.00  0.0    6  8.6 21 310   M    M  10 1      27 310
 3  30  25  28  -8  37   0 0.22  2.1    4  7.9 20 340   M    M   9 1      23 330
 4  34  30  32  -3  33   0 0.28  1.1    7 11.6 18 120   M    M  10 1      22 120
 5  34  23  29  -5  36   0 0.01    T    5 13.6 24 300   M    M   7 1      34 310
 6  30  15  23 -11  42   0 0.00  0.0    3 11.7 20 270   M    M   5 8      25 310
 7  25   9  17 -17  48   0 0.00  0.0    3 11.2 20 280   M    M   2 8      23 280
 8  28  17  23 -10  42   0 0.05  0.6    3  9.3 16 290   M    M   6 1      20 340
 9  18   0   9 -23  56   0    T  0.2    4 12.2 24 310   M    M   6 189    33 320
10  18  -5   7 -25  58   0 0.14  1.0    4  9.2 18 150   M    M   6 1      23 160
11  35  16  26  -5  39   0    T    T    5  9.1 18 260   M    M   8 16     22 210
12  29  20  25  -6  40   0 0.00  0.0    5  5.0 14 290   M    M   9        17 290
13  34  18  26  -4  39   0    T  0.0    5  7.2 17 110   M    M   7 1      23 100
14  36  32  34   4  31   0    T  0.0    5  8.2 15 200   M    M  10 12     19 190
15  36  23  30   1  35   0 0.03    T    2 13.8 24 330   M    M  10 126    37 220
16  28  17  23  -5  42   0 0.03  0.6    2 11.9 22 120   M    M   9 1      29 340
================================================================================
SM  480  289       651   0  1.15    10.0 161.2          M      122
================================================================================
AV 30.0 18.1                              10.1 FASTST   M    M   8    MAX(MPH)
                                 MISC ---->  # 24 300               # 37  220
================================================================================
NOTES:
# LAST OF SEVERAL OCCURRENCES

COLUMN 17 PEAK WIND IN M.P.H.

PRELIMINARY LOCAL CLIMATOLOGICAL DATA (WS FORM: F-6) , PAGE 2

                                          STATION:  DULUTH
                                          MONTH:    NOVEMBER
                                          YEAR:     2017
                                          LATITUDE:   46 49 N
                                          LONGITUDE:  92 11 W

[TEMPERATURE DATA]      [PRECIPITATION DATA]       SYMBOLS USED IN COLUMN 16

AVERAGE MONTHLY: 24.0   TOTAL FOR MONTH:   1.15    1 = FOG OR MIST
DPTR FM NORMAL:  -8.5   DPTR FM NORMAL:   -0.04    2 = FOG REDUCING VISIBILITY
HIGHEST:    36 ON 15,14 GRTST 24HR  0.39 ON  1- 1      TO 1/4 MILE OR LESS
LOWEST:     -5 ON 10                               3 = THUNDER
                        SNOW, ICE PELLETS, HAIL    4 = ICE PELLETS
                        TOTAL MONTH:  10.0 INCHES  5 = HAIL
                        GRTST 24HR   4.4 ON  1- 1  6 = FREEZING RAIN OR DRIZZLE
                        GRTST DEPTH:   7 ON  4     7 = DUSTSTORM OR SANDSTORM:
                                                       VSBY 1/2 MILE OR LESS
                                                   8 = SMOKE OR HAZE
[NO. OF DAYS WITH]      [WEATHER - DAYS WITH]      9 = BLOWING SNOW
                                                   X = TORNADO
MAX 32 OR BELOW:   9    0.01 INCH OR MORE:   8
MAX 90 OR ABOVE:   0    0.10 INCH OR MORE:   4
MIN 32 OR BELOW:  16    0.50 INCH OR MORE:   0
MIN  0 OR BELOW:   2    1.00 INCH OR MORE:   0

[HDD (BASE 65) ]
TOTAL THIS MO.   651    CLEAR  (SCALE 0-3)   1
DPTR FM NORMAL   131    PTCLDY (SCALE 4-7)   7
TOTAL FM JUL 1  1627    CLOUDY (SCALE 8-10)  8
DPTR FM NORMAL   -18

[CDD (BASE 65) ]
TOTAL THIS MO.     0
DPTR FM NORMAL     0    [PRESSURE DATA]
TOTAL FM JAN 1   126    HIGHEST SLP M ON M
DPTR FM NORMAL   -78    LOWEST  SLP 29.74 ON  1

[REMARKS]
