000
CXUS53 KDLH 230644
CF6DLH
PRELIMINARY LOCAL CLIMATOLOGICAL DATA (WS FORM: F-6)

                                          STATION:   DULUTH
                                          MONTH:     JANUARY
                                          YEAR:      2018
                                          LATITUDE:   46 49 N
                                          LONGITUDE:  92 11 W

  TEMPERATURE IN F:       :PCPN:    SNOW:  WIND      :SUNSHINE: SKY     :PK WND
================================================================================
1   2   3   4   5  6A  6B    7    8   9   10  11  12  13   14  15   16   17  18
                                     12Z  AVG MX 2MIN
DY MAX MIN AVG DEP HDD CDD  WTR  SNW DPTH SPD SPD DIR MIN PSBL S-S WX    SPD DR
================================================================================

 1   2 -19  -8 -19  73   0 0.00  0.0    5 11.8 20 280   M    M   1        24 280
 2   8  -8   0 -11  65   0 0.02  0.4    5 15.3 24 250   M    M   5 1      30 280
 3   0 -11  -5 -16  70   0    T    T    5 10.7 17 350   M    M   1 8      23 340
 4   1 -17  -8 -18  73   0 0.00  0.0    5  8.6 15 360   M    M   0        21 350
 5   1 -20  -9 -19  74   0 0.00  0.0    5  9.3 18 350   M    M   0        23 360
 6  10 -22  -6 -16  71   0    T    T    5 10.4 23 220   M    M   3 8      31 220
 7  27  10  19   9  46   0 0.01    T    5 15.0 28 240   M    M   9 1      36 220
 8  29  12  21  11  44   0 0.00  0.0    5 11.5 24 300   M    M   2        33 320
 9  33   5  19   9  46   0 0.00  0.0    5 11.3 20 100   M    M   3        23 110
10  35  32  34  24  31   0    T  0.0    5  9.5 22 200   M    M   7 12     28 200
11  32  -8  12   2  53   0 0.27  3.2    5 17.1 29 350   M    M   9 12689  40 350
12  -2 -19 -10 -20  75   0 0.00  0.0    8 11.9 17 340   M    M   0        24 330
13   1 -18  -8 -18  73   0 0.00  0.0    8  8.7 15 320   M    M   0        19 310
14   4 -13  -4 -14  69   0 0.11  1.8    7  8.3 15 180   M    M   6 18     19 180
15   8   0   4  -6  61   0 0.02  0.8    9 16.1 22 350   M    M  10 189    29 340
16  10  -5   3  -7  62   0    T    T    9 11.4 17 260   M    M   3 19     21 260
17  27   2  15   5  50   0 0.00  0.0    8 17.3 28 270   M    M   1        34 260
18  35  20  28  18  37   0 0.00  0.0    7 10.0 18 290   M    M   4        24 280
19  40  26  33  23  32   0 0.00  0.0    7 10.8 17 300   M    M   2        23 310
20  41  26  34  24  31   0 0.00  0.0    7  7.2 16 320   M    M   2        23 310
21  36  23  30  20  35   0 0.02  0.5    7  7.3 17  80   M    M   4 12     24  90
22  28  14  21  11  44   0 0.07  0.5    8 14.9 23  60   M    M  10 16     29  70
================================================================================
SM  406   10      1215   0  0.52     7.2 254.4          M       82
================================================================================
AV 18.5  0.5                              11.6 FASTST   M    M   4    MAX(MPH)
                                 MISC ---->  # 29 350               # 40  350
================================================================================
NOTES:
# LAST OF SEVERAL OCCURRENCES

COLUMN 17 PEAK WIND IN M.P.H.

PRELIMINARY LOCAL CLIMATOLOGICAL DATA (WS FORM: F-6) , PAGE 2

                                          STATION:  DULUTH
                                          MONTH:    JANUARY
                                          YEAR:     2018
                                          LATITUDE:   46 49 N
                                          LONGITUDE:  92 11 W

[TEMPERATURE DATA]      [PRECIPITATION DATA]       SYMBOLS USED IN COLUMN 16

AVERAGE MONTHLY:  9.5   TOTAL FOR MONTH:   0.52    1 = FOG OR MIST
DPTR FM NORMAL:  -0.7   DPTR FM NORMAL:   -0.20    2 = FOG REDUCING VISIBILITY
HIGHEST:    41 ON 20    GRTST 24HR  0.27 ON 11-11      TO 1/4 MILE OR LESS
LOWEST:    -22 ON  6                               3 = THUNDER
                        SNOW, ICE PELLETS, HAIL    4 = ICE PELLETS
                        TOTAL MONTH:   7.2 INCHES  5 = HAIL
                        GRTST 24HR   3.2 ON 11-11  6 = FREEZING RAIN OR DRIZZLE
                        GRTST DEPTH:   9 ON 16,15  7 = DUSTSTORM OR SANDSTORM:
                                                       VSBY 1/2 MILE OR LESS
                                                   8 = SMOKE OR HAZE
[NO. OF DAYS WITH]      [WEATHER - DAYS WITH]      9 = BLOWING SNOW
                                                   X = TORNADO
MAX 32 OR BELOW:  16    0.01 INCH OR MORE:   7
MAX 90 OR ABOVE:   0    0.10 INCH OR MORE:   2
MIN 32 OR BELOW:  22    0.50 INCH OR MORE:   0
MIN  0 OR BELOW:  12    1.00 INCH OR MORE:   0

[HDD (BASE 65) ]
TOTAL THIS MO.  1215    CLEAR  (SCALE 0-3)  12
DPTR FM NORMAL     8    PTCLDY (SCALE 4-7)   6
TOTAL FM JUL 1  5044    CLOUDY (SCALE 8-10)  4
DPTR FM NORMAL    68

[CDD (BASE 65) ]
TOTAL THIS MO.     0
DPTR FM NORMAL     0    [PRESSURE DATA]
TOTAL FM JAN 1     0    HIGHEST SLP M ON M
DPTR FM NORMAL     0    LOWEST  SLP 29.42 ON 19

[REMARKS]
