000
CXUS54 KEPZ 301200
CF6DMN
PRELIMINARY LOCAL CLIMATOLOGICAL DATA (WS FORM: F-6)

                                          STATION:   DEMING
                                          MONTH:     OCTOBER
                                          YEAR:      2014
                                          LATITUDE:   32 15 N
                                          LONGITUDE: 107 42 W

  TEMPERATURE IN F:       :PCPN:    SNOW:  WIND      :SUNSHINE: SKY     :PK WND
================================================================================
1   2   3   4   5  6A  6B    7    8   9   10  11  12  13   14  15   16   17  18
                                     12Z  AVG MX 2MIN
DY MAX MIN AVG DEP HDD CDD  WTR  SNW DPTH SPD SPD DIR MIN PSBL S-S WX    SPD DR
================================================================================

 1  81  49  65  -3   0   0 0.00  0.0    0  8.8 22 280   M    M   0        29 250
 2  81  49  65  -2   0   0 0.00  0.0    0  4.9 13  50   M    M   0        20  40
 3  83  45  64  -3   1   0 0.00  0.0    0  4.2 17  80   M    M   0        21  70
 4  87  43  65  -1   0   0 0.00  0.0    0  6.9 22 270   M    M   0        28 270
 5  86  50  68   2   0   3 0.00  0.0    0  9.3 23 340   M    M   0        30 270
 6  82  48  65  -1   0   0 0.00  0.0    0  5.4 15 240   M    M   0        19 240
 7  85  49  67   2   0   2 0.00  0.0    0  7.3 16 250   M    M   0        20 250
 8  82  61  72   7   0   7    T  0.0    0  8.9 26 280   M    M   5        35 290
 9  79  58  69   5   0   4 0.04  0.0    0  9.5 24 270   M    M   4        32 280
10  78  51  65   1   0   0 0.01  0.0    0  6.5 18 310   M    M   2 3      24 300
11  76  49  63  -1   2   0 0.00  0.0    0  5.0 12  90   M    M   0        14  90
12  80  47  64   1   1   0 0.00  0.0    0 12.9 37 270   M    M   0 8      47 280
13  72  44  58  -5   7   0 0.00  0.0    0  5.6 15  80   M    M   0        22  30
14  76  41  59  -3   6   0 0.00  0.0    0  6.4 14  80   M    M   0        17  80
15  81  40  61  -1   4   0 0.00  0.0    0  5.2 12  80   M    M   0        14  80
16  84  46  65   3   0   0 0.00  0.0    0  6.4 21 270   M    M   0        29 280
17  84  48  66   5   0   1 0.00  0.0    0  6.5 24 280   M    M   0        31 290
18  80  49  65   4   0   0    T    M    0  9.0 23  90   M    M   2 3      29  80
19  75  55  65   5   0   0 0.18  0.0    0 13.5 30  40   M    M   3 13     37  50
20  72  52  62   2   3   0 0.08  0.0    0  7.8 17 170   M    M   3 1      22 160
21  72  51  62   2   3   0 0.04  0.0    0  6.4 12  80   M    M   3 1      18  80
22  75  51  63   4   2   0 0.00  0.0    0  5.1 12  80   M    M   0        13  60
23  79  48  64   5   1   0 0.00  0.0    0  3.1  8 210   M    M   0        12 150
24  82  45  64   6   1   0 0.00  0.0    0  2.7  8 230   M    M   0        11 220
25  84  45  65   7   0   0 0.00  0.0    0  4.5 16 270   M    M   0        20 270
26  85  49  67   9   0   2 0.00  0.0    0  6.0 21 260   M    M   0        27 270
27  76  52  64   7   1   0 0.00  0.0    0  8.8 20 250   M    M   0        24 250
28  76  42  59   2   6   0    T    M    0  4.2 12 320   M    M   0        16 270
29  78  43  61   5   4   0 0.00  0.0    0  4.2 10  80   M    M   0        14  70
================================================================================
SM 2311 1400        42  19  0.35     0.0 195.0          M       22
================================================================================
AV 79.7 48.3                               6.7 FASTST   M    M   1    MAX(MPH)
                                 MISC ---->  # 37 270               # 47  280
================================================================================
NOTES:
# LAST OF SEVERAL OCCURRENCES

COLUMN 17 PEAK WIND IN M.P.H.

PRELIMINARY LOCAL CLIMATOLOGICAL DATA (WS FORM: F-6) , PAGE 2

                                          STATION:  DEMING
                                          MONTH:    OCTOBER
                                          YEAR:     2014
                                          LATITUDE:   32 15 N
                                          LONGITUDE: 107 42 W

[TEMPERATURE DATA]      [PRECIPITATION DATA]       SYMBOLS USED IN COLUMN 16

AVERAGE MONTHLY: 64.0   TOTAL FOR MONTH:   0.35    1 = FOG OR MIST
DPTR FM NORMAL:   2.0   DPTR FM NORMAL:   -0.66    2 = FOG REDUCING VISIBILITY
HIGHEST:    87 ON  4    GRTST 24HR  0.18 ON 19-19      TO 1/4 MILE OR LESS
LOWEST:     40 ON 15                               3 = THUNDER
                        SNOW, ICE PELLETS, HAIL    4 = ICE PELLETS
                        TOTAL MONTH:   0.0 INCH    5 = HAIL
                        GRTST 24HR     0.0         6 = FREEZING RAIN OR DRIZZLE
                        GRTST DEPTH:   0           7 = DUSTSTORM OR SANDSTORM:
                                                       VSBY 1/2 MILE OR LESS
                                                   8 = SMOKE OR HAZE
[NO. OF DAYS WITH]      [WEATHER - DAYS WITH]      9 = BLOWING SNOW
                                                   X = TORNADO
MAX 32 OR BELOW:   0    0.01 INCH OR MORE:   5
MAX 90 OR ABOVE:   0    0.10 INCH OR MORE:   1
MIN 32 OR BELOW:   0    0.50 INCH OR MORE:   0
MIN  0 OR BELOW:   0    1.00 INCH OR MORE:   0

[HDD (BASE 65) ]
TOTAL THIS MO.    42    CLEAR  (SCALE 0-3)  27
DPTR FM NORMAL   -80    PTCLDY (SCALE 4-7)   2
TOTAL FM JUL 1    42    CLOUDY (SCALE 8-10)  0
DPTR FM NORMAL   -85

[CDD (BASE 65) ]
TOTAL THIS MO.    19
DPTR FM NORMAL   -13    [PRESSURE DATA]
TOTAL FM JAN 1  1832    HIGHEST SLP M ON M
DPTR FM NORMAL   134    LOWEST  SLP 29.58 ON 12

[REMARKS]
