000
CXUS54 KEPZ 281200
CF6DMN
PRELIMINARY LOCAL CLIMATOLOGICAL DATA (WS FORM: F-6)

                                          STATION:   DEMING
                                          MONTH:     MAY
                                          YEAR:      2016
                                          LATITUDE:   32 15 N
                                          LONGITUDE: 107 42 W

  TEMPERATURE IN F:       :PCPN:    SNOW:  WIND      :SUNSHINE: SKY     :PK WND
================================================================================
1   2   3   4   5  6A  6B    7    8   9   10  11  12  13   14  15   16   17  18
                                     12Z  AVG MX 2MIN
DY MAX MIN AVG DEP HDD CDD  WTR  SNW DPTH SPD SPD DIR MIN PSBL S-S WX    SPD DR
================================================================================

 1  75  45  60  -5   5   0    T    M    0 11.5 29  60   M    M   3        36  60
 2  71  40  56  -9   9   0 0.00  0.0    0  9.0 22  80   M    M   0        27  80
 3  82  48  65  -1   0   0 0.00  0.0    0  8.2 17  60   M    M   0        22  50
 4  85  52  69   3   0   4 0.00  0.0    0  8.7 18 100   M    M   0        25 120
 5  90  57  74   8   0   9 0.00  0.0    0 11.2 20 150   M    M   0        29 130
 6  88  44  66   0   0   1 0.00  0.0    0 12.1 37 220   M    M   1 8      49 220
 7  79  49  64  -3   1   0 0.00  0.0    0 11.9 24 250   M    M   0        32 260
 8  75  44  60  -7   5   0 0.00  0.0    0 12.0 26 250   M    M   0        33 240
 9  78  42  60  -7   5   0 0.00  0.0    0 13.8 28 270   M    M   0        37 290
10  84  48  66  -2   0   1 0.00  0.0    0 11.2 22 280   M    M   0        29 260
11  87  53  70   2   0   5 0.00  0.0    0  9.2 17 220   M    M   0        24 270
12  90  60  75   7   0  10 0.00  0.0    0 11.6 25  30   M    M   0        33  30
13  93  61  77   9   0  12 0.00  0.0    0  7.0 16 220   M    M   0        23 220
14  89  58  74   5   0   9 0.00  0.0    0  9.7 24 200   M    M   2 8      30 210
15  90  60  75   6   0  10 0.00  0.0    0 12.7 29 250   M    M   1        38 240
16  87  52  70   1   0   5 0.00  0.0    0 13.2 29 260   M    M   2        39 250
17  80  54  67  -3   0   2 0.03  0.0    0 12.5 32  50   M    M   3 8      40  40
18  76  48  62  -8   3   0 0.07    M    0 13.1 22  60   M    M   2 8      33  60
19  81  43  62  -8   3   0 0.00  0.0    0  4.7 17 260   M    M   1        21 240
20  90  48  69  -1   0   4 0.00  0.0    0  7.0 21 190   M    M   0        28 190
21  89  50  70  -1   0   5 0.00  0.0    0 10.2 23 270   M    M   0        30 260
22  88  50  69  -2   0   4 0.00  0.0    0 11.1 25 250   M    M   0        35 240
23  89  55  72   1   0   7 0.00  0.0    0 11.7 25 270   M    M   0        34 240
24  88  47  68  -3   0   3 0.00  0.0    0 10.1 28 250   M    M   0        37 210
25  89  49  69  -3   0   4 0.00  0.0    0 12.3 29 240   M    M   0 8      43 230
26  80  51  66  -6   0   1 0.00  0.0    0 13.2 26 270   M    M   0        35 280
27  82  48  65  -7   0   0 0.00  0.0    0 10.9 25 270   M    M   0        34 290
================================================================================
SM 2275 1356        31  96  0.10     0.0 289.8          M       15
================================================================================
AV 84.3 50.2                              10.7 FASTST   M    M   1    MAX(MPH)
                                 MISC ---->  # 37 220               # 49  220
================================================================================
NOTES:
# LAST OF SEVERAL OCCURRENCES

COLUMN 17 PEAK WIND IN M.P.H.

PRELIMINARY LOCAL CLIMATOLOGICAL DATA (WS FORM: F-6) , PAGE 2

                                          STATION:  DEMING
                                          MONTH:    MAY
                                          YEAR:     2016
                                          LATITUDE:   32 15 N
                                          LONGITUDE: 107 42 W

[TEMPERATURE DATA]      [PRECIPITATION DATA]       SYMBOLS USED IN COLUMN 16

AVERAGE MONTHLY: 67.2   TOTAL FOR MONTH:   0.10    1 = FOG OR MIST
DPTR FM NORMAL:  -1.4   DPTR FM NORMAL:   -0.31    2 = FOG REDUCING VISIBILITY
HIGHEST:    93 ON 13    GRTST 24HR  0.07 ON 18-18      TO 1/4 MILE OR LESS
LOWEST:     40 ON  2                               3 = THUNDER
                        SNOW, ICE PELLETS, HAIL    4 = ICE PELLETS
                        TOTAL MONTH:   0.0 INCH    5 = HAIL
                        GRTST 24HR     0.0         6 = FREEZING RAIN OR DRIZZLE
                        GRTST DEPTH:   0           7 = DUSTSTORM OR SANDSTORM:
                                                       VSBY 1/2 MILE OR LESS
                                                   8 = SMOKE OR HAZE
[NO. OF DAYS WITH]      [WEATHER - DAYS WITH]      9 = BLOWING SNOW
                                                   X = TORNADO
MAX 32 OR BELOW:   0    0.01 INCH OR MORE:   2
MAX 90 OR ABOVE:   5    0.10 INCH OR MORE:   0
MIN 32 OR BELOW:   0    0.50 INCH OR MORE:   0
MIN  0 OR BELOW:   0    1.00 INCH OR MORE:   0

[HDD (BASE 65) ]
TOTAL THIS MO.    31    CLEAR  (SCALE 0-3)  26
DPTR FM NORMAL    10    PTCLDY (SCALE 4-7)   1
TOTAL FM JUL 1  2903    CLOUDY (SCALE 8-10)  0
DPTR FM NORMAL  -264

[CDD (BASE 65) ]
TOTAL THIS MO.    96
DPTR FM NORMAL   -24    [PRESSURE DATA]
TOTAL FM JAN 1   112    HIGHEST SLP M ON M
DPTR FM NORMAL   -26    LOWEST  SLP 29.51 ON  6

[REMARKS]
