000
CXUS55 KEAX 230736
CF6DMO
PRELIMINARY LOCAL CLIMATOLOGICAL DATA (WS FORM: F-6)

                                          STATION:   SEDALIA MO
                                          MONTH:     AUGUST
                                          YEAR:      2017
                                          LATITUDE:   38 42 N
                                          LONGITUDE:  93  6 W

  TEMPERATURE IN F:       :PCPN:    SNOW:  WIND      :SUNSHINE: SKY     :PK WND
================================================================================
1   2   3   4   5  6A  6B    7    8   9   10  11  12  13   14  15   16   17  18
                                     12Z  AVG MX 2MIN
DY MAX MIN AVG DEP HDD CDD  WTR  SNW DPTH SPD SPD DIR MIN PSBL S-S WX    SPD DR
================================================================================

 1  83  66  75  -5   0  10 0.00    M    M  2.8  7 230   M    M   7        10 360
 2  88  66  77  -2   0  12 0.00    M    M  3.8  8 220   M    M   0        12 330
 3  86  68  77  -2   0  12 0.00    M    M  7.5 15 320   M    M   1        21 310
 4  78  56  67 -12   0   2 0.00    M    M  4.6 13 340   M    M   1        23 340
 5  67  53  60 -19   5   0 0.29    M    M  7.0 23 140   M    M   5 13     28 140
 6  80  66  73  -6   0   8 0.05    M    M  8.0 21 160   M    M   8 13     25 170
 7  81  64  73  -6   0   8 0.00    M    M  5.6 15  30   M    M   5        19  30
 8  82  61  72  -7   0   7 0.00    M    M  5.1 12  80   M    M   1 1      15 120
 9  84  62  73  -6   0   8 0.00    M    M  5.0 12 180   M    M   4        17 140
10  87  69  78  -1   0  13    T    M    M  4.6 13 280   M    M   5 1      19 280
11  84  66  75  -4   0  10    M    M    M  6.5 15  20   M    M   3 13     21 240
12  81  62  72  -7   0   7 0.00    M    M  4.0 10  60   M    M   2        14  50
13  81  59  70  -9   0   5 0.00    M    M  6.2 15 130   M    M   2        19 130
14  84  65  75  -4   0  10 0.00    M    M  3.6  8 170   M    M   5        11 150
15  89  66  78  -1   0  13 0.00    M    M  4.2 10 150   M    M   1 1      14 160
16  85  69  77  -1   0  12 0.71    M    M  8.5 18 180   M    M   2 13     30 200
17  85  67  76  -2   0  11 0.00    M    M  7.8 16 270   M    M   3        24 270
18  86  64  75  -3   0  10 1.07    M    M  7.6 20 360   M    M   1 13     26 350
19  93  69  81   3   0  16 0.00    M    M  4.3 10 220   M    M   0        13 220
20  90  71  81   3   0  16    T    M    M  7.7 32 340   M    M   1 3      43 360
21  91  69  80   2   0  15 0.00    M    M  8.1 20 300   M    M   1 3      26 300
22  84  61  73  -5   0   8 2.42    M    M  7.1 17 310   M    M   3 13     24 320
================================================================================
SM 1849 1419         5 213  4.54    M    129.6          M       61
================================================================================
AV 84.1 64.5                               5.9 FASTST   M    M   3    MAX(MPH)
                                 MISC ---->  # 32 340               # 43  360
================================================================================
NOTES:
# LAST OF SEVERAL OCCURRENCES

COLUMN 17 PEAK WIND IN M.P.H.

PRELIMINARY LOCAL CLIMATOLOGICAL DATA (WS FORM: F-6) , PAGE 2

                                          STATION:  SEDALIA MO
                                          MONTH:    AUGUST
                                          YEAR:     2017
                                          LATITUDE:   38 42 N
                                          LONGITUDE:  93  6 W

[TEMPERATURE DATA]      [PRECIPITATION DATA]       SYMBOLS USED IN COLUMN 16

AVERAGE MONTHLY: 74.3   TOTAL FOR MONTH:   4.54    1 = FOG OR MIST
DPTR FM NORMAL:  -4.5   DPTR FM NORMAL:    2.32    2 = FOG REDUCING VISIBILITY
HIGHEST:    93 ON 19    GRTST 24HR  2.42 ON 22-22      TO 1/4 MILE OR LESS
LOWEST:     53 ON  5                               3 = THUNDER
                        SNOW, ICE PELLETS, HAIL    4 = ICE PELLETS
                        TOTAL MONTH:    M          5 = HAIL
                        GRTST 24HR    M  ON   M    6 = FREEZING RAIN OR DRIZZLE
                        GRTST DEPTH:  M  ON   M    7 = DUSTSTORM OR SANDSTORM:
                                                       VSBY 1/2 MILE OR LESS
                                                   8 = SMOKE OR HAZE
[NO. OF DAYS WITH]      [WEATHER - DAYS WITH]      9 = BLOWING SNOW
                                                   X = TORNADO
MAX 32 OR BELOW:   0    0.01 INCH OR MORE:   5
MAX 90 OR ABOVE:   3    0.10 INCH OR MORE:   4
MIN 32 OR BELOW:   0    0.50 INCH OR MORE:   3
MIN  0 OR BELOW:   0    1.00 INCH OR MORE:   2

[HDD (BASE 65) ]
TOTAL THIS MO.     5    CLEAR  (SCALE 0-3)  13
DPTR FM NORMAL     5    PTCLDY (SCALE 4-7)   8
TOTAL FM JUL 1     5    CLOUDY (SCALE 8-10)  1
DPTR FM NORMAL     5

[CDD (BASE 65) ]
TOTAL THIS MO.   213
DPTR FM NORMAL   -88    [PRESSURE DATA]
TOTAL FM JAN 1  1116    HIGHEST SLP  0.00 ON M
DPTR FM NORMAL   -65    LOWEST  SLP  0.00 ON M

[REMARKS]
