119
CXUS55 KEAX 200736
CF6DMO
PRELIMINARY LOCAL CLIMATOLOGICAL DATA (WS FORM: F-6)

                                          STATION:   SEDALIA MO
                                          MONTH:     FEBRUARY
                                          YEAR:      2017
                                          LATITUDE:   38 42 N
                                          LONGITUDE:  93  6 W

  TEMPERATURE IN F:       :PCPN:    SNOW:  WIND      :SUNSHINE: SKY     :PK WND
================================================================================
1   2   3   4   5  6A  6B    7    8   9   10  11  12  13   14  15   16   17  18
                                     12Z  AVG MX 2MIN
DY MAX MIN AVG DEP HDD CDD  WTR  SNW DPTH SPD SPD DIR MIN PSBL S-S WX    SPD DR
================================================================================

 1  43  31  37   4  28   0 0.00    M    M  9.9 16 350   M    M   0        21 360
 2  35  21  28  -5  37   0 0.00    M    M  8.8 18 360   M    M   3        22 350
 3  36  20  28  -5  37   0 0.00    M    M  7.1 17 360   M    M   3        20 360
 4  43  20  32  -2  33   0 0.00    M    M 15.0 26 180   M    M   3        33 220
 5  55  31  43   9  22   0 0.00    M    M  6.8 23 220   M    M   0        31 220
 6  66  34  50  16  15   0 0.00    M    M  8.3 22 200   M    M   6 18     30 200
 7  64  32  48  14  17   0 0.00    M    M 11.3 21 320   M    M   8 18     25 320
 8  33  19  26  -8  39   0 0.00    M    M 13.3 25 340   M    M   6        30 350
 9  38  17  28  -7  37   0 0.00    M    M  6.7 15 330   M    M   1        18 320
10  68  28  48  13  17   0 0.00    M    M 19.5 33 220   M    M   0        46 220
11  77  50  64  29   1   0 0.00    M    M  9.1 18 200   M    M   0        25 200
12  54  36  45   9  20   0 0.00    M    M 12.5 25 360   M    M   1        31 350
13  52  27  40   4  25   0 0.00    M    M  3.2 10 190   M    M   4        14 220
14  54  38  46  10  19   0 0.00    M    M  6.7 14 330   M    M   1        17 330
15  50  30  40   4  25   0 0.00    M    M  9.1 17 350   M    M   0        21 320
16  68  37  53  16  12   0 0.00    M    M 16.6 28 220   M    M   0        36 220
17  75  47  61  24   4   0 0.00    M    M 15.1 23 190   M    M   0        29 230
18  72  48  60  23   5   0 0.00    M    M  8.6 14 220   M    M   0        18 260
19  79  42  61  23   4   0 0.00    M    M  9.6 18 170   M    M   0 12     24 200
================================================================================
SM 1062  608       397   0  0.00    M    197.2          M       36
================================================================================
AV 55.9 32.0                              10.4 FASTST   M    M   2    MAX(MPH)
                                 MISC ---->  # 33 220               # 46  220
================================================================================
NOTES:
# LAST OF SEVERAL OCCURRENCES

COLUMN 17 PEAK WIND IN M.P.H.

PRELIMINARY LOCAL CLIMATOLOGICAL DATA (WS FORM: F-6) , PAGE 2

                                          STATION:  SEDALIA MO
                                          MONTH:    FEBRUARY
                                          YEAR:     2017
                                          LATITUDE:   38 42 N
                                          LONGITUDE:  93  6 W

[TEMPERATURE DATA]      [PRECIPITATION DATA]       SYMBOLS USED IN COLUMN 16

AVERAGE MONTHLY: 44.0   TOTAL FOR MONTH:   0.00    1 = FOG OR MIST
DPTR FM NORMAL:   8.8   DPTR FM NORMAL:   -1.33    2 = FOG REDUCING VISIBILITY
HIGHEST:    79 ON 19    GRTST 24HR  0.00 ON 19-19      TO 1/4 MILE OR LESS
LOWEST:     17 ON  9                               3 = THUNDER
                        SNOW, ICE PELLETS, HAIL    4 = ICE PELLETS
                        TOTAL MONTH:    M          5 = HAIL
                        GRTST 24HR    M  ON   M    6 = FREEZING RAIN OR DRIZZLE
                        GRTST DEPTH:  M  ON   M    7 = DUSTSTORM OR SANDSTORM:
                                                       VSBY 1/2 MILE OR LESS
                                                   8 = SMOKE OR HAZE
[NO. OF DAYS WITH]      [WEATHER - DAYS WITH]      9 = BLOWING SNOW
                                                   X = TORNADO
MAX 32 OR BELOW:   0    0.01 INCH OR MORE:   0
MAX 90 OR ABOVE:   0    0.10 INCH OR MORE:   0
MIN 32 OR BELOW:  11    0.50 INCH OR MORE:   0
MIN  0 OR BELOW:   0    1.00 INCH OR MORE:   0

[HDD (BASE 65) ]
TOTAL THIS MO.   397    CLEAR  (SCALE 0-3)  15
DPTR FM NORMAL  -173    PTCLDY (SCALE 4-7)   4
TOTAL FM JUL 1  2777    CLOUDY (SCALE 8-10)  0
DPTR FM NORMAL  -608

[CDD (BASE 65) ]
TOTAL THIS MO.     0
DPTR FM NORMAL     0    [PRESSURE DATA]
TOTAL FM JAN 1     0    HIGHEST SLP  0.00 ON M
DPTR FM NORMAL     0    LOWEST  SLP  0.00 ON M

[REMARKS]
