000
CXUS55 KGJT 241000
CF6DRO
PRELIMINARY LOCAL CLIMATOLOGICAL DATA (WS FORM: F-6)

                                          STATION:   DURANGO AIRPORT CO
                                          MONTH:     JULY
                                          YEAR:      2014
                                          LATITUDE:   37  9 N
                                          LONGITUDE: 107 45 W

  TEMPERATURE IN F:       :PCPN:    SNOW:  WIND      :SUNSHINE: SKY     :PK WND
================================================================================
1   2   3   4   5  6A  6B    7    8   9   10  11  12  13   14  15   16   17  18
                                     12Z  AVG MX 2MIN
DY MAX MIN AVG DEP HDD CDD  WTR  SNW DPTH SPD SPD DIR MIN PSBL S-S WX    SPD DR
================================================================================

 1  92  49  71   5   0   6 0.00    M    M  6.8 23 270   M    M   0        29 280
 2  90  55  73   6   0   8 0.00    M    M  7.0 20 130   M    M   0        28 130
 3  87  52  70   3   0   5 0.00    M    M  7.1 26 360   M    M   0 3      33 360
 4  88  50  69   2   0   4    T    M    M  7.1 24  10   M    M   1 3      29  10
 5  86  57  72   5   0   7    T    M    M  5.4 29 350   M    M   2        35 330
 6  89  49  69   2   0   4 0.00    M    M  6.7 28 140   M    M   1        35 130
 7  90  52  71   3   0   6 0.00    M    M  7.5 25 350   M    M   1        32 340
 8  92  50  71   3   0   6 0.02    M    M  6.5 29 170   M    M   2 3      39 170
 9  86  49  68   0   0   3 0.09    M    M  6.0 20 360   M    M   4 3      25 360
10  84  53  69   1   0   4 0.27    M    M  6.6 21 360   M    M   1 3      27  10
11  89  55  72   4   0   7 0.24    M    M  6.7 33 130   M    M   3 13     42 140
12  85  57  71   3   0   6    T    M    M  6.9 25 340   M    M   1 3      31 340
13  89  54  72   3   0   7 0.10    M    M  6.0 26  80   M    M   2 3      32  70
14  85  57  71   2   0   6 0.00    M    M  3.5 14 360   M    M   1        19 250
15  85  58  72   3   0   7 0.02    M    M  6.6 16 120   M    M   3 3      22 110
16  87  53  70   1   0   5    T    M    M  7.8 28  70   M    M   2 3      33  70
17  88  52  70   1   0   5 0.00    M    M  8.1 25 280   M    M   0        34 260
18  90  51  71   2   0   6    T    M    M  6.1 24 300   M    M   0        31 300
19  92  53  73   4   0   8 0.00    M    M  5.8 25 250   M    M   1        32 220
20  92  52  72   3   0   7 0.00    M    M  6.6 22 300   M    M   1        28 300
21  91  57  74   5   0   9 0.00    M    M  5.6 21 290   M    M   1        26 250
22  95  52  74   4   0   9 0.04    M    M  3.9 30  60   M    M   1 3      46  50
23  93  59  76   6   0  11 0.10    M    M  8.1 24  40   M    M   2 3      29  40
================================================================================
SM 2045 1226         0 146  0.88    M    148.4          M       30
================================================================================
AV 88.9 53.3                               6.5 FASTST   M    M   1    MAX(MPH)
                                 MISC ---->  # 33 130               # 46   50
================================================================================
NOTES:
# LAST OF SEVERAL OCCURRENCES

COLUMN 17 PEAK WIND IN M.P.H.

PRELIMINARY LOCAL CLIMATOLOGICAL DATA (WS FORM: F-6) , PAGE 2

                                          STATION:  DURANGO AIRPORT CO
                                          MONTH:    JULY
                                          YEAR:     2014
                                          LATITUDE:   37  9 N
                                          LONGITUDE: 107 45 W

[TEMPERATURE DATA]      [PRECIPITATION DATA]       SYMBOLS USED IN COLUMN 16

AVERAGE MONTHLY: 71.1   TOTAL FOR MONTH:   0.88    1 = FOG OR MIST
DPTR FM NORMAL:   2.8   DPTR FM NORMAL:   -0.23    2 = FOG REDUCING VISIBILITY
HIGHEST:    95 ON 22    GRTST 24HR  0.27 ON 10-10      TO 1/4 MILE OR LESS
LOWEST:     49 ON  9, 6                            3 = THUNDER
                        SNOW, ICE PELLETS, HAIL    4 = ICE PELLETS
                        TOTAL MONTH:    M          5 = HAIL
                        GRTST 24HR    M  ON   M    6 = FREEZING RAIN OR DRIZZLE
                        GRTST DEPTH:  M  ON   M    7 = DUSTSTORM OR SANDSTORM:
                                                       VSBY 1/2 MILE OR LESS
                                                   8 = SMOKE OR HAZE
[NO. OF DAYS WITH]      [WEATHER - DAYS WITH]      9 = BLOWING SNOW
                                                   X = TORNADO
MAX 32 OR BELOW:   0    0.01 INCH OR MORE:   8
MAX 90 OR ABOVE:  10    0.10 INCH OR MORE:   4
MIN 32 OR BELOW:   0    0.50 INCH OR MORE:   0
MIN  0 OR BELOW:   0    1.00 INCH OR MORE:   0

[HDD (BASE 65) ]
TOTAL THIS MO.     0    CLEAR  (SCALE 0-3)  21
DPTR FM NORMAL    -8    PTCLDY (SCALE 4-7)   2
TOTAL FM JUL 1     0    CLOUDY (SCALE 8-10)  0
DPTR FM NORMAL    -8

[CDD (BASE 65) ]
TOTAL THIS MO.   146
DPTR FM NORMAL    61    [PRESSURE DATA]
TOTAL FM JAN 1   165    HIGHEST SLP M ON M
DPTR FM NORMAL    51    LOWEST  SLP 29.71 ON 16

[REMARKS]
