000
CXUS55 KGJT 011000
CF6DRO
PRELIMINARY LOCAL CLIMATOLOGICAL DATA (WS FORM: F-6)

                                          STATION:   DURANGO AIRPORT CO
                                          MONTH:     AUGUST
                                          YEAR:      2015
                                          LATITUDE:   37  9 N
                                          LONGITUDE: 107 45 W

  TEMPERATURE IN F:       :PCPN:    SNOW:  WIND      :SUNSHINE: SKY     :PK WND
================================================================================
1   2   3   4   5  6A  6B    7    8   9   10  11  12  13   14  15   16   17  18
                                     12Z  AVG MX 2MIN
DY MAX MIN AVG DEP HDD CDD  WTR  SNW DPTH SPD SPD DIR MIN PSBL S-S WX    SPD DR
================================================================================

 1  78  59  69   0   0   4    T    M    M  4.6 14 130   M    M   5 3      22 200
 2  80  55  68  -1   0   3 0.06    M    M  5.8 24  70   M    M   4 13     29  70
 3  83  50  67  -2   0   2 0.00    M    M  6.8 24 290   M    M   2 12     32 330
 4  87  50  69   0   0   4    T    M    M  8.6 23 290   M    M   2        31 310
 5  90  47  69   0   0   4 0.00    M    M  5.9 22 260   M    M   0        29 230
 6  91  47  69   0   0   4 0.00    M    M  7.4 24 250   M    M   0        31 290
 7  84  57  71   2   0   6 0.21    M    M  6.9 30 240   M    M   5 1      39 250
 8  79  56  68  -1   0   3    T    M    M  5.5 16 260   M    M   4        23 270
 9  84  46  65  -4   0   0 0.00    M    M  5.0 18 260   M    M   0        24 250
10  84  46  65  -3   0   0 0.07    M    M  6.0 18 260   M    M   2        23 250
11  84  58  71   3   0   6 0.26    M    M  6.3 35 250   M    M   7 13     43 250
12  84  54  69   1   0   4 0.03    M    M  4.9 20 270   M    M   1 1      26 260
13  87  51  69   1   0   4 0.00    M    M  5.6 20 320   M    M   1        27 310
14  91  52  72   4   0   7 0.00    M    M  5.4 20 260   M    M   1        26 260
15  91  54  73   5   0   8 0.00    M    M  6.5 25 260   M    M   2 3      31 270
16  92  53  73   6   0   8    T    M    M  5.4 20 350   M    M   1        28 320
17  86  51  69   2   0   4 0.05    M    M  6.3 28  30   M    M   2 3      35  50
18  87  48  68   1   0   3    T    M    M 10.2 35 310   M    M   0        43 300
19  84  40  62  -5   3   0 0.00    M    M  9.3 30 280   M    M   0        42 280
20  86  44  65  -2   0   0 0.00    M    M  9.6 28 260   M    M   0        36 310
21  85  50  68   2   0   3    T    M    M  7.7 38 320   M    M   1 3      51 320
22  88  46  67   1   0   2 0.00    M    M  6.3 22  10   M    M   0 3      29 360
23  86  49  68   2   0   3 0.00    M    M  7.0 25 340   M    M   0 3      33 340
24  87  46  67   1   0   2 0.00    M    M  4.6 15 320   M    M   0        20 320
25  88  56  72   6   0   7 0.09    M    M  6.2 25  70   M    M   3 13     33 130
26  73  56  65   0   0   0 0.24    M    M  5.6 17 130   M    M   5 13     21 120
27  77  55  66   1   0   1 0.08    M    M  4.5 24  20   M    M   6 3      35 320
28  85  49  67   2   0   2 0.00    M    M  4.1 14 220   M    M   0        21 230
29  84  52  68   4   0   3 0.00    M    M  4.7 14 260   M    M   1        18 100
30  84  49  67   3   0   2 0.00    M    M  5.8 21 270   M    M   1        27 280
31  83  52  68   4   0   3 0.00    M    M  5.8 22 270   M    M   2        31 270
================================================================================
SM 2632 1578         3 102  1.09    M    194.3          M       58
================================================================================
AV 84.9 50.9                               6.3 FASTST   M    M   2    MAX(MPH)
                                 MISC ---->  # 38 320               # 51  320
================================================================================
NOTES:
# LAST OF SEVERAL OCCURRENCES

COLUMN 17 PEAK WIND IN M.P.H.

PRELIMINARY LOCAL CLIMATOLOGICAL DATA (WS FORM: F-6) , PAGE 2

                                          STATION:  DURANGO AIRPORT CO
                                          MONTH:    AUGUST
                                          YEAR:     2015
                                          LATITUDE:   37  9 N
                                          LONGITUDE: 107 45 W

[TEMPERATURE DATA]      [PRECIPITATION DATA]       SYMBOLS USED IN COLUMN 16

AVERAGE MONTHLY: 67.9   TOTAL FOR MONTH:   1.09    1 = FOG OR MIST
DPTR FM NORMAL:   0.7   DPTR FM NORMAL:   -1.09    2 = FOG REDUCING VISIBILITY
HIGHEST:    92 ON 16    GRTST 24HR  0.31 ON 25-26      TO 1/4 MILE OR LESS
LOWEST:     40 ON 19                               3 = THUNDER
                        SNOW, ICE PELLETS, HAIL    4 = ICE PELLETS
                        TOTAL MONTH:    M          5 = HAIL
                        GRTST 24HR    M  ON   M    6 = FREEZING RAIN OR DRIZZLE
                        GRTST DEPTH:  M  ON   M    7 = DUSTSTORM OR SANDSTORM:
                                                       VSBY 1/2 MILE OR LESS
                                                   8 = SMOKE OR HAZE
[NO. OF DAYS WITH]      [WEATHER - DAYS WITH]      9 = BLOWING SNOW
                                                   X = TORNADO
MAX 32 OR BELOW:   0    0.01 INCH OR MORE:   9
MAX 90 OR ABOVE:   5    0.10 INCH OR MORE:   3
MIN 32 OR BELOW:   0    0.50 INCH OR MORE:   0
MIN  0 OR BELOW:   0    1.00 INCH OR MORE:   0

[HDD (BASE 65) ]
TOTAL THIS MO.     3    CLEAR  (SCALE 0-3)  23
DPTR FM NORMAL   -16    PTCLDY (SCALE 4-7)   8
TOTAL FM JUL 1    18    CLOUDY (SCALE 8-10)  0
DPTR FM NORMAL   -11

[CDD (BASE 65) ]
TOTAL THIS MO.   102
DPTR FM NORMAL    16    [PRESSURE DATA]
TOTAL FM JAN 1   256    HIGHEST SLP 30.30 ON 26
DPTR FM NORMAL    19    LOWEST  SLP 29.71 ON 18

[REMARKS]
#FINAL-08-15#
