000
CXUS54 KFWD 260730
CF6DTO
PRELIMINARY LOCAL CLIMATOLOGICAL DATA (WS FORM: F-6)

                                          STATION:   DENTON
                                          MONTH:     NOVEMBER
                                          YEAR:      2014
                                          LATITUDE:   33 12 N
                                          LONGITUDE:  97 12 W

  TEMPERATURE IN F:       :PCPN:    SNOW:  WIND      :SUNSHINE: SKY     :PK WND
================================================================================
1   2   3   4   5  6A  6B    7    8   9   10  11  12  13   14  15   16   17  18
                                     12Z  AVG MX 2MIN
DY MAX MIN AVG DEP HDD CDD  WTR  SNW DPTH SPD SPD DIR MIN PSBL S-S WX    SPD DR
================================================================================

 1  60  34  47 -13  18   0 0.00  0.0    0  7.7 18 140   M    M   0        21 140
 2  67  45  56  -3   9   0 0.00  0.0    0 12.8 23 160   M    M   1        30 150
 3  77  54  66   7   0   1 0.00  0.0    0 15.0 29 170   M    M   7        33 170
 4  68  51  60   1   5   0 1.27  0.0    0 11.1 38  10   M    M  10 1      49  10
 5  58  48  53  -5  12   0 0.16  0.0    0  5.5 13 350   M    M   7 1      16 350
 6  71  40  56  -2   9   0 0.00  0.0    0  7.4 21  40   M    M   0        28  30
 7  68  38  53  -5  12   0 0.00  0.0    0  6.8 16 190   M    M   0        20 200
 8  69  41  55  -2  10   0 0.00  0.0    0  9.2 29  10   M    M   0        36  20
 9  74  35  55  -2  10   0 0.00  0.0    0  8.4 22 200   M    M   0        27 200
10  80  51  66  10   0   1 0.00  0.0    0 18.3 32 190   M    M   0        41 190
11  67  34  51  -5  14   0 0.00  0.0    0 15.3 31 330   M    M   4        42 330
12  40  28  34 -22  31   0    T    M    0 16.3 24 360   M    M   4 4      31  10
13  38  25  32 -23  33   0 0.00  0.0    0 12.5 22 360   M    M   6        29 360
14  41  21  31 -24  34   0 0.00  0.0    0  3.6  9 150   M    M   7        12 100
15  46  35  41 -14  24   0 0.00  0.0    0 12.8 26 150   M    M   9 1      30 150
16  40  25  33 -21  32   0    T    M    0 13.5 25  10   M    M  10 13     31  10
17  43  21  32 -22  33   0 0.00  0.0    M  8.1 18 340   M    M   0        24 350
18  57  17  37 -16  28   0 0.00  0.0    0  7.8 17 230   M    M   0        23 240
19  63  36  50  -3  15   0 0.00  0.0    0  7.7 16 200   M    M   0        22 200
20  71  31  51  -2  14   0 0.00  0.0    0  7.7 21 180   M    M   0        25 180
21  68  59  64  12   1   0 0.01  0.0    0 12.7 22 150   M    M  10 18     28 150
22  62  56  59   7   6   0 0.38  0.0    0 11.4 24 150   M    M   9 13     31 160
23  76  45  61  10   4   0 0.00  0.0    0 13.6 33 290   M    M   0 1      43 290
24  61  34  48  -3  17   0 0.00  0.0    0  6.4 17 310   M    M   0        21 310
25  60  30  45  -5  20   0 0.00  0.0    0  4.4 16 260   M    M   0 8      20 280
================================================================================
SM 1525  934       391   2  1.82     0.0 256.0          M       84
================================================================================
AV 61.0 37.4                              10.2 FASTST   M    M   3    MAX(MPH)
                                 MISC ---->  # 38  10               # 49   10
================================================================================
NOTES:
# LAST OF SEVERAL OCCURRENCES

COLUMN 17 PEAK WIND IN M.P.H.

PRELIMINARY LOCAL CLIMATOLOGICAL DATA (WS FORM: F-6) , PAGE 2

                                          STATION:  DENTON
                                          MONTH:    NOVEMBER
                                          YEAR:     2014
                                          LATITUDE:   33 12 N
                                          LONGITUDE:  97 12 W

[TEMPERATURE DATA]      [PRECIPITATION DATA]       SYMBOLS USED IN COLUMN 16

AVERAGE MONTHLY: 49.2   TOTAL FOR MONTH:   1.82    1 = FOG OR MIST
DPTR FM NORMAL:  -6.1   DPTR FM NORMAL:   -0.65    2 = FOG REDUCING VISIBILITY
HIGHEST:    80 ON 10    GRTST 24HR  1.30 ON  4- 5      TO 1/4 MILE OR LESS
LOWEST:     17 ON 18                               3 = THUNDER
                        SNOW, ICE PELLETS, HAIL    4 = ICE PELLETS
                        TOTAL MONTH:   0.0 INCH    5 = HAIL
                        GRTST 24HR     0.0         6 = FREEZING RAIN OR DRIZZLE
                        GRTST DEPTH:   0           7 = DUSTSTORM OR SANDSTORM:
                                                       VSBY 1/2 MILE OR LESS
                                                   8 = SMOKE OR HAZE
[NO. OF DAYS WITH]      [WEATHER - DAYS WITH]      9 = BLOWING SNOW
                                                   X = TORNADO
MAX 32 OR BELOW:   0    0.01 INCH OR MORE:   4
MAX 90 OR ABOVE:   0    0.10 INCH OR MORE:   3
MIN 32 OR BELOW:   8    0.50 INCH OR MORE:   1
MIN  0 OR BELOW:   0    1.00 INCH OR MORE:   1

[HDD (BASE 65) ]
TOTAL THIS MO.   391    CLEAR  (SCALE 0-3)  14
DPTR FM NORMAL   133    PTCLDY (SCALE 4-7)   6
TOTAL FM JUL 1   431    CLOUDY (SCALE 8-10)  5
DPTR FM NORMAL    63

[CDD (BASE 65) ]
TOTAL THIS MO.     2
DPTR FM NORMAL   -10    [PRESSURE DATA]
TOTAL FM JAN 1  2496    HIGHEST SLP M ON M
DPTR FM NORMAL    80    LOWEST  SLP 29.35 ON 23

[REMARKS]
