000
CXUS51 KPBZ 300804
CF6DUJ
PRELIMINARY LOCAL CLIMATOLOGICAL DATA (WS FORM: F-6)

                                          STATION:   DUBOIS
                                          MONTH:     APRIL
                                          YEAR:      2016
                                          LATITUDE:   41 10 N
                                          LONGITUDE:  78 54 W

  TEMPERATURE IN F:       :PCPN:    SNOW:  WIND      :SUNSHINE: SKY     :PK WND
================================================================================
1   2   3   4   5  6A  6B    7    8   9   10  11  12  13   14  15   16   17  18
                                     12Z  AVG MX 2MIN
DY MAX MIN AVG DEP HDD CDD  WTR  SNW DPTH SPD SPD DIR MIN PSBL S-S WX    SPD DR
================================================================================

 1  63  39  51  10  14   0 0.44    M    M 12.2 33 300   M    M   8 1      41 290
 2  50  29  40  -1  25   0 0.07    M    M 15.0 32 240   M    M   9 18     43 240
 3  34  18  26 -16  39   0 0.02    M    M 14.7 31 320   M    M   6 18     42 330
 4  50  21  36  -6  29   0 0.06    M    M 11.9 24 230   M    M  10 18     32 230
 5  38  16  27 -16  38   0 0.00    M    M  6.0 15 350   M    M   0        19 360
 6  54  22  38  -5  27   0 0.00    M    M 10.1 20 150   M    M   5        29 130
 7  48  31  40  -3  25   0 0.19    M    M 13.2 24 260   M    M  10 18     35 260
 8  39  26  33 -11  32   0    T    M    M 11.6 23 260   M    M   9 18     34 270
 9  31  20  26 -18  39   0 0.26    M    M 12.0 24 320   M    M  10 128    31 320
10  41  12  27 -18  38   0 0.01    M    M  6.8 13 130   M    M   7 18     17 130
11  53  38  46   1  19   0 1.16    M    M  9.6 16 230   M    M  10 18     26 240
12  48  29  39  -6  26   0 0.03    M    M 10.7 20 280   M    M   5 1      25 310
13  53  24  39  -7  26   0 0.00    M    M  4.7 13  60   M    M   0        17  60
14  61  30  46   0  19   0 0.00    M    M  6.5 12 150   M    M   0        17 120
15  65  36  51   4  14   0 0.00    M    M  6.8 16 100   M    M   0        20 100
16  73  38  56   9   9   0 0.00    M    M  5.1 13  40   M    M   0        17  60
17  79  46  63  16   2   0 0.00    M    M  6.0 15  20   M    M   0        19  30
18  77  47  62  14   3   0 0.00    M    M  6.4 15 300   M    M   0        24 240
19  68  43  56   8   9   0 0.00    M    M  8.8 21  20   M    M   0        25  20
20  69  36  53   5  12   0 0.00    M    M  6.7 14 120   M    M   0        19  70
21  71  48  60  11   5   0 0.13    M    M  6.8 16 250   M    M   6 13     22 250
22  62  50  56   7   9   0 0.35    M    M  4.5 12 360   M    M   9 138    14 360
23  58  40  49  -1  16   0 0.00    M    M  9.7 17  20   M    M   5 18     23  10
24  64  34  49  -1  16   0 0.00    M    M  5.0 14 260   M    M   0        19 250
25  74  40  57   7   8   0 0.07    M    M  6.6 18 260   M    M   2 13     26 270
26  73  45  59   8   6   0 0.07    M    M 12.4 31 280   M    M   6 1      40 310
27  66  38  52   1  13   0 0.00    M    M  7.1 13 330   M    M   3        17  40
28  48  39  44  -7  21   0 0.65    M    M 10.3 17  90   M    M   7 1      24 100
29  48  40  44  -8  21   0 0.02    M    M  5.8 12  90   M    M  10 1      16 100
================================================================================
SM 1658  975       560   0  3.53    M    253.0          M      137
================================================================================
AV 57.2 33.6                               8.7 FASTST   M    M   5    MAX(MPH)
                                 MISC ---->  # 33 300               # 43  240
================================================================================
NOTES:
# LAST OF SEVERAL OCCURRENCES

COLUMN 17 PEAK WIND IN M.P.H.

PRELIMINARY LOCAL CLIMATOLOGICAL DATA (WS FORM: F-6) , PAGE 2

                                          STATION:  DUBOIS
                                          MONTH:    APRIL
                                          YEAR:     2016
                                          LATITUDE:   41 10 N
                                          LONGITUDE:  78 54 W

[TEMPERATURE DATA]      [PRECIPITATION DATA]       SYMBOLS USED IN COLUMN 16

AVERAGE MONTHLY: 45.4   TOTAL FOR MONTH:   3.53    1 = FOG OR MIST
DPTR FM NORMAL:  -1.1   DPTR FM NORMAL:    0.19    2 = FOG REDUCING VISIBILITY
HIGHEST:    79 ON 17    GRTST 24HR  1.16 ON 11-11      TO 1/4 MILE OR LESS
LOWEST:     12 ON 10                               3 = THUNDER
                        SNOW, ICE PELLETS, HAIL    4 = ICE PELLETS
                        TOTAL MONTH:    M          5 = HAIL
                        GRTST 24HR    M  ON   M    6 = FREEZING RAIN OR DRIZZLE
                        GRTST DEPTH:  M  ON   M    7 = DUSTSTORM OR SANDSTORM:
                                                       VSBY 1/2 MILE OR LESS
                                                   8 = SMOKE OR HAZE
[NO. OF DAYS WITH]      [WEATHER - DAYS WITH]      9 = BLOWING SNOW
                                                   X = TORNADO
MAX 32 OR BELOW:   1    0.01 INCH OR MORE:  15
MAX 90 OR ABOVE:   0    0.10 INCH OR MORE:   7
MIN 32 OR BELOW:  12    0.50 INCH OR MORE:   2
MIN  0 OR BELOW:   0    1.00 INCH OR MORE:   1

[HDD (BASE 65) ]
TOTAL THIS MO.   560    CLEAR  (SCALE 0-3)  11
DPTR FM NORMAL    20    PTCLDY (SCALE 4-7)  10
TOTAL FM JUL 1  5363    CLOUDY (SCALE 8-10)  8
DPTR FM NORMAL -1135

[CDD (BASE 65) ]
TOTAL THIS MO.     0
DPTR FM NORMAL     0    [PRESSURE DATA]
TOTAL FM JAN 1     0    HIGHEST SLP M ON M
DPTR FM NORMAL     0    LOWEST  SLP 29.43 ON M

[REMARKS]
