000
CXUS53 KFGF 010915
CF6DVL
PRELIMINARY LOCAL CLIMATOLOGICAL DATA (WS FORM: F-6)

                                          STATION:   DEVIL`S LAKE
                                          MONTH:     JULY
                                          YEAR:      2014
                                          LATITUDE:   48  7 N
                                          LONGITUDE:  98 54 W

  TEMPERATURE IN F:       :PCPN:    SNOW:  WIND      :SUNSHINE: SKY     :PK WND
================================================================================
1   2   3   4   5  6A  6B    7    8   9   10  11  12  13   14  15   16   17  18
                                     12Z  AVG MX 2MIN
DY MAX MIN AVG DEP HDD CDD  WTR  SNW DPTH SPD SPD DIR MIN PSBL S-S WX    SPD DR
================================================================================

 1  61  50  56   M   9   0 0.07  0.0    0 18.1 27 350   M    M   8        38 350
 2  68  46  57   M   8   0 0.00  0.0    0  6.3 12 310   M    M   2         M  M
 3  72  48  60   M   5   0 0.00  0.0    0  3.9  9 170   M    M   0         M  M
 4  84  61  73   M   0   8 0.00  0.0    0 13.2 20 170   M    M   2        25 160
 5  88  68  78   M   0  13 0.00  0.0    0  8.2 14 290   M    M   0         M  M
 6  81  68  75   M   0  10 0.00  0.0    0 12.5 16 350   M    M   2        22 300
 7  73  61  67   M   0   2 0.06  0.0    0 12.8 23 270   M    M   2 3      28 270
 8  73  57  65   M   0   0 0.00  0.0    0 12.4 17 300   M    M   2        23 350
 9  73  55  64   M   1   0 0.00  0.0    0  4.5 10 150   M    M   2         M  M
10  81  61  71   M   0   6 0.00  0.0    0 11.7 20 180   M    M   0        22 170
11  81  61  71   M   0   6 0.00  0.0    0 10.3 22 300   M    M   0        28 300
12  79  55  67   M   0   2 0.00  0.0    0  9.4 24 280   M    M   1        30 280
13  72  55  64   M   1   0 0.00  0.0    0 17.6 28 310   M    M   5        36 310
14  66  50  58   M   7   0 0.00  0.0    0 16.5 22 360   M    M   7        30 350
15  73  50  62   M   3   0 0.00  0.0    0  5.7  9 320   M    M   3         M  M
16  79  52  66   M   0   1 0.00  0.0    0  3.5  9 220   M    M   3         M  M
17  82  59  71   M   0   6 0.00  0.0    0 10.3 17 190   M    M   0        22 190
18  84  63  74   M   0   9 0.00  0.0    0 14.8 22 170   M    M   1        28 170
19  79  57  68   M   0   3 0.00  0.0    0  9.5 14 300   M    M   1        20 290
20  91  68  80   M   0  15 0.00  0.0    0 10.3 16 280   M    M   1        18 170
21  84  64  74   M   0   9 1.29  0.0    0 11.7 20  50   M    M   4 3      27  50
22  75  61  68   M   0   3 0.00  0.0    0  6.3 14 360   M    M   3         M  M
23  73  61  67   M   0   2 0.00  0.0    0  7.5 13 110   M    M   4         M  M
24  77  63  70   M   0   5 0.19  0.0    0 15.3 29 150   M    M   3        39 150
25  79  63  71   M   0   6 0.00  0.0    0 11.7 21 120   M    M   2        23 310
26  72  61  67   M   0   2 0.12  0.0    0 18.8 29 280   M    M   5        36 280
27  64  57  61   M   4   0 0.00  0.0    0 14.6 24 340   M    M  10        31 320
28  72  52  62   M   3   0 0.00  0.0    0  5.7 10 340   M    M   3         M  M
29  75  54  65   M   0   0 0.00  0.0    0  3.7 12 340   M    M   1         M  M
30  79  54  67   M   0   2 0.00  0.0    0  4.4 14 310   M    M   2        16 310
31  81  57  69   M   0   4 0.00  0.0    0  4.5 10 320   M    M   1         M  M
================================================================================
SM 2371 1792        41 114  1.73     0.0 315.7          M       80
================================================================================
AV 76.5 57.8                              10.2 FASTST   M    M   3    MAX(MPH)
                                 MISC ---->    29   M                 39    M
================================================================================
NOTES:
# LAST OF SEVERAL OCCURRENCES

COLUMN 17 PEAK WIND IN M.P.H.

PRELIMINARY LOCAL CLIMATOLOGICAL DATA (WS FORM: F-6) , PAGE 2

                                          STATION:  DEVIL`S LAKE
                                          MONTH:    JULY
                                          YEAR:     2014
                                          LATITUDE:   48  7 N
                                          LONGITUDE:  98 54 W

[TEMPERATURE DATA]      [PRECIPITATION DATA]       SYMBOLS USED IN COLUMN 16

AVERAGE MONTHLY: 67.1   TOTAL FOR MONTH:   1.73    1 = FOG OR MIST
DPTR FM NORMAL:     M   DPTR FM NORMAL:       M    2 = FOG REDUCING VISIBILITY
HIGHEST:    91 ON 20    GRTST 24HR  1.29 ON 21-21      TO 1/4 MILE OR LESS
LOWEST:     46 ON  2                               3 = THUNDER
                        SNOW, ICE PELLETS, HAIL    4 = ICE PELLETS
                        TOTAL MONTH:   0.0 INCH    5 = HAIL
                        GRTST 24HR     0.0         6 = FREEZING RAIN OR DRIZZLE
                        GRTST DEPTH:   0           7 = DUSTSTORM OR SANDSTORM:
                                                       VSBY 1/2 MILE OR LESS
                                                   8 = SMOKE OR HAZE
[NO. OF DAYS WITH]      [WEATHER - DAYS WITH]      9 = BLOWING SNOW
                                                   X = TORNADO
MAX 32 OR BELOW:   0    0.01 INCH OR MORE:   5
MAX 90 OR ABOVE:   1    0.10 INCH OR MORE:   3
MIN 32 OR BELOW:   0    0.50 INCH OR MORE:   1
MIN  0 OR BELOW:   0    1.00 INCH OR MORE:   1

[HDD (BASE 65) ]
TOTAL THIS MO.    41    CLEAR  (SCALE 0-3)  22
DPTR FM NORMAL     M    PTCLDY (SCALE 4-7)   8
TOTAL FM JUL 1    41    CLOUDY (SCALE 8-10)  1
DPTR FM NORMAL     M

[CDD (BASE 65) ]
TOTAL THIS MO.   114
DPTR FM NORMAL     M    [PRESSURE DATA]
TOTAL FM JAN 1   183    HIGHEST SLP M ON M
DPTR FM NORMAL     M    LOWEST  SLP M ON M

[REMARKS]
#FINAL-07-14#
