000
CXUS55 KPSR 251005
CF6DVT
PRELIMINARY LOCAL CLIMATOLOGICAL DATA (WS FORM: F-6)

                                          STATION:   DEER VLY/PHOENIX AZ
                                          MONTH:     SEPTEMBER
                                          YEAR:      2017
                                          LATITUDE:   33 41 N
                                          LONGITUDE: 112  4 W

  TEMPERATURE IN F:       :PCPN:    SNOW:  WIND      :SUNSHINE: SKY     :PK WND
================================================================================
1   2   3   4   5  6A  6B    7    8   9   10  11  12  13   14  15   16   17  18
                                     12Z  AVG MX 2MIN
DY MAX MIN AVG DEP HDD CDD  WTR  SNW DPTH SPD SPD DIR MIN PSBL S-S WX    SPD DR
================================================================================

 1 107  80  94   4   0  29 0.00  0.0    0  5.8 17  10   M    M   0        21  10
 2 101  82  92   3   0  27 0.00  0.0    0  6.1 21 240   M    M   0        27 190
 3 101  81  91   2   0  26 0.00  0.0    0  5.7 14 230   M    M   0        19 200
 4 102  78  90   1   0  25 0.00  0.0    0  7.2 28 360   M    M   0 8      37 350
 5 105  81  93   4   0  28 0.00  0.0    0  6.0 17  60   M    M   0 3      30  50
 6 106  83  95   6   0  30 0.00  0.0    0  5.7 15 140   M    M   0        18 140
 7 102  82  92   4   0  27    T  0.0    0  6.9 24 160   M    M   0 38     30 150
 8  95  81  88   0   0  23 0.00  0.0    0  7.2 21 130   M    M   1        27 120
 9  94  79  87  -1   0  22 0.00  0.0    0  4.8 15 270   M    M   1        18 260
10 103  77  90   2   0  25 0.00  0.0    0  4.1 15 110   M    M   0        27 160
11 105  87  96   9   0  31 0.00  0.0    0  7.1 15 180   M    M   0        19 150
12 108  83  96   9   0  31 0.00  0.0    0  5.1 15 260   M    M   0 3      20 220
13 105  82  94   7   0  29 0.00  0.0    0  7.8 18 230   M    M   0        23 210
14  99  82  91   5   0  26 0.00  0.0    0 11.4 28 270   M    M   0        38 260
15  94  74  84  -2   0  19 0.00  0.0    0  6.7 16 260   M    M   0        22 210
16  93  71  82  -4   0  17 0.00  0.0    0  5.7 15 150   M    M   0        19 160
17  95  70  83  -3   0  18 0.00  0.0    0  4.0 13 220   M    M   0        17 190
18  95  68  82  -3   0  17 0.00  0.0    0  4.4 14 190   M    M   0        18 190
19  96  66  81  -4   0  16 0.00  0.0    0  6.9 17 210   M    M   0        27 240
20  76  75  76  -8   0  11 0.00  0.0    M  2.9  6  40   M    M   0         M  M
21  94  70  82  -2   0  17 0.00  0.0    0  9.7 20 240   M    M   0        25 240
22  85  71  78  -6   0  13 0.00  0.0    0  6.6 17 210   M    M   1        23 240
23  82  57  70 -13   0   5 0.00  0.0    0  5.9 17 210   M    M   0        24 250
24  84  56  70 -13   0   5 0.00  0.0    0  3.9 13 250   M    M   0        16 250
================================================================================
SM 2327 1816         0 517    T      0.0 147.6          M        3
================================================================================
AV 97.0 75.7                               6.1 FASTST   M    M   0    MAX(MPH)
                                 MISC ---->  # 28 360               # 38  260
================================================================================
NOTES:
# LAST OF SEVERAL OCCURRENCES

COLUMN 17 PEAK WIND IN M.P.H.

PRELIMINARY LOCAL CLIMATOLOGICAL DATA (WS FORM: F-6) , PAGE 2

                                          STATION:  DEER VLY/PHOENIX AZ
                                          MONTH:    SEPTEMBER
                                          YEAR:     2017
                                          LATITUDE:   33 41 N
                                          LONGITUDE: 112  4 W

[TEMPERATURE DATA]      [PRECIPITATION DATA]       SYMBOLS USED IN COLUMN 16

AVERAGE MONTHLY: 86.3   TOTAL FOR MONTH:      T    1 = FOG OR MIST
DPTR FM NORMAL:  -0.4   DPTR FM NORMAL:   -0.75    2 = FOG REDUCING VISIBILITY
HIGHEST:   108 ON 12    GRTST 24HR    T  ON  7- 7      TO 1/4 MILE OR LESS
LOWEST:     56 ON 24                               3 = THUNDER
                        SNOW, ICE PELLETS, HAIL    4 = ICE PELLETS
                        TOTAL MONTH:   0.0 INCH    5 = HAIL
                        GRTST 24HR     0.0         6 = FREEZING RAIN OR DRIZZLE
                        GRTST DEPTH:   0           7 = DUSTSTORM OR SANDSTORM:
                                                       VSBY 1/2 MILE OR LESS
                                                   8 = SMOKE OR HAZE
[NO. OF DAYS WITH]      [WEATHER - DAYS WITH]      9 = BLOWING SNOW
                                                   X = TORNADO
MAX 32 OR BELOW:   0    0.01 INCH OR MORE:   0
MAX 90 OR ABOVE:  20    0.10 INCH OR MORE:   0
MIN 32 OR BELOW:   0    0.50 INCH OR MORE:   0
MIN  0 OR BELOW:   0    1.00 INCH OR MORE:   0

[HDD (BASE 65) ]
TOTAL THIS MO.     0    CLEAR  (SCALE 0-3)  24
DPTR FM NORMAL     0    PTCLDY (SCALE 4-7)   0
TOTAL FM JUL 1     0    CLOUDY (SCALE 8-10)  0
DPTR FM NORMAL     0

[CDD (BASE 65) ]
TOTAL THIS MO.   517
DPTR FM NORMAL    -4    [PRESSURE DATA]
TOTAL FM JAN 1  3741    HIGHEST SLP M ON M
DPTR FM NORMAL   293    LOWEST  SLP 29.56 ON 21

[REMARKS]
