000
CXUS54 KHGX 011900
CF6DWH
PRELIMINARY LOCAL CLIMATOLOGICAL DATA (WS FORM: F-6)

                                          STATION:   HOUSTON/D.W._HOOKS
                                          MONTH:     JULY
                                          YEAR:      2014
                                          LATITUDE:   30  4 N
                                          LONGITUDE:  95 33 W

  TEMPERATURE IN F:       :PCPN:    SNOW:  WIND      :SUNSHINE: SKY     :PK WND
================================================================================
1   2   3   4   5  6A  6B    7    8   9   10  11  12  13   14  15   16   17  18
                                     12Z  AVG MX 2MIN
DY MAX MIN AVG DEP HDD CDD  WTR  SNW DPTH SPD SPD DIR MIN PSBL S-S WX    SPD DR
================================================================================

 1  94  76  85   3   0  20 0.00  0.0    0  3.1 17 180   M    M   4 13     26 180
 2  94  73  84   2   0  19 0.00  0.0    0  1.3 12 180   M    M   1 1      17 190
 3  94  72  83   1   0  18 0.05  0.0    0  2.1 22  40   M    M   3 1      35  20
 4  90  71  81  -1   0  16    T  0.0    0  3.3 10  80   M    M   1 138    15 150
 5  90  73  82   0   0  17 0.09  0.0    0  3.5 17 190   M    M   2 13     26 180
 6  90  72  81  -1   0  16 0.17  0.0    0  3.7 14  80   M    M   2 18     20  90
 7  93  73  83   1   0  18 0.31  0.0    0  2.8  6 200   M    M   2 13      9 180
 8  91  74  83   1   0  18 0.01  0.0    0  4.9 13 200   M    M   2 13     20 210
 9  94  73  84   2   0  19 0.00  0.0    0  4.5 12 190   M    M   0 1      16 200
10  93  73  83   1   0  18    T  0.0    0  5.1 17 200   M    M   1 1      24 190
11  95  72  84   2   0  19 0.01  0.0    0  2.5 17 190   M    M   3 3      23 190
12  95  72  84   2   0  19 0.00  0.0    0  1.4  6 200   M    M   1 1       9 110
13  95  75  85   3   0  20    T  0.0    0  2.9 12 150   M    M   1        17 140
14  95  75  85   3   0  20 0.52  0.0    0  5.0 21 310   M    M   1 1      28 230
15  87  73  80  -2   0  15 0.06  0.0    0  2.4 17 340   M    M   2 1      23 340
16  90  74  82   0   0  17 0.00  0.0    0  1.2 18 190   M    M   3 13     24 200
17  88  74  81  -1   0  16 0.75  0.0    0  3.9 20 210   M    M   4 1      31 220
18  86  74  80  -2   0  15 0.10  0.0    0  5.2 12 230   M    M   7 1      15 220
19  86  72  79  -3   0  14 0.01  0.0    0  3.5  8  20   M    M   6 1      17  50
20  92  73  83   1   0  18 0.03  0.0    0  2.8 10  80   M    M   5 1      14  70
21  96  77  87   5   0  22 0.00  0.0    0  2.5 12 200   M    M   3 1      15 200
22  94  76  85   3   0  20 0.00  0.0    0  1.5  9  60   M    M   2 1      13 100
23  93  77  85   3   0  20    T  0.0    0  2.1 13  10   M    M   4 18     20  10
24  93  75  84   2   0  19 0.00  0.0    0  2.9 10 360   M    M   3        13 180
25  96  74  85   3   0  20 0.00  0.0    0  3.5 10 180   M    M   3 1      16 170
26  94  77  86   3   0  21    T  0.0    0  6.3 14 200   M    M   1        20 190
27  96  76  86   3   0  21 0.00  0.0    0  5.8 14 200   M    M   2 1      20 190
28  96  74  85   2   0  20 0.00  0.0    0  3.5 13 230   M    M   1 1      16 240
29  91  76  84   1   0  19 0.17  0.0    0  2.5 10  30   M    M   2 13     15  30
30  92  73  83   0   0  18 0.00  0.0    0  4.1 13 120   M    M   2 1      20 120
31  94  75  85   2   0  20 1.14  0.0    0  4.6 15 210   M    M   4 123    20 240
================================================================================
SM 2867 2294         0 572  3.42     0.0 104.4          M       78
================================================================================
AV 92.5 74.0                               3.4 FASTST   M    M   3    MAX(MPH)
                                 MISC ---->  # 22  40               # 35   20
================================================================================
NOTES:
# LAST OF SEVERAL OCCURRENCES

COLUMN 17 PEAK WIND IN M.P.H.

PRELIMINARY LOCAL CLIMATOLOGICAL DATA (WS FORM: F-6) , PAGE 2

                                          STATION:  HOUSTON/D.W._HOOKS
                                          MONTH:    JULY
                                          YEAR:     2014
                                          LATITUDE:   30  4 N
                                          LONGITUDE:  95 33 W

[TEMPERATURE DATA]      [PRECIPITATION DATA]       SYMBOLS USED IN COLUMN 16

AVERAGE MONTHLY: 83.2   TOTAL FOR MONTH:   3.42    1 = FOG OR MIST
DPTR FM NORMAL:   1.1   DPTR FM NORMAL:   -0.42    2 = FOG REDUCING VISIBILITY
HIGHEST:    96 ON 28,27 GRTST 24HR  1.14 ON 31-31      TO 1/4 MILE OR LESS
LOWEST:     71 ON  4                               3 = THUNDER
                        SNOW, ICE PELLETS, HAIL    4 = ICE PELLETS
                        TOTAL MONTH:   0.0 INCH    5 = HAIL
                        GRTST 24HR     0.0         6 = FREEZING RAIN OR DRIZZLE
                        GRTST DEPTH:   0           7 = DUSTSTORM OR SANDSTORM:
                                                       VSBY 1/2 MILE OR LESS
                                                   8 = SMOKE OR HAZE
[NO. OF DAYS WITH]      [WEATHER - DAYS WITH]      9 = BLOWING SNOW
                                                   X = TORNADO
MAX 32 OR BELOW:   0    0.01 INCH OR MORE:  14
MAX 90 OR ABOVE:  27    0.10 INCH OR MORE:   7
MIN 32 OR BELOW:   0    0.50 INCH OR MORE:   3
MIN  0 OR BELOW:   0    1.00 INCH OR MORE:   1

[HDD (BASE 65) ]
TOTAL THIS MO.     0    CLEAR  (SCALE 0-3)  23
DPTR FM NORMAL     0    PTCLDY (SCALE 4-7)   8
TOTAL FM JUL 1     0    CLOUDY (SCALE 8-10)  0
DPTR FM NORMAL     0

[CDD (BASE 65) ]
TOTAL THIS MO.   572
DPTR FM NORMAL    40    [PRESSURE DATA]
TOTAL FM JAN 1  1614    HIGHEST SLP 30.20 ON  4
DPTR FM NORMAL    57    LOWEST  SLP 29.82 ON 17

[REMARKS]
#FINAL-07-14#
