000
CXUS54 KMAF 241100
CF6E38
PRELIMINARY LOCAL CLIMATOLOGICAL DATA (WS FORM: F-6)

                                          STATION:   Alpine-Casparis Municipal
                                          MONTH:     AUGUST
                                          YEAR:      2016
                                          LATITUDE:   30 23 N
                                          LONGITUDE: 103 41 W

  TEMPERATURE IN F:       :PCPN:    SNOW:  WIND      :SUNSHINE: SKY     :PK WND
================================================================================
1   2   3   4   5  6A  6B    7    8   9   10  11  12  13   14  15   16   17  18
                                     12Z  AVG MX 2MIN
DY MAX MIN AVG DEP HDD CDD  WTR  SNW DPTH SPD SPD DIR MIN PSBL S-S WX    SPD DR
================================================================================

 1  93  63  78   M   0  13 1.21  0.0    0  7.3 28 220   M    M   2 3      53 220
 2  88  67  78   M   0  13 0.04  0.0    0  4.1 13 110   M    M   2 3      22 110
 3  93  65  79   M   0  14 0.00  0.0    0  4.7 10 270   M    M   1 3       M  M
 4  96  66  81   M   0  16 0.00  0.0    0  6.9 13 120   M    M   1        16  80
 5  96  66  81   M   0  16 0.00  0.0    0  6.4 13 140   M    M   0        18  70
 6  95  70  83   M   0  18 0.00  0.0    0  6.6 15 120   M    M   0        20 150
 7  94  67  81   M   0  16 0.00  0.0    0  5.7 13 150   M    M   1        18 150
 8  95  70  83   M   0  18 0.00  0.0    0  5.6 20 160   M    M   2 3      27 160
 9  88  67  78   M   0  13 0.22  0.0    0  5.8 18 260   M    M   5 3      27 260
10  83  64  74   M   0   9 0.45  0.0    0  4.0 16 230   M    M   5 3      23 230
11  89  68  79   M   0  14 0.00  0.0    0  7.9 15 230   M    M   2        20 180
12  89  67  78   M   0  13 0.00  0.0    0  7.7 20 300   M    M   2 3      32 300
13  71  63  67   M   0   2 1.28  0.0    0  4.1 14  10   M    M   9        18  10
14  77  62  70   M   0   5 0.00  0.0    0  5.4 17  40   M    M   5        22  40
15  80  54  67   M   0   2 0.00  0.0    0  4.9 12  50   M    M   0        18  60
16  83  57  70   M   0   5 0.00  0.0    0  6.0 12  90   M    M   0        20  60
17  83  59  71   M   0   6 0.00  0.0    0  3.8 10 130   M    M   2 3       M  M
18  78  64  71   M   0   6 0.26  0.0    0  5.4 10 220   M    M   6 3       M  M
19  78  64  71   M   0   6 0.02  0.0    0  5.9 13 200   M    M   5         M  M
20  81  64  73   M   0   8 0.00  0.0    0  8.1 16  10   M    M   3 3      22  10
21  78  64  71   M   0   6 0.00  0.0    0  5.7 13  70   M    M   7         M  M
22  82  61  72   M   0   7 0.00  0.0    0  3.2  9 130   M    M   6 3       M  M
23  83  66  75   M   0  10 0.00  0.0    0  7.4 13 200   M    M   6 3      17 190
================================================================================
SM 1973 1478         0 236  3.48     0.0 132.6          M       72
================================================================================
AV 85.8 64.3                               5.8 FASTST   M    M   3    MAX(MPH)
                                 MISC ---->    28   M                 53    M
================================================================================
NOTES:
# LAST OF SEVERAL OCCURRENCES

COLUMN 17 PEAK WIND IN M.P.H.

PRELIMINARY LOCAL CLIMATOLOGICAL DATA (WS FORM: F-6) , PAGE 2

                                          STATION:  Alpine-Casparis Municipal
                                          MONTH:    AUGUST
                                          YEAR:     2016
                                          LATITUDE:   30 23 N
                                          LONGITUDE: 103 41 W

[TEMPERATURE DATA]      [PRECIPITATION DATA]       SYMBOLS USED IN COLUMN 16

AVERAGE MONTHLY: 75.0   TOTAL FOR MONTH:   3.48    1 = FOG OR MIST
DPTR FM NORMAL:     M   DPTR FM NORMAL:       M    2 = FOG REDUCING VISIBILITY
HIGHEST:    96 ON  5, 4 GRTST 24HR  1.28 ON 13-13      TO 1/4 MILE OR LESS
LOWEST:     54 ON 15                               3 = THUNDER
                        SNOW, ICE PELLETS, HAIL    4 = ICE PELLETS
                        TOTAL MONTH:   0.0 INCH    5 = HAIL
                        GRTST 24HR     0.0         6 = FREEZING RAIN OR DRIZZLE
                        GRTST DEPTH:   0           7 = DUSTSTORM OR SANDSTORM:
                                                       VSBY 1/2 MILE OR LESS
                                                   8 = SMOKE OR HAZE
[NO. OF DAYS WITH]      [WEATHER - DAYS WITH]      9 = BLOWING SNOW
                                                   X = TORNADO
MAX 32 OR BELOW:   0    0.01 INCH OR MORE:   7
MAX 90 OR ABOVE:   7    0.10 INCH OR MORE:   5
MIN 32 OR BELOW:   0    0.50 INCH OR MORE:   2
MIN  0 OR BELOW:   0    1.00 INCH OR MORE:   2

[HDD (BASE 65) ]
TOTAL THIS MO.     0    CLEAR  (SCALE 0-3)  13
DPTR FM NORMAL     M    PTCLDY (SCALE 4-7)   9
TOTAL FM JUL 1     0    CLOUDY (SCALE 8-10)  1
DPTR FM NORMAL     M

[CDD (BASE 65) ]
TOTAL THIS MO.   236
DPTR FM NORMAL     M    [PRESSURE DATA]
TOTAL FM JAN 1  1355    HIGHEST SLP M ON M
DPTR FM NORMAL     M    LOWEST  SLP M ON M

[REMARKS]
