000
CXUS53 KGID 240730
CF6EAR
PRELIMINARY LOCAL CLIMATOLOGICAL DATA (WS FORM: F-6)

                                          STATION:   KEARNEY
                                          MONTH:     FEBRUARY
                                          YEAR:      2018
                                          LATITUDE:   40 43 N
                                          LONGITUDE:  99  0 W

  TEMPERATURE IN F:       :PCPN:    SNOW:  WIND      :SUNSHINE: SKY     :PK WND
================================================================================
1   2   3   4   5  6A  6B    7    8   9   10  11  12  13   14  15   16   17  18
                                     12Z  AVG MX 2MIN
DY MAX MIN AVG DEP HDD CDD  WTR  SNW DPTH SPD SPD DIR MIN PSBL S-S WX    SPD DR
================================================================================

 1  34  15  25   0  40   0 0.00    M    M 12.8 24  10   M    M   6        22 360
 2  48  15  32   6  33   0 0.00    M    M 13.0 24 210   M    M   3        32 210
 3  55  21  38  12  27   0    T    M    M 13.3 27 360   M    M   4        35 360
 4  21  -2  10 -16  55   0    M    M    M 13.2 25  10   M    M   5 9      35 360
 5  23   2  13 -13  52   0    T    M    M 16.2 24 360   M    M   4        32 360
 6  10  -6   2 -24  63   0    M    M    M  6.2 14 180   M    M   7 1       M  M
 7  24   4  14 -12  51   0 0.00    M    M  7.9 17 220   M    M   7        22 220
 8  28  15  22  -4  43   0 0.00    M    M  7.8 16 240   M    M   1 1       M  M
 9  18   5  12 -15  53   0    M    M    M 19.3 23  20   M    M   9 1      36  30
10  10  -2   4 -23  61   0    M    M    M  8.6 14 360   M    M   8 1       M  M
11  28  -2  13 -14  52   0 0.00    M    M  7.3 13 300   M    M   0         M  M
12  17   1   9 -18  56   0    T    M    M 12.7 18  90   M    M   3         M  M
13  36  10  23  -5  42   0 0.00    M    M 10.1 17 190   M    M   0        24 180
14  44  19  32   4  33   0 0.00    M    M  5.5 14 220   M    M   0         M  M
15  41  19  30   2  35   0 0.00    M    M 13.2 32 360   M    M   3        43 360
16  35  11  23  -5  42   0    T    M    M 13.7 27 360   M    M   3        33 360
17  48  25  37   9  28   0 0.00    M    M 11.7 17 210   M    M   0        18 150
18  61  26  44  15  21   0 0.00    M    M 21.2 30 200   M    M   1        39 190
19  26  12  19 -10  46   0    M    M    M 17.3 30  20   M    M  10        38  10
20  19   6  13 -16  52   0    M    M    M 15.3 22 340   M    M   5        30 340
21  28   1  15 -15  50   0    T    M    M  6.4 12 100   M    M   2         M  M
22  26  20  23  -7  42   0    M    M    M  7.8 13 150   M    M   8 1       M  M
23  28  13  21  -9  44   0 0.00    M    M  8.4 14  80   M    M   6         M  M
================================================================================
SM  708  228      1021   0    T     M    268.9          M       95
================================================================================
AV 30.8  9.9                              11.7 FASTST   M    M   4    MAX(MPH)
                                 MISC ---->  # 32 360               # 43  360
================================================================================
NOTES:
# LAST OF SEVERAL OCCURRENCES

COLUMN 17 PEAK WIND IN M.P.H.

PRELIMINARY LOCAL CLIMATOLOGICAL DATA (WS FORM: F-6) , PAGE 2

                                          STATION:  KEARNEY
                                          MONTH:    FEBRUARY
                                          YEAR:     2018
                                          LATITUDE:   40 43 N
                                          LONGITUDE:  99  0 W

[TEMPERATURE DATA]      [PRECIPITATION DATA]       SYMBOLS USED IN COLUMN 16

AVERAGE MONTHLY: 20.4   TOTAL FOR MONTH:      T    1 = FOG OR MIST
DPTR FM NORMAL:  -7.1   DPTR FM NORMAL:   -0.41    2 = FOG REDUCING VISIBILITY
HIGHEST:    61 ON 18    GRTST 24HR    T  ON 21-21      TO 1/4 MILE OR LESS
LOWEST:     -6 ON  6                               3 = THUNDER
                        SNOW, ICE PELLETS, HAIL    4 = ICE PELLETS
                        TOTAL MONTH:    M          5 = HAIL
                        GRTST 24HR    M  ON   M    6 = FREEZING RAIN OR DRIZZLE
                        GRTST DEPTH:  M  ON   M    7 = DUSTSTORM OR SANDSTORM:
                                                       VSBY 1/2 MILE OR LESS
                                                   8 = SMOKE OR HAZE
[NO. OF DAYS WITH]      [WEATHER - DAYS WITH]      9 = BLOWING SNOW
                                                   X = TORNADO
MAX 32 OR BELOW:  14    0.01 INCH OR MORE:   0
MAX 90 OR ABOVE:   0    0.10 INCH OR MORE:   0
MIN 32 OR BELOW:  23    0.50 INCH OR MORE:   0
MIN  0 OR BELOW:   4    1.00 INCH OR MORE:   0

[HDD (BASE 65) ]
TOTAL THIS MO.  1021    CLEAR  (SCALE 0-3)  10
DPTR FM NORMAL   157    PTCLDY (SCALE 4-7)  10
TOTAL FM JUL 1  4599    CLOUDY (SCALE 8-10)  3
DPTR FM NORMAL  -159

[CDD (BASE 65) ]
TOTAL THIS MO.     0
DPTR FM NORMAL     0    [PRESSURE DATA]
TOTAL FM JAN 1     0    HIGHEST SLP M ON M
DPTR FM NORMAL     0    LOWEST  SLP M ON M

[REMARKS]
