000
CXUS56 KOTX 270900
CF6EAT
PRELIMINARY LOCAL CLIMATOLOGICAL DATA (WS FORM: F-6)

                                          STATION:   WENATCHEE WA PANGBORN FIELD
                                          MONTH:     JUNE
                                          YEAR:      2017
                                          LATITUDE:   47 23 N
                                          LONGITUDE: 120 12 W

  TEMPERATURE IN F:       :PCPN:    SNOW:  WIND      :SUNSHINE: SKY     :PK WND
================================================================================
1   2   3   4   5  6A  6B    7    8   9   10  11  12  13   14  15   16   17  18
                                     12Z  AVG MX 2MIN
DY MAX MIN AVG DEP HDD CDD  WTR  SNW DPTH SPD SPD DIR MIN PSBL S-S WX    SPD DR
================================================================================

 1  73  58  66   2   0   1 0.08    M    M  7.7 20 300   M    M   3        24 310
 2  78  52  65   1   0   0 0.00    M    M  4.7 13 310   M    M   0        16 280
 3  80  55  68   4   0   3 0.00  0.0    0 11.1 24 310   M    M   0        30 310
 4  72  55  64   0   1   0 0.00    M    M 17.3 29 310   M    M   0        36 310
 5  76  49  63  -2   2   0 0.00    M    M  6.8 16 160   M    M   0        20 140
 6  84  54  69   4   0   4 0.00    M    M  4.8 14 280   M    M   0        16 320
 7  89  61  75  10   0  10 0.00    M    M  6.9 13 350   M    M   0        18 350
 8  74  51  63  -2   2   0 0.11    M    M 10.2 20 300   M    M   4        23 320
 9  69  47  58  -7   7   0    T    M    M  9.3 18 310   M    M   1        23 300
10  65  49  57  -9   8   0 0.00  0.0    M 10.2 24 270   M    M   3        30 290
11  75  50  63  -3   2   0 0.00    M    M  8.0 18 280   M    M   3        24 280
12  76  54  65  -1   0   0 0.00    M    M 19.3 33 290   M    M   0        44 290
13  72  54  63  -3   2   0 0.00    M    M 20.6 33 310   M    M   0        42 300
14  74  48  61  -5   4   0 0.00    M    M  7.7 18 310   M    M   2        23 300
15  67  52  60  -6   5   0 0.01    M    M  5.8 16 130   M    M   7        20 120
16  70  51  61  -6   4   0 0.00    M    M  7.1 20 300   M    M   6        25 310
17  73  50  62  -5   3   0    T    M    M  9.5 20 320   M    M   3        25 310
18  81  58  70   3   0   5 0.00    M    M 14.9 22 310   M    M   5        25 310
19  88  58  73   6   0   8 0.00    M    M  6.6 17 300   M    M   2        21 300
20  87  60  74   6   0   9 0.00    M    M 16.8 31 310   M    M   1        36 300
21  79  57  68   0   0   3 0.00    M    M 21.9 32 300   M    M   0        40 310
22  80  52  66  -2   0   1 0.00    M    M  7.4 22 290   M    M   0        27 290
23  87  54  71   3   0   6 0.00    M    M  5.2 14 290   M    M   0        17 290
24  93  56  75   7   0  10 0.00    M    M  5.7 14 280   M    M   0        17 290
25  95  59  77   8   0  12 0.00    M    M  4.8 13 330   M    M   0        15 330
26  92  68  80  11   0  15    T    M    M 12.4 26 300   M    M   0 3      32 290
================================================================================
SM 2049 1412        40  87  0.20     0.0 262.7          M       40
================================================================================
AV 78.8 54.3                              10.1 FASTST   M    M   2    MAX(MPH)
                                 MISC ---->  # 33 290               # 44  290
================================================================================
NOTES:
# LAST OF SEVERAL OCCURRENCES

COLUMN 17 PEAK WIND IN M.P.H.

PRELIMINARY LOCAL CLIMATOLOGICAL DATA (WS FORM: F-6) , PAGE 2

                                          STATION:  WENATCHEE WA PANGBORN FIELD
                                          MONTH:    JUNE
                                          YEAR:     2017
                                          LATITUDE:   47 23 N
                                          LONGITUDE: 120 12 W

[TEMPERATURE DATA]      [PRECIPITATION DATA]       SYMBOLS USED IN COLUMN 16

AVERAGE MONTHLY: 66.6   TOTAL FOR MONTH:   0.20    1 = FOG OR MIST
DPTR FM NORMAL:   0.3   DPTR FM NORMAL:   -0.35    2 = FOG REDUCING VISIBILITY
HIGHEST:    95 ON 25    GRTST 24HR  0.11 ON  8- 8      TO 1/4 MILE OR LESS
LOWEST:     47 ON  9                               3 = THUNDER
                        SNOW, ICE PELLETS, HAIL    4 = ICE PELLETS
                        TOTAL MONTH:   0.0 INCH    5 = HAIL
                        GRTST 24HR     0.0         6 = FREEZING RAIN OR DRIZZLE
                        GRTST DEPTH:   0           7 = DUSTSTORM OR SANDSTORM:
                                                       VSBY 1/2 MILE OR LESS
                                                   8 = SMOKE OR HAZE
[NO. OF DAYS WITH]      [WEATHER - DAYS WITH]      9 = BLOWING SNOW
                                                   X = TORNADO
MAX 32 OR BELOW:   0    0.01 INCH OR MORE:   3
MAX 90 OR ABOVE:   3    0.10 INCH OR MORE:   1
MIN 32 OR BELOW:   0    0.50 INCH OR MORE:   0
MIN  0 OR BELOW:   0    1.00 INCH OR MORE:   0

[HDD (BASE 65) ]
TOTAL THIS MO.    40    CLEAR  (SCALE 0-3)  21
DPTR FM NORMAL   -14    PTCLDY (SCALE 4-7)   5
TOTAL FM JUL 1  6241    CLOUDY (SCALE 8-10)  0
DPTR FM NORMAL   473

[CDD (BASE 65) ]
TOTAL THIS MO.    87
DPTR FM NORMAL     0    [PRESSURE DATA]
TOTAL FM JAN 1   143    HIGHEST SLP M ON M
DPTR FM NORMAL   -91    LOWEST  SLP 29.52 ON  8

[REMARKS]
