000
CXUS53 KMPX 010700
CF6EAU
PRELIMINARY LOCAL CLIMATOLOGICAL DATA (WS FORM: F-6)

                                          STATION:   EAU CLAIRE WI
                                          MONTH:     APRIL
                                          YEAR:      2017
                                          LATITUDE:   44 52 N
                                          LONGITUDE:  91 29 W

  TEMPERATURE IN F:       :PCPN:    SNOW:  WIND      :SUNSHINE: SKY     :PK WND
================================================================================
1   2   3   4   5  6A  6B    7    8   9   10  11  12  13   14  15   16   17  18
                                     12Z  AVG MX 2MIN
DY MAX MIN AVG DEP HDD CDD  WTR  SNW DPTH SPD SPD DIR MIN PSBL S-S WX    SPD DR
================================================================================

 1  64  26  45   6  20   0 0.00  0.0    0  4.2 14 270   M    M   0        18 220
 2  52  28  40   1  25   0 0.02  0.0    0  5.7 18 170   M    M   7 1      23 180
 3  48  45  47   7  18   0 0.32  0.0    0  6.5 13  60   M    M  10 1      15  60
 4  62  36  49   9  16   0 0.13  0.0    0  6.4 14  30   M    M   3 1      19 340
 5  54  31  43   2  22   0 0.00  0.0    0  5.8 14  10   M    M   0        19  10
 6  54  30  42   1  23   0 0.00  0.0    0  9.2 24 340   M    M   0        34 340
 7  58  23  41  -1  24   0 0.00  0.0    0  3.9 14 220   M    M   0        17 210
 8  70  38  54  12  11   0 0.00  0.0    0 11.0 22 180   M    M   0        29 180
 9  71  52  62  19   3   0 0.41  0.0    0  6.0 30 300   M    M   5 13     47 310
10  53  32  43   0  22   0 0.05    T    0 10.8 22  10   M    M  10 18     31 360
11  45  30  38  -6  27   0 0.07  0.8    1  5.4 13 280   M    M   7 1      17 330
12  56  26  41  -3  24   0 0.06  0.0    0  4.7 14 140   M    M   7 12     17 130
13  56  42  49   4  16   0 0.01  0.0    0  8.2 13  80   M    M   7 1      16 110
14  61  42  52   7  13   0 0.03  0.0    0 11.3 21 120   M    M   7 1      25 130
15  67  52  60  14   5   0 1.23  0.0    0  4.1  9 120   M    M   9 13      M  M
16  64  45  55   9  10   0 0.00  0.0    0 11.9 23 280   M    M   2 1      38 280
17  60  41  51   4  14   0 0.00  0.0    0  4.8 17 130   M    M   3        22 130
18  63  41  52   5  13   0 0.10  0.0    0 13.3 23 260   M    M   7        32 250
19  53  43  48   0  17   0 0.79  0.0    0 11.2 32 120   M    M  10 13     43 110
20  50  35  43  -5  22   0 0.33  0.0    0 10.4 21 320   M    M   9 13     27 320
21  62  31  47  -2  18   0 0.00  0.0    0  5.8 13 310   M    M   0        18 350
22  67  30  49   0  16   0 0.00  0.0    0  4.0 15 270   M    M   0 1      19 260
23  68  43  56   6   9   0 0.00  0.0    0  5.7 14 100   M    M   0        17 110
24  69  39  54   4  11   0 0.00  0.0    0 10.4 25 170   M    M   2        31 180
25  73  50  62  12   3   0 0.55  0.0    0  9.5 17  30   M    M   8 1      24  30
26  50  36  43  -8  22   0 0.32  0.0    0  9.7 16  40   M    M  10 1      21  50
27  36  32  34 -17  31   0 0.00  0.0    0 10.9 17 290   M    M  10 1      22 280
28  50  32  41 -11  24   0 0.00  0.0    0  5.8 16 320   M    M   4        21 320
29  54  31  43  -9  22   0 0.00  0.0    0 10.9 21  70   M    M   1        27  70
30  51  39  45  -7  20   0 0.52  0.0    0 14.6 25  80   M    M  10 1      32  80
================================================================================
SM 1741 1101       521   0  4.94     0.8 242.1          M      148
================================================================================
AV 58.0 36.7                               8.1 FASTST   M    M   5    MAX(MPH)
                                 MISC ---->  # 32 120               # 47  310
================================================================================
NOTES:
# LAST OF SEVERAL OCCURRENCES

COLUMN 17 PEAK WIND IN M.P.H.

PRELIMINARY LOCAL CLIMATOLOGICAL DATA (WS FORM: F-6) , PAGE 2

                                          STATION:  EAU CLAIRE WI
                                          MONTH:    APRIL
                                          YEAR:     2017
                                          LATITUDE:   44 52 N
                                          LONGITUDE:  91 29 W

[TEMPERATURE DATA]      [PRECIPITATION DATA]       SYMBOLS USED IN COLUMN 16

AVERAGE MONTHLY: 47.4   TOTAL FOR MONTH:   4.94    1 = FOG OR MIST
DPTR FM NORMAL:   1.4   DPTR FM NORMAL:    2.19    2 = FOG REDUCING VISIBILITY
HIGHEST:    73 ON 25    GRTST 24HR  1.23 ON 15-15      TO 1/4 MILE OR LESS
LOWEST:     23 ON  7                               3 = THUNDER
                        SNOW, ICE PELLETS, HAIL    4 = ICE PELLETS
                        TOTAL MONTH:   0.8 INCH    5 = HAIL
                        GRTST 24HR   0.8 ON   M    6 = FREEZING RAIN OR DRIZZLE
                        GRTST DEPTH:   1 ON 11     7 = DUSTSTORM OR SANDSTORM:
                                                       VSBY 1/2 MILE OR LESS
                                                   8 = SMOKE OR HAZE
[NO. OF DAYS WITH]      [WEATHER - DAYS WITH]      9 = BLOWING SNOW
                                                   X = TORNADO
MAX 32 OR BELOW:   0    0.01 INCH OR MORE:  16
MAX 90 OR ABOVE:   0    0.10 INCH OR MORE:  10
MIN 32 OR BELOW:  13    0.50 INCH OR MORE:   4
MIN  0 OR BELOW:   0    1.00 INCH OR MORE:   1

[HDD (BASE 65) ]
TOTAL THIS MO.   521    CLEAR  (SCALE 0-3)  12
DPTR FM NORMAL   -55    PTCLDY (SCALE 4-7)  10
TOTAL FM JUL 1  6681    CLOUDY (SCALE 8-10)  8
DPTR FM NORMAL  -959

[CDD (BASE 65) ]
TOTAL THIS MO.     0
DPTR FM NORMAL    -4    [PRESSURE DATA]
TOTAL FM JAN 1     0    HIGHEST SLP M ON M
DPTR FM NORMAL    -4    LOWEST  SLP 29.44 ON  8

[REMARKS]
#FINAL-04-17#
