000
CXUS55 KEAX 010736
CF6EAX
PRELIMINARY LOCAL CLIMATOLOGICAL DATA (WS FORM: F-6)

                                          STATION:   Pleasant Hill NWS MO
                                          MONTH:     JUNE
                                          YEAR:      2015
                                          LATITUDE:   38 48 N
                                          LONGITUDE:  94 16 W

  TEMPERATURE IN F:       :PCPN:    SNOW:  WIND      :SUNSHINE: SKY     :PK WND
================================================================================
1   2   3   4   5  6A  6B    7    8   9   10  11  12  13   14  15   16   17  18
                                     12Z  AVG MX 2MIN
DY MAX MIN AVG DEP HDD CDD  WTR  SNW DPTH SPD SPD DIR MIN PSBL S-S WX    SPD DR
================================================================================

 1  63  56  60  -9   5   0    T  0.0    0   M   M   M   0    0   0         0   0
 2  75  57  66  -4   0   1 0.00  0.0    0   M   M   M   0    0   0         0   0
 3  71  62  67  -3   0   2 0.65  0.0    0   M   M   M   0    0   0 3       0   0
 4  78  63  71   1   0   6 0.39  0.0    0   M   M   M   0    0   0         0   0
 5  83  62  73   3   0   8 0.86  0.0    0   M   M   M   0    0   0         0   0
 6  85  65  75   4   0  10 0.28  0.0    0   M   M   M   0    0   0 1       0   0
 7  90  69  80   9   0  15 0.55  0.0    0   M   M   M   0    0   0         0   0
 8  86  66  76   5   0  11 0.02  0.0    0   M   M   M   0    0   0         0   0
 9  91  67  79   7   0  14 0.00  0.0    0   M   M   M   0    0   0         0   0
10  92  72  82  10   0  17 0.00  0.0    0   M   M   M   0    0   0         0   0
11  89  72  81   9   0  16    T  0.0    0   M   M   M   0    0   0         0   0
12  81  62  72   0   0   7    T  0.0    0   M   M   M   0    0   0         0   0
13  80  68  74   1   0   9 0.05  0.0    0   M   M   M   0    0   0         0   0
14  85  69  77   4   0  12 0.58  0.0    0   M   M   M   0    0   0         0   0
15  80  69  75   2   0  10 0.11  0.0    0   M   M   M   0    0   0         0   0
16  77  67  72  -1   0   7 0.03  0.0    0   M   M   M   0    0   0         0   0
17  83  71  77   3   0  12    T  0.0    0   M   M   M   0    0   0         0   0
18  83  69  76   2   0  11 0.00  0.0    0   M   M   M   0    0   0         0   0
19  84  64  74   0   0   9 0.00  0.0    0   M   M   M   0    0   0         0   0
20  93  64  79   5   0  14 0.00  0.0    0   M   M   M   0    0   0         0   0
21  85  72  79   4   0  14    T  0.0    0   M   M   M   0    0   0         0   0
22  89  73  81   6   0  16    T  0.0    0   M   M   M   0    0   0         0   0
23  80  65  73  -2   0   8 0.20  0.0    0   M   M   M   0    0   0         0   0
24  92  65  79   4   0  14 0.00  0.0    0   M   M   M   0    0   0         0   0
25  94  70  82   6   0  17 0.00  0.0    0   M   M   M   0    0   0         0   0
26  82  67  75  -1   0  10 1.62  0.0    0   M   M   M   0    0   0 3       0   0
27  82  61  72  -4   0   7 0.00  0.0    0   M   M   M   0    0   0         0   0
28  87  65  76   0   0  11 0.00  0.0    0   M   M   M   0    0   0         0   0
29   M   M   M   M   M   M    M  0.0    0   M   M   M   0    0   0         0   0
30  87  68  78   2   0  13 0.00  0.0    0   M   M   M   0    0   0         0   0
================================================================================
SM 2427 1920         5 301  5.34     0.0     M            0      0
================================================================================
AV 83.7 66.2                                 M FASTST    0   0   0    MAX(MPH)
                                 MISC ---->     M   M               #  0    0
================================================================================
NOTES:
# LAST OF SEVERAL OCCURRENCES

COLUMN 17 PEAK WIND IN M.P.H.

PRELIMINARY LOCAL CLIMATOLOGICAL DATA (WS FORM: F-6) , PAGE 2

                                          STATION:  Pleasant Hill NWS MO
                                          MONTH:    JUNE
                                          YEAR:     2015
                                          LATITUDE:   38 48 N
                                          LONGITUDE:  94 16 W

[TEMPERATURE DATA]      [PRECIPITATION DATA]       SYMBOLS USED IN COLUMN 16

AVERAGE MONTHLY: 74.9   TOTAL FOR MONTH:   5.34    1 = FOG OR MIST
DPTR FM NORMAL:   1.7   DPTR FM NORMAL:   -0.71    2 = FOG REDUCING VISIBILITY
HIGHEST:    94 ON 25    GRTST 24HR  1.62 ON 26-26      TO 1/4 MILE OR LESS
LOWEST:     56 ON  1                               3 = THUNDER
                        SNOW, ICE PELLETS, HAIL    4 = ICE PELLETS
                        TOTAL MONTH:   0.0 INCH    5 = HAIL
                        GRTST 24HR     0.0         6 = FREEZING RAIN OR DRIZZLE
                        GRTST DEPTH:   0           7 = DUSTSTORM OR SANDSTORM:
                                                       VSBY 1/2 MILE OR LESS
                                                   8 = SMOKE OR HAZE
[NO. OF DAYS WITH]      [WEATHER - DAYS WITH]      9 = BLOWING SNOW
                                                   X = TORNADO
MAX 32 OR BELOW:   0    0.01 INCH OR MORE:  12
MAX 90 OR ABOVE:   6    0.10 INCH OR MORE:   9
MIN 32 OR BELOW:   0    0.50 INCH OR MORE:   5
MIN  0 OR BELOW:   0    1.00 INCH OR MORE:   1

[HDD (BASE 65) ]
TOTAL THIS MO.     5    CLEAR  (SCALE 0-3)  30
DPTR FM NORMAL    -4    PTCLDY (SCALE 4-7)   0
TOTAL FM JUL 1  5108    CLOUDY (SCALE 8-10)  0
DPTR FM NORMAL   -48

[CDD (BASE 65) ]
TOTAL THIS MO.   301
DPTR FM NORMAL    48    [PRESSURE DATA]
TOTAL FM JAN 1   362    HIGHEST SLP  0.00 ON M
DPTR FM NORMAL    13    LOWEST  SLP  0.00 ON M

[REMARKS]
#FINAL-06-15#
