000
CXUS51 KAKQ 291010
CF6ECG
PRELIMINARY LOCAL CLIMATOLOGICAL DATA (WS FORM: F-6)

                                          STATION:   ELIZABETH CITY NC
                                          MONTH:     JUNE
                                          YEAR:      2017
                                          LATITUDE:   36 16 N
                                          LONGITUDE:  76 11 W

  TEMPERATURE IN F:       :PCPN:    SNOW:  WIND      :SUNSHINE: SKY     :PK WND
================================================================================
1   2   3   4   5  6A  6B    7    8   9   10  11  12  13   14  15   16   17  18
                                     12Z  AVG MX 2MIN
DY MAX MIN AVG DEP HDD CDD  WTR  SNW DPTH SPD SPD DIR MIN PSBL S-S WX    SPD DR
================================================================================

 1  87  70  79   7   0  14 0.00  0.0    0  6.5 13 120   M    M   0         M  M
 2  86  64  75   3   0  10 0.00  0.0    0  7.5 20 360   M    M   1 8      19 360
 3  87  61  74   2   0   9 0.00  0.0    0  6.0 20 290   M    M   1        27 280
 4  88  60  74   1   0   9    T  0.0    0  8.2 18 220   M    M   1 3      24 190
 5  85  71  78   5   0  13 0.81  0.0    0 11.2 24 180   M    M   6 13     31 170
 6  83  66  75   2   0  10 0.32  0.0    0  5.7 21 320   M    M   6 18     27 320
 7  71  60  66  -8   0   1 0.01  0.0    0 15.0 22  40   M    M   9 1      26  40
 8  67  54  61 -13   4   0 0.03  0.0    0 13.7 23  10   M    M   8        30  40
 9  82  51  67  -7   0   2 0.00  0.0    0  7.1 15 270   M    M   2        23 240
10  86  63  75   1   0  10 0.00  0.0    0  6.5 13 200   M    M   0        17 200
11  89  68  79   4   0  14 0.00  0.0    0  9.0 16 200   M    M   0        21 180
12  90  68  79   4   0  14 0.00  0.0    0  8.7 15 220   M    M   0        20 210
13  89  67  78   3   0  13 0.00  0.0    0 10.4 17 200   M    M   0        21 210
14  92  70  81   6   0  16 0.00  0.0    0  8.7 20 360   M    M   0 3      24  10
15  80  72  76   0   0  11    T  0.0    0  6.0 13  40   M    M   9 18     15  40
16  88  72  80   4   0  15 0.16  0.0    0  4.8 23 190   M    M   6 13     35 200
17  86  72  79   3   0  14 0.21  0.0    0  8.9 23 170   M    M   2 13     31 170
18  90  77  84   8   0  19    T  0.0    0 12.5 18 190   M    M   4        25 190
19  91  78  85   9   0  20 0.01  0.0    0 15.2 23 210   M    M   4        31 190
20  80  72  76  -1   0  11 1.13  0.0    0  7.2 21 210   M    M   7 13     27 210
21  81  70  76  -1   0  11 0.05  0.0    0  7.9 21 280   M    M   6 1      29 280
22  88  73  81   4   0  16 0.00  0.0    0  9.3 14 240   M    M   2        18 240
23  90  75  83   6   0  18 0.00  0.0    0 12.9 22 200   M    M   3        28 190
24  90  72  81   4   0  16 0.69  0.0    0 13.2 30 220   M    M   3 13     40 220
25  89  72  81   3   0  16 0.00  0.0    0  5.8 12 310   M    M   2        20  50
26  83  64  74  -4   0   9 0.00  0.0    0  7.4 15 110   M    M   0        19 110
27  85  65  75  -3   0  10 0.00  0.0    0  5.8 17  50   M    M   2 1      24  20
28  80  60  70  -8   0   5 0.00  0.0    0  7.3 16  40   M    M   0 18     20  40
================================================================================
SM 2383 1887         4 326  3.42     0.0 248.4          M       84
================================================================================
AV 85.1 67.4                               8.9 FASTST   M    M   3    MAX(MPH)
                                 MISC ---->  # 30 220               # 40  220
================================================================================
NOTES:
# LAST OF SEVERAL OCCURRENCES

COLUMN 17 PEAK WIND IN M.P.H.

PRELIMINARY LOCAL CLIMATOLOGICAL DATA (WS FORM: F-6) , PAGE 2

                                          STATION:  ELIZABETH CITY NC
                                          MONTH:    JUNE
                                          YEAR:     2017
                                          LATITUDE:   36 16 N
                                          LONGITUDE:  76 11 W

[TEMPERATURE DATA]      [PRECIPITATION DATA]       SYMBOLS USED IN COLUMN 16

AVERAGE MONTHLY: 76.3   TOTAL FOR MONTH:   3.42    1 = FOG OR MIST
DPTR FM NORMAL:   1.0   DPTR FM NORMAL:   -0.77    2 = FOG REDUCING VISIBILITY
HIGHEST:    92 ON 14    GRTST 24HR  1.13 ON 20-20      TO 1/4 MILE OR LESS
LOWEST:     51 ON  9                               3 = THUNDER
                        SNOW, ICE PELLETS, HAIL    4 = ICE PELLETS
                        TOTAL MONTH:   0.0 INCH    5 = HAIL
                        GRTST 24HR     0.0         6 = FREEZING RAIN OR DRIZZLE
                        GRTST DEPTH:   0           7 = DUSTSTORM OR SANDSTORM:
                                                       VSBY 1/2 MILE OR LESS
                                                   8 = SMOKE OR HAZE
[NO. OF DAYS WITH]      [WEATHER - DAYS WITH]      9 = BLOWING SNOW
                                                   X = TORNADO
MAX 32 OR BELOW:   0    0.01 INCH OR MORE:  10
MAX 90 OR ABOVE:   6    0.10 INCH OR MORE:   6
MIN 32 OR BELOW:   0    0.50 INCH OR MORE:   3
MIN  0 OR BELOW:   0    1.00 INCH OR MORE:   1

[HDD (BASE 65) ]
TOTAL THIS MO.     4    CLEAR  (SCALE 0-3)  16
DPTR FM NORMAL     4    PTCLDY (SCALE 4-7)  10
TOTAL FM JUL 1  2691    CLOUDY (SCALE 8-10)  2
DPTR FM NORMAL  -538

[CDD (BASE 65) ]
TOTAL THIS MO.   326
DPTR FM NORMAL    38    [PRESSURE DATA]
TOTAL FM JAN 1   624    HIGHEST SLP M ON M
DPTR FM NORMAL   172    LOWEST  SLP 29.64 ON  5

[REMARKS]
