000
CXUS51 KAKQ 271010
CF6ECG
PRELIMINARY LOCAL CLIMATOLOGICAL DATA (WS FORM: F-6)

                                          STATION:   ELIZABETH CITY NC
                                          MONTH:     MARCH
                                          YEAR:      2015
                                          LATITUDE:   36 16 N
                                          LONGITUDE:  76 11 W

  TEMPERATURE IN F:       :PCPN:    SNOW:  WIND      :SUNSHINE: SKY     :PK WND
================================================================================
1   2   3   4   5  6A  6B    7    8   9   10  11  12  13   14  15   16   17  18
                                     12Z  AVG MX 2MIN
DY MAX MIN AVG DEP HDD CDD  WTR  SNW DPTH SPD SPD DIR MIN PSBL S-S WX    SPD DR
================================================================================

 1  45  28  37  -9  28   0 0.62  0.0    0  5.9 17 300   M    M   8 1      23 280
 2  50  37  44  -2  21   0    T  0.0    0 10.2 22  10   M    M   7 12     28  10
 3  47  32  40  -7  25   0    T    M    0  6.8 14  30   M    M   6 1      16  40
 4  76  46  61  14   4   0    T    M    0 13.2 23 240   M    M   6 12     29 230
 5  63  30  47   0  18   0 0.41    M    0 16.5 29 350   M    M   8 14     36 350
 6  34  24  29 -18  36   0 0.00  0.0    0 14.9 29 360   M    M   3        36 360
 7  51  20  36 -12  29   0 0.00  0.0    0  6.4 14 210   M    M   0        20 150
 8  68  34  51   3  14   0 0.00  0.0    0  8.6 16  90   M    M   0        33 190
 9  67  44  56   8   9   0 0.00  0.0    0  6.7 13 210   M    M   3        21 160
10  71  48  60  12   5   0    T  0.0    0  6.0 20 200   M    M   6        26 210
11  78  54  66  17   0   1 0.11  0.0    0  9.0 16 260   M    M   8 1      23 250
12  58  40  49   0  16   0 0.01  0.0    0  9.6 23  10   M    M   1 12     28  10
13  58  39  49   0  16   0 0.01  0.0    0  7.7 16  60   M    M   4        18  70
14  68  50  59  10   6   0 0.52  0.0    0 10.7 21 190   M    M   9 1      31 180
15  68  40  54   4  11   0 0.00  0.0    0 12.7 25 280   M    M   1        32 300
16  72  35  54   4  11   0 0.00  0.0    0  6.8 15 200   M    M   0        20 210
17  81  51  66  16   0   1 0.00  0.0    0 12.1 24 360   M    M   1        31 360
18  56  37  47  -4  18   0 0.00  0.0    0 11.1 26 350   M    M   0        35 350
19  51  42  47  -4  18   0 0.01    M    0  8.5 17  50   M    M   5        20  50
20  58  42  50  -1  15   0 0.43    M    0 11.3 21 330   M    M  10 1      24 350
21  60  39  50  -2  15   0 0.00  0.0    0  8.8 18 330   M    M   3        29 210
22  53  46  50  -2  15   0 0.00  0.0    0  9.6 23  30   M    M   0        26  30
23  48  38  43  -9  22   0 0.00  0.0    0 14.1 24  30   M    M   6        32  30
24  54  38  46  -6  19   0    T    M    0 10.7 17  30   M    M   6        22  20
25  67  43  55   2  10   0 0.00  0.0    0  8.4 15  40   M    M   4        18  40
26  75  60  68  15   0   3 0.04  0.0    0 12.1 28 190   M    M   4 1      40 210
================================================================================
SM 1577 1037       381   5  2.16     0.0 258.4          M      109
================================================================================
AV 60.7 39.9                               9.9 FASTST   M    M   4    MAX(MPH)
                                 MISC ---->  # 29 350               # 40  210
================================================================================
NOTES:
# LAST OF SEVERAL OCCURRENCES

COLUMN 17 PEAK WIND IN M.P.H.

PRELIMINARY LOCAL CLIMATOLOGICAL DATA (WS FORM: F-6) , PAGE 2

                                          STATION:  ELIZABETH CITY NC
                                          MONTH:    MARCH
                                          YEAR:     2015
                                          LATITUDE:   36 16 N
                                          LONGITUDE:  76 11 W

[TEMPERATURE DATA]      [PRECIPITATION DATA]       SYMBOLS USED IN COLUMN 16

AVERAGE MONTHLY: 50.3   TOTAL FOR MONTH:   2.16    1 = FOG OR MIST
DPTR FM NORMAL:   0.8   DPTR FM NORMAL:   -1.06    2 = FOG REDUCING VISIBILITY
HIGHEST:    81 ON 17    GRTST 24HR  0.62 ON  1- 1      TO 1/4 MILE OR LESS
LOWEST:     20 ON  7                               3 = THUNDER
                        SNOW, ICE PELLETS, HAIL    4 = ICE PELLETS
                        TOTAL MONTH:   0.0 INCH    5 = HAIL
                        GRTST 24HR     0.0         6 = FREEZING RAIN OR DRIZZLE
                        GRTST DEPTH:   0           7 = DUSTSTORM OR SANDSTORM:
                                                       VSBY 1/2 MILE OR LESS
                                                   8 = SMOKE OR HAZE
[NO. OF DAYS WITH]      [WEATHER - DAYS WITH]      9 = BLOWING SNOW
                                                   X = TORNADO
MAX 32 OR BELOW:   0    0.01 INCH OR MORE:   9
MAX 90 OR ABOVE:   0    0.10 INCH OR MORE:   5
MIN 32 OR BELOW:   5    0.50 INCH OR MORE:   2
MIN  0 OR BELOW:   0    1.00 INCH OR MORE:   0

[HDD (BASE 65) ]
TOTAL THIS MO.   381    CLEAR  (SCALE 0-3)  10
DPTR FM NORMAL   -27    PTCLDY (SCALE 4-7)  12
TOTAL FM JUL 1  2915    CLOUDY (SCALE 8-10)  4
DPTR FM NORMAL    35

[CDD (BASE 65) ]
TOTAL THIS MO.     5
DPTR FM NORMAL     5    [PRESSURE DATA]
TOTAL FM JAN 1     7    HIGHEST SLP M ON M
DPTR FM NORMAL     5    LOWEST  SLP 29.65 ON 17

[REMARKS]
