000
CXUS51 KAKQ 231010
CF6ECG
PRELIMINARY LOCAL CLIMATOLOGICAL DATA (WS FORM: F-6)

                                          STATION:   ELIZABETH CITY NC
                                          MONTH:     MARCH
                                          YEAR:      2017
                                          LATITUDE:   36 16 N
                                          LONGITUDE:  76 11 W

  TEMPERATURE IN F:       :PCPN:    SNOW:  WIND      :SUNSHINE: SKY     :PK WND
================================================================================
1   2   3   4   5  6A  6B    7    8   9   10  11  12  13   14  15   16   17  18
                                     12Z  AVG MX 2MIN
DY MAX MIN AVG DEP HDD CDD  WTR  SNW DPTH SPD SPD DIR MIN PSBL S-S WX    SPD DR
================================================================================

 1  82  61  72  26   0   7 0.34  0.0    0 16.2 30 220   M    M   4 13     39 220
 2  63  38  51   5  14   0 0.29  0.0    0 14.2 28 300   M    M   3 13     39 310
 3  55  31  43  -4  22   0 0.00  0.0    0 12.7 30 270   M    M   2        39 300
 4  49  28  39  -8  26   0 0.00  0.0    0  8.1 17 310   M    M   0        23 310
 5  44  29  37 -10  28   0 0.00  0.0    0  9.9 20  20   M    M   0        23  30
 6  58  26  42  -5  23   0 0.00  0.0    0  6.5 17 120   M    M   0        20 120
 7  71  44  58  10   7   0 0.00  0.0    0 12.2 23 200   M    M   1        32 210
 8  65  48  57   9   8   0 0.01  0.0    0 11.4 24 330   M    M   5        30 320
 9  73  44  59  11   6   0 0.00  0.0    0  9.1 16 210   M    M   0        21 200
10  64  39  52   4  13   0 0.01  0.0    0 15.0 37 350   M    M   2        46 340
11  46  34  40  -9  25   0 0.00  0.0    0  9.1 17  90   M    M   0        20 100
12  45  32  39 -10  26   0    T    M    0  9.2 20  20   M    M   3        25  20
13  57  33  45  -4  20   0 0.51  0.0    0 14.4 24 120   M    M   5 1      34 100
14  62  36  49   0  16   0 0.88    M    0 18.4 32 300   M    M   8 1      46 320
15  38  25  32 -18  33   0 0.00  0.0    0 18.6 30 280   M    M   0        38 280
16  46  22  34 -16  31   0 0.00  0.0    0  9.9 20 280   M    M   0        26 280
17  54  24  39 -11  26   0    T    M    0  6.8 18 210   M    M   3        22 210
18  50  44  47  -4  18   0 0.53    M    0 10.4 20 220   M    M  10 1      25 200
19  48  34  41 -10  24   0 0.26    T    0 13.5 26 340   M    M   7 1      33 330
20  58  32  45  -6  20   0 0.00  0.0    0  7.7 17 300   M    M   1        28 290
21  73  47  60   8   5   0 0.02  0.0    0  6.7 15  50   M    M   6 1      17  50
22  55  38  47  -5  18   0 0.06    M    0 11.2 26  10   M    M   5 1      35  10
================================================================================
SM 1256  789       409   7  2.91    T    251.2          M       65
================================================================================
AV 57.1 35.9                              11.4 FASTST   M    M   3    MAX(MPH)
                                 MISC ---->  # 37 350               # 46  340
================================================================================
NOTES:
# LAST OF SEVERAL OCCURRENCES

COLUMN 17 PEAK WIND IN M.P.H.

PRELIMINARY LOCAL CLIMATOLOGICAL DATA (WS FORM: F-6) , PAGE 2

                                          STATION:  ELIZABETH CITY NC
                                          MONTH:    MARCH
                                          YEAR:     2017
                                          LATITUDE:   36 16 N
                                          LONGITUDE:  76 11 W

[TEMPERATURE DATA]      [PRECIPITATION DATA]       SYMBOLS USED IN COLUMN 16

AVERAGE MONTHLY: 46.5   TOTAL FOR MONTH:   2.91    1 = FOG OR MIST
DPTR FM NORMAL:  -2.4   DPTR FM NORMAL:    0.26    2 = FOG REDUCING VISIBILITY
HIGHEST:    82 ON  1    GRTST 24HR  0.88 ON 14-14      TO 1/4 MILE OR LESS
LOWEST:     22 ON 16                               3 = THUNDER
                        SNOW, ICE PELLETS, HAIL    4 = ICE PELLETS
                        TOTAL MONTH:    T          5 = HAIL
                        GRTST 24HR    T  ON 19-19  6 = FREEZING RAIN OR DRIZZLE
                        GRTST DEPTH:   0           7 = DUSTSTORM OR SANDSTORM:
                                                       VSBY 1/2 MILE OR LESS
                                                   8 = SMOKE OR HAZE
[NO. OF DAYS WITH]      [WEATHER - DAYS WITH]      9 = BLOWING SNOW
                                                   X = TORNADO
MAX 32 OR BELOW:   0    0.01 INCH OR MORE:  10
MAX 90 OR ABOVE:   0    0.10 INCH OR MORE:   6
MIN 32 OR BELOW:   9    0.50 INCH OR MORE:   3
MIN  0 OR BELOW:   0    1.00 INCH OR MORE:   0

[HDD (BASE 65) ]
TOTAL THIS MO.   409    CLEAR  (SCALE 0-3)  13
DPTR FM NORMAL    52    PTCLDY (SCALE 4-7)   8
TOTAL FM JUL 1  2504    CLOUDY (SCALE 8-10)  1
DPTR FM NORMAL  -325

[CDD (BASE 65) ]
TOTAL THIS MO.     7
DPTR FM NORMAL     7    [PRESSURE DATA]
TOTAL FM JAN 1    10    HIGHEST SLP M ON M
DPTR FM NORMAL     8    LOWEST  SLP 29.31 ON 14

[REMARKS]
