000
CXUS55 KVEF 260940
CF6EED
PRELIMINARY LOCAL CLIMATOLOGICAL DATA (WS FORM: F-6)

                                          STATION:   NEEDLES CA
                                          MONTH:     MAY
                                          YEAR:      2017
                                          LATITUDE:   34 46 N
                                          LONGITUDE: 114 37 W

  TEMPERATURE IN F:       :PCPN:    SNOW:  WIND      :SUNSHINE: SKY     :PK WND
================================================================================
1   2   3   4   5  6A  6B    7    8   9   10  11  12  13   14  15   16   17  18
                                     12Z  AVG MX 2MIN
DY MAX MIN AVG DEP HDD CDD  WTR  SNW DPTH SPD SPD DIR MIN PSBL S-S WX    SPD DR
================================================================================

 1  98  63  81   4   0  16 0.00  0.0    0  4.9 14  10   M    M   0        20  30
 2 102  68  85   8   0  20 0.00  0.0    0  4.7 14  40   M    M   0        20  30
 3 102  72  87   9   0  22 0.00  0.0    0 11.5 26  40   M    M   0        32  30
 4 106  71  89  11   0  24 0.00  0.0    0  6.4 16  30   M    M   0        20  20
 5 108  75  92  14   0  27 0.00  0.0    0  8.9 23 220   M    M   0        29 210
 6  95  65  80   1   0  15    T  0.0    0 19.6 35 200   M    M   1        47 210
 7  74  60  67 -12   0   2 0.00  0.0    0  8.7 22 200   M    M   4        29 200
 8  86  60  73  -6   0   8 0.00  0.0    0  6.6 23 210   M    M   0        30 210
 9  72  58  65 -15   0   0 0.15  0.0    0  8.1 28 210   M    M   6 1      34 210
10  82  57  70 -10   0   5 0.03  0.0    0  5.0 15 200   M    M   4        20 210
11  93  65  79  -1   0  14 0.00  0.0    0  4.7 14 220   M    M   0        17 220
12  99  71  85   4   0  20 0.00  0.0    0  8.9 25 210   M    M   0        37 230
13  92  70  81   0   0  16 0.00  0.0    0  8.1 17 250   M    M   0        20 220
14  93  64  79  -2   0  14 0.00  0.0    0 11.6 24 190   M    M   0        32 200
15  84  67  76  -6   0  11 0.00  0.0    0 12.8 28 190   M    M   1        34 220
16  85  60  73  -9   0   8 0.00  0.0    0  8.8 22 230   M    M   0        28 230
17  89  67  78  -4   0  13 0.00  0.0    0 14.3 26  10   M    M   2        45 270
18  86  64  75  -7   0  10 0.00  0.0    0 11.9 43  10   M    M   0        54  10
19  90  62  76  -7   0  11 0.00  0.0    0 11.7 25  20   M    M   0        32  10
20  97  66  82  -1   0  17 0.00  0.0    0  7.5 18  10   M    M   0        25  20
21 105  69  87   4   0  22 0.00  0.0    0  5.0 13 250   M    M   0        19 130
22 106  75  91   7   0  26 0.00  0.0    0 10.7 26  30   M    M   0        32  30
23 110  74  92   8   0  27 0.00  0.0    0  5.8 14 250   M    M   0        19  40
24 111  78  95  11   0  30 0.00  0.0    0 10.4 25 240   M    M   0        31 240
25 106  81  94  10   0  29 0.00  0.0    0 12.8 26 190   M    M   0        34 180
================================================================================
SM 2371 1682         0 407  0.18     0.0 229.4          M       18
================================================================================
AV 94.8 67.3                               9.2 FASTST   M    M   1    MAX(MPH)
                                 MISC ---->  # 43  10               # 54   10
================================================================================
NOTES:
# LAST OF SEVERAL OCCURRENCES

COLUMN 17 PEAK WIND IN M.P.H.

PRELIMINARY LOCAL CLIMATOLOGICAL DATA (WS FORM: F-6) , PAGE 2

                                          STATION:  NEEDLES CA
                                          MONTH:    MAY
                                          YEAR:     2017
                                          LATITUDE:   34 46 N
                                          LONGITUDE: 114 37 W

[TEMPERATURE DATA]      [PRECIPITATION DATA]       SYMBOLS USED IN COLUMN 16

AVERAGE MONTHLY: 81.1   TOTAL FOR MONTH:   0.18    1 = FOG OR MIST
DPTR FM NORMAL:   0.2   DPTR FM NORMAL:    0.10    2 = FOG REDUCING VISIBILITY
HIGHEST:   111 ON 24    GRTST 24HR  0.15 ON  9- 9      TO 1/4 MILE OR LESS
LOWEST:     57 ON 10                               3 = THUNDER
                        SNOW, ICE PELLETS, HAIL    4 = ICE PELLETS
                        TOTAL MONTH:   0.0 INCH    5 = HAIL
                        GRTST 24HR     0.0         6 = FREEZING RAIN OR DRIZZLE
                        GRTST DEPTH:   0           7 = DUSTSTORM OR SANDSTORM:
                                                       VSBY 1/2 MILE OR LESS
                                                   8 = SMOKE OR HAZE
[NO. OF DAYS WITH]      [WEATHER - DAYS WITH]      9 = BLOWING SNOW
                                                   X = TORNADO
MAX 32 OR BELOW:   0    0.01 INCH OR MORE:   2
MAX 90 OR ABOVE:  17    0.10 INCH OR MORE:   1
MIN 32 OR BELOW:   0    0.50 INCH OR MORE:   0
MIN  0 OR BELOW:   0    1.00 INCH OR MORE:   0

[HDD (BASE 65) ]
TOTAL THIS MO.     0    CLEAR  (SCALE 0-3)  22
DPTR FM NORMAL     0    PTCLDY (SCALE 4-7)   3
TOTAL FM JUL 1   757    CLOUDY (SCALE 8-10)  0
DPTR FM NORMAL  -413

[CDD (BASE 65) ]
TOTAL THIS MO.   407
DPTR FM NORMAL    13    [PRESSURE DATA]
TOTAL FM JAN 1  1020    HIGHEST SLP M ON M
DPTR FM NORMAL   314    LOWEST  SLP 29.36 ON 24

[REMARKS]
