000
CXUS55 KVEF 240940
CF6EED
PRELIMINARY LOCAL CLIMATOLOGICAL DATA (WS FORM: F-6)

                                          STATION:   NEEDLES CA
                                          MONTH:     JULY
                                          YEAR:      2017
                                          LATITUDE:   34 46 N
                                          LONGITUDE: 114 37 W

  TEMPERATURE IN F:       :PCPN:    SNOW:  WIND      :SUNSHINE: SKY     :PK WND
================================================================================
1   2   3   4   5  6A  6B    7    8   9   10  11  12  13   14  15   16   17  18
                                     12Z  AVG MX 2MIN
DY MAX MIN AVG DEP HDD CDD  WTR  SNW DPTH SPD SPD DIR MIN PSBL S-S WX    SPD DR
================================================================================

 1 114  85 100   5   0  35 0.00  0.0    0  9.6 23 200   M    M   1        32 200
 2 111  84  98   3   0  33 0.00  0.0    0  9.4 23 210   M    M   0        30 210
 3 113  88 101   5   0  36 0.00  0.0    0  8.5 20 250   M    M   1        26 250
 4 117  83 100   4   0  35 0.00  0.0    0  6.5 18 280   M    M   2        25 270
 5 118  86 102   6   0  37 0.00  0.0    0  6.9 24 270   M    M   1        29 280
 6 119  88 104   8   0  39 0.00  0.0    0  6.3 18 100   M    M   3        22 100
 7 122  94 108  12   0  43 0.00  0.0    0  6.8 20 280   M    M   3        24 280
 8 120  81 101   5   0  36    T  0.0    0 10.9 39 130   M    M   3 38     50 140
 9 112  86  99   3   0  34    M  0.0    0 10.1 18 240   M    M   0        23 180
10 112  91 102   5   0  37 0.00  0.0    0  8.3 18 330   M    M   0 3      22 340
11 113  92 103   6   0  38 0.00  0.0    0  9.3 21 240   M    M   0        27 240
12 114  91 103   6   0  38 0.00  0.0    0  7.7 18 180   M    M   0        28 270
13 114  91 103   6   0  38 0.00  0.0    0  6.8 16 190   M    M   0        22 220
14 116  93 105   8   0  40 0.00  0.0    0  7.3 16 230   M    M   0        23 250
15 118  92 105   8   0  40 0.00  0.0    0 10.8 28 200   M    M   1        35 190
16 111  93 102   5   0  37 0.00  0.0    0 10.7 22 220   M    M   1        27 220
17 111  93 102   5   0  37 0.00  0.0    0 11.3 20 210   M    M   0        24 200
18 111  95 103   6   0  38 0.00  0.0    0  9.6 21 300   M    M   1 3      26 280
19 102  87  95  -2   0  30    T  0.0    0  8.8 21 220   M    M   1        27 210
20 110  89 100   3   0  35 0.00  0.0    0  7.7 18 180   M    M   0        24 170
21 111  92 102   5   0  37 0.00  0.0    0 10.9 18 230   M    M   0        24 190
22 114  92 103   6   0  38 0.00  0.0    0  8.9 24 150   M    M   1        31 140
23 112  92 102   5   0  37 0.00  0.0    0  9.7 26 140   M    M   0        31 120
================================================================================
SM 2615 2058         0 848    T      0.0 202.8          M       19
================================================================================
AV113.7 89.5                               8.8 FASTST   M    M   1    MAX(MPH)
                                 MISC ---->  # 39 130               # 50  140
================================================================================
NOTES:
# LAST OF SEVERAL OCCURRENCES

COLUMN 17 PEAK WIND IN M.P.H.

PRELIMINARY LOCAL CLIMATOLOGICAL DATA (WS FORM: F-6) , PAGE 2

                                          STATION:  NEEDLES CA
                                          MONTH:    JULY
                                          YEAR:     2017
                                          LATITUDE:   34 46 N
                                          LONGITUDE: 114 37 W

[TEMPERATURE DATA]      [PRECIPITATION DATA]       SYMBOLS USED IN COLUMN 16

AVERAGE MONTHLY:101.6   TOTAL FOR MONTH:      T    1 = FOG OR MIST
DPTR FM NORMAL:   5.1   DPTR FM NORMAL:   -0.11    2 = FOG REDUCING VISIBILITY
HIGHEST:   122 ON  7    GRTST 24HR    T  ON 19-19      TO 1/4 MILE OR LESS
LOWEST:     81 ON  8                               3 = THUNDER
                        SNOW, ICE PELLETS, HAIL    4 = ICE PELLETS
                        TOTAL MONTH:   0.0 INCH    5 = HAIL
                        GRTST 24HR     0.0         6 = FREEZING RAIN OR DRIZZLE
                        GRTST DEPTH:   0           7 = DUSTSTORM OR SANDSTORM:
                                                       VSBY 1/2 MILE OR LESS
                                                   8 = SMOKE OR HAZE
[NO. OF DAYS WITH]      [WEATHER - DAYS WITH]      9 = BLOWING SNOW
                                                   X = TORNADO
MAX 32 OR BELOW:   0    0.01 INCH OR MORE:   0
MAX 90 OR ABOVE:  23    0.10 INCH OR MORE:   0
MIN 32 OR BELOW:   0    0.50 INCH OR MORE:   0
MIN  0 OR BELOW:   0    1.00 INCH OR MORE:   0

[HDD (BASE 65) ]
TOTAL THIS MO.     0    CLEAR  (SCALE 0-3)  23
DPTR FM NORMAL     0    PTCLDY (SCALE 4-7)   0
TOTAL FM JUL 1     0    CLOUDY (SCALE 8-10)  0
DPTR FM NORMAL     0

[CDD (BASE 65) ]
TOTAL THIS MO.   848
DPTR FM NORMAL   124    [PRESSURE DATA]
TOTAL FM JAN 1  2981    HIGHEST SLP M ON M
DPTR FM NORMAL   657    LOWEST  SLP 28.72 ON  8

[REMARKS]
