000
CXUS55 KVEF 200940
CF6EED
PRELIMINARY LOCAL CLIMATOLOGICAL DATA (WS FORM: F-6)

                                          STATION:   NEEDLES CA
                                          MONTH:     DECEMBER
                                          YEAR:      2014
                                          LATITUDE:   34 46 N
                                          LONGITUDE: 114 37 W

  TEMPERATURE IN F:       :PCPN:    SNOW:  WIND      :SUNSHINE: SKY     :PK WND
================================================================================
1   2   3   4   5  6A  6B    7    8   9   10  11  12  13   14  15   16   17  18
                                     12Z  AVG MX 2MIN
DY MAX MIN AVG DEP HDD CDD  WTR  SNW DPTH SPD SPD DIR MIN PSBL S-S WX    SPD DR
================================================================================

 1  70  50  60   5   5   0 0.00  0.0    0  4.2 10 310   M    M   0        11 310
 2  65  56  61   6   4   0 0.01  0.0    0  4.4 14 360   M    M   6        17  10
 3  62  54  58   3   7   0 0.07  0.0    0  1.6  8 290   M    M   9 12      9 280
 4  69  58  64  10   1   0 0.01  0.0    0  4.4 12 100   M    M   8 18     14 100
 5  70  55  63   9   2   0 0.00  0.0    0  3.9 12  40   M    M   3 1      14  40
 6  76  59  68  14   0   3 0.00  0.0    0  5.8 12  30   M    M   0        15  40
 7  76  54  65  11   0   0 0.00  0.0    0  7.6 15  20   M    M   0        19  30
 8  74  55  65  12   0   0 0.00  0.0    0  6.7 16  20   M    M   0        19  20
 9  75  53  64  11   1   0 0.00  0.0    0  9.0 24  30   M    M   0        29  30
10  76  53  65  12   0   0 0.00  0.0    0  6.1 13  20   M    M   0        17 360
11  69  54  62   9   3   0 0.00  0.0    0  2.1 10 260   M    M   0        11 260
12  71  52  62   9   3   0 0.24  0.0    0  8.0 31 290   M    M   5 1      36 290
13  63  49  56   3   9   0 0.00  0.0    0  5.8 13 290   M    M   4        17 280
14  61  42  52   0  13   0 0.00  0.0    0  2.9  8 260   M    M   0         9 260
15  59  43  51  -1  14   0 0.00  0.0    0  5.3 10  10   M    M   0        13  20
16  61  43  52   0  13   0 0.00  0.0    0  2.7 16 230   M    M   2        19 230
17  59  51  55   3  10   0 0.03  0.0    0  3.3  9 100   M    M  10        14 180
18  63  47  55   3  10   0 0.00  0.0    0  4.4 10 360   M    M   3        13 360
19  62  43  53   1  12   0 0.00  0.0    0  3.3  8 280   M    M   0        10  70
================================================================================
SM 1281  971       107   3  0.36     0.0  91.5          M       50
================================================================================
AV 67.4 51.1                               4.8 FASTST   M    M   3    MAX(MPH)
                                 MISC ---->  # 31 290               # 36  290
================================================================================
NOTES:
# LAST OF SEVERAL OCCURRENCES

COLUMN 17 PEAK WIND IN M.P.H.

PRELIMINARY LOCAL CLIMATOLOGICAL DATA (WS FORM: F-6) , PAGE 2

                                          STATION:  NEEDLES CA
                                          MONTH:    DECEMBER
                                          YEAR:     2014
                                          LATITUDE:   34 46 N
                                          LONGITUDE: 114 37 W

[TEMPERATURE DATA]      [PRECIPITATION DATA]       SYMBOLS USED IN COLUMN 16

AVERAGE MONTHLY: 59.3   TOTAL FOR MONTH:   0.36    1 = FOG OR MIST
DPTR FM NORMAL:   6.1   DPTR FM NORMAL:    0.11    2 = FOG REDUCING VISIBILITY
HIGHEST:    76 ON 10, 7 GRTST 24HR  0.24 ON 12-12      TO 1/4 MILE OR LESS
LOWEST:     42 ON 14                               3 = THUNDER
                        SNOW, ICE PELLETS, HAIL    4 = ICE PELLETS
                        TOTAL MONTH:   0.0 INCH    5 = HAIL
                        GRTST 24HR     0.0         6 = FREEZING RAIN OR DRIZZLE
                        GRTST DEPTH:   0           7 = DUSTSTORM OR SANDSTORM:
                                                       VSBY 1/2 MILE OR LESS
                                                   8 = SMOKE OR HAZE
[NO. OF DAYS WITH]      [WEATHER - DAYS WITH]      9 = BLOWING SNOW
                                                   X = TORNADO
MAX 32 OR BELOW:   0    0.01 INCH OR MORE:   5
MAX 90 OR ABOVE:   0    0.10 INCH OR MORE:   1
MIN 32 OR BELOW:   0    0.50 INCH OR MORE:   0
MIN  0 OR BELOW:   0    1.00 INCH OR MORE:   0

[HDD (BASE 65) ]
TOTAL THIS MO.   107    CLEAR  (SCALE 0-3)  13
DPTR FM NORMAL  -117    PTCLDY (SCALE 4-7)   4
TOTAL FM JUL 1   179    CLOUDY (SCALE 8-10)  2
DPTR FM NORMAL  -193

[CDD (BASE 65) ]
TOTAL THIS MO.     3
DPTR FM NORMAL     3    [PRESSURE DATA]
TOTAL FM JAN 1  5154    HIGHEST SLP M ON M
DPTR FM NORMAL   621    LOWEST  SLP 29.83 ON 12

[REMARKS]
