000
CXUS54 KEPZ 221200
CF6ELP
PRELIMINARY LOCAL CLIMATOLOGICAL DATA (WS FORM: F-6)

                                          STATION:   EL PASO
                                          MONTH:     SEPTEMBER
                                          YEAR:      2014
                                          LATITUDE:   31 47 N
                                          LONGITUDE: 106 24 W

  TEMPERATURE IN F:       :PCPN:    SNOW:  WIND      :SUNSHINE: SKY     :PK WND
================================================================================
1   2   3   4   5  6A  6B    7    8   9   10  11  12  13   14  15   16   17  18
                                     12Z  AVG MX 2MIN
DY MAX MIN AVG DEP HDD CDD  WTR  SNW DPTH SPD SPD DIR MIN PSBL S-S WX    SPD DR
================================================================================

 1  99  72  86   7   0  21 0.00  0.0    0  7.7 21 250   M    M   1        29 250
 2 100  69  85   6   0  20 0.00  0.0    0  4.7 12 190   M    M   1        14 160
 3  99  70  85   6   0  20 0.00  0.0    0  6.5 21 130   M    M   2        27 130
 4  93  67  80   1   0  15 0.11  0.0    0 12.1 28 350   M    M   4 1      32 350
 5  83  65  74  -4   0   9 0.35  0.0    0 10.3 23 350   M    M   9 1      27 350
 6  83  69  76  -2   0  11    T  0.0    0 10.8 21  80   M    M   7        27  60
 7  74  66  70  -8   0   5 0.01  0.0    0  6.8 15 100   M    M   9 1      17 110
 8  90  68  79   1   0  14 0.00  0.0    0  6.1 18 240   M    M   6        23 200
 9  91  72  82   4   0  17 0.00  0.0    0 11.4 25 260   M    M   4        33 260
10  91  75  83   6   0  18 0.00  0.0    0  8.3 26 290   M    M   2        35 270
11  83  68  76  -1   0  11    T  0.0    0  6.9 16 110   M    M   7        21 120
12  76  58  67 -10   0   2 0.22  0.0    0  8.3 24  70   M    M   7 1      30  80
13  74  56  65 -11   0   0 0.00  0.0    0  8.8 17  50   M    M   8        20  50
14  79  62  71  -5   0   6 0.00  0.0    0  8.3 18 110   M    M   7        24 100
15  79  65  72  -4   0   7 0.05  0.0    0  6.2 13 140   M    M   7        18 150
16  80  65  73  -3   0   8 0.61  0.0    0  9.9 18 360   M    M  10 1      23 350
17  84  65  75   0   0  10 1.86  0.0    0  9.8 39 270   M    M   8 13     49 270
18  71  65  68  -7   0   3 0.50  0.0    0  9.6 17  10   M    M   9 1      21  10
19  83  66  75   1   0  10    T  0.0    0  4.2 13 290   M    M   6        16 290
20  88  67  78   4   0  13 0.00  0.0    0  4.6 10  70   M    M   3        13  80
21  88  70  79   5   0  14 0.00  0.0    0  6.4 20  70   M    M   7        23  70
================================================================================
SM 1788 1400         0 234  3.71     0.0 167.7          M      124
================================================================================
AV 85.1 66.7                               8.0 FASTST   M    M   6    MAX(MPH)
                                 MISC ---->  # 39 270               # 49  270
================================================================================
NOTES:
# LAST OF SEVERAL OCCURRENCES

COLUMN 17 PEAK WIND IN M.P.H.

PRELIMINARY LOCAL CLIMATOLOGICAL DATA (WS FORM: F-6) , PAGE 2

                                          STATION:  EL PASO
                                          MONTH:    SEPTEMBER
                                          YEAR:     2014
                                          LATITUDE:   31 47 N
                                          LONGITUDE: 106 24 W

[TEMPERATURE DATA]      [PRECIPITATION DATA]       SYMBOLS USED IN COLUMN 16

AVERAGE MONTHLY: 75.9   TOTAL FOR MONTH:   3.71    1 = FOG OR MIST
DPTR FM NORMAL:  -0.9   DPTR FM NORMAL:    2.56    2 = FOG REDUCING VISIBILITY
HIGHEST:   100 ON  2    GRTST 24HR  2.09 ON 17-18      TO 1/4 MILE OR LESS
LOWEST:     56 ON 13                               3 = THUNDER
                        SNOW, ICE PELLETS, HAIL    4 = ICE PELLETS
                        TOTAL MONTH:   0.0 INCH    5 = HAIL
                        GRTST 24HR     0.0         6 = FREEZING RAIN OR DRIZZLE
                        GRTST DEPTH:   0           7 = DUSTSTORM OR SANDSTORM:
                                                       VSBY 1/2 MILE OR LESS
                                                   8 = SMOKE OR HAZE
[NO. OF DAYS WITH]      [WEATHER - DAYS WITH]      9 = BLOWING SNOW
                                                   X = TORNADO
MAX 32 OR BELOW:   0    0.01 INCH OR MORE:   8
MAX 90 OR ABOVE:   7    0.10 INCH OR MORE:   6
MIN 32 OR BELOW:   0    0.50 INCH OR MORE:   3
MIN  0 OR BELOW:   0    1.00 INCH OR MORE:   1

[HDD (BASE 65) ]
TOTAL THIS MO.     0    CLEAR  (SCALE 0-3)   4
DPTR FM NORMAL     0    PTCLDY (SCALE 4-7)  13
TOTAL FM JUL 1     0    CLOUDY (SCALE 8-10)  4
DPTR FM NORMAL     0

[CDD (BASE 65) ]
TOTAL THIS MO.   234
DPTR FM NORMAL   -16    [PRESSURE DATA]
TOTAL FM JAN 1  2453    HIGHEST SLP M ON M
DPTR FM NORMAL   274    LOWEST  SLP 29.61 ON  3

[REMARKS]
