000
CXUS54 KEPZ 241200
CF6ELP
PRELIMINARY LOCAL CLIMATOLOGICAL DATA (WS FORM: F-6)

                                          STATION:   EL PASO
                                          MONTH:     MAY
                                          YEAR:      2016
                                          LATITUDE:   31 47 N
                                          LONGITUDE: 106 24 W

  TEMPERATURE IN F:       :PCPN:    SNOW:  WIND      :SUNSHINE: SKY     :PK WND
================================================================================
1   2   3   4   5  6A  6B    7    8   9   10  11  12  13   14  15   16   17  18
                                     12Z  AVG MX 2MIN
DY MAX MIN AVG DEP HDD CDD  WTR  SNW DPTH SPD SPD DIR MIN PSBL S-S WX    SPD DR
================================================================================

 1  69  47  58 -11   7   0 0.00  0.0    0 13.3 24  80   M    M   2        30  70
 2  73  44  59 -11   6   0 0.00  0.0    0  6.9 14 110   M    M   1        19  70
 3  84  50  67  -3   0   2 0.00  0.0    0  5.1 15  40   M    M   1        20  10
 4  85  57  71   1   0   6 0.00  0.0    0  7.0 17 120   M    M   1        25 180
 5  91  64  78   8   0  13 0.00  0.0    0 10.3 22 150   M    M   4        37 130
 6  97  64  81  10   0  16 0.00  0.0    0 12.9 32 250   M    M   2 8      41 240
 7  84  58  71   0   0   6 0.00  0.0    0  9.9 23 220   M    M   0        30 240
 8  80  59  70  -2   0   5 0.00  0.0    0 16.1 33 260   M    M   1        39 260
 9  82  60  71  -1   0   6 0.00  0.0    0 17.1 33 260   M    M   1        49 240
10  87  59  73   1   0   8 0.00  0.0    0 10.1 23 260   M    M   0        35 230
11  92  55  74   2   0   9 0.00  0.0    0  7.5 21 250   M    M   2        26 260
12  86  59  73   0   0   8 0.00  0.0    0  9.5 18 110   M    M   6        24 110
13  94  66  80   7   0  15 0.00  0.0    0  7.8 26 190   M    M   4 8      33 180
14  85  65  75   2   0  10    T  0.0    0 12.0 24 100   M    M   6        30 130
15  91  63  77   3   0  12 0.00  0.0    0  9.6 28 250   M    M   7        35 260
16  90  65  78   4   0  13 0.00  0.0    0 18.4 36 260   M    M   2 7      43 250
17  82  59  71  -3   0   6    T  0.0    0 12.1 29  40   M    M   4        33 110
18  73  54  64 -10   1   0    T  0.0    0 11.5 26 120   M    M   7 3     173 110
19  81  51  66  -9   0   1 0.00  0.0    0  4.6 15 220   M    M   2        20 210
20  91  57  74  -1   0   9 0.00  0.0    0  8.1 21 190   M    M   1        26 200
21  92  59  76   1   0  11 0.00  0.0    0  7.7 20 270   M    M   3        24 260
22  92  62  77   1   0  12 0.00  0.0    0 13.1 29 250   M    M   5        37 240
23  92  67  80   4   0  15 0.00  0.0    0 13.4 28 260   M    M   3        38 250
================================================================================
SM 1973 1344        14 183    T      0.0 244.0          M       65
================================================================================
AV 85.8 58.4                              10.6 FASTST   M    M   3    MAX(MPH)
                                 MISC ---->  # 36 260               #173  110
================================================================================
NOTES:
# LAST OF SEVERAL OCCURRENCES

COLUMN 17 PEAK WIND IN M.P.H.

PRELIMINARY LOCAL CLIMATOLOGICAL DATA (WS FORM: F-6) , PAGE 2

                                          STATION:  EL PASO
                                          MONTH:    MAY
                                          YEAR:     2016
                                          LATITUDE:   31 47 N
                                          LONGITUDE: 106 24 W

[TEMPERATURE DATA]      [PRECIPITATION DATA]       SYMBOLS USED IN COLUMN 16

AVERAGE MONTHLY: 72.1   TOTAL FOR MONTH:      T    1 = FOG OR MIST
DPTR FM NORMAL:  -0.5   DPTR FM NORMAL:   -0.33    2 = FOG REDUCING VISIBILITY
HIGHEST:    97 ON  6    GRTST 24HR    T  ON 18-18      TO 1/4 MILE OR LESS
LOWEST:     44 ON  2                               3 = THUNDER
                        SNOW, ICE PELLETS, HAIL    4 = ICE PELLETS
                        TOTAL MONTH:   0.0 INCH    5 = HAIL
                        GRTST 24HR     0.0         6 = FREEZING RAIN OR DRIZZLE
                        GRTST DEPTH:   0           7 = DUSTSTORM OR SANDSTORM:
                                                       VSBY 1/2 MILE OR LESS
                                                   8 = SMOKE OR HAZE
[NO. OF DAYS WITH]      [WEATHER - DAYS WITH]      9 = BLOWING SNOW
                                                   X = TORNADO
MAX 32 OR BELOW:   0    0.01 INCH OR MORE:   0
MAX 90 OR ABOVE:  10    0.10 INCH OR MORE:   0
MIN 32 OR BELOW:   0    0.50 INCH OR MORE:   0
MIN  0 OR BELOW:   0    1.00 INCH OR MORE:   0

[HDD (BASE 65) ]
TOTAL THIS MO.    14    CLEAR  (SCALE 0-3)  15
DPTR FM NORMAL     8    PTCLDY (SCALE 4-7)   8
TOTAL FM JUL 1  2018    CLOUDY (SCALE 8-10)  0
DPTR FM NORMAL  -453

[CDD (BASE 65) ]
TOTAL THIS MO.   183
DPTR FM NORMAL    -3    [PRESSURE DATA]
TOTAL FM JAN 1   297    HIGHEST SLP M ON M
DPTR FM NORMAL    19    LOWEST  SLP 29.51 ON  6

[REMARKS]
