000
CXUS56 KLKN 301009
CF6ELY
PRELIMINARY LOCAL CLIMATOLOGICAL DATA (WS FORM: F-6)

                                          STATION:   ELY AIRPORT NV
                                          MONTH:     SEPTEMBER
                                          YEAR:      2016
                                          LATITUDE:   39 16 N
                                          LONGITUDE: 114 51 W

  TEMPERATURE IN F:       :PCPN:    SNOW:  WIND      :SUNSHINE: SKY     :PK WND
================================================================================
1   2   3   4   5  6A  6B    7    8   9   10  11  12  13   14  15   16   17  18
                                     12Z  AVG MX 2MIN
DY MAX MIN AVG DEP HDD CDD  WTR  SNW DPTH SPD SPD DIR MIN PSBL S-S WX    SPD DR
================================================================================

 1  86  53  70   8   0   5 0.00  0.0    0 12.8 28 210   M    M   2        34 160
 2  85  58  72  10   0   7 0.00  0.0    0 14.3 29 210   M    M   1        38 200
 3  83  41  62   0   3   0 0.00  0.0    0 13.5 31 190   M    M   0        41 200
 4  77  46  62   1   3   0 0.00  0.0    0 12.4 24 210   M    M   3        34 210
 5  74  31  53  -8  12   0 0.00  0.0    0  7.1 12 340   M    M   2        20 170
 6  78  33  56  -5   9   0 0.00  0.0    0  7.3 16 200   M    M   0        29 170
 7  83  40  62   2   3   0 0.00  0.0    0  7.9 15 170   M    M   0        22 250
 8  83  41  62   2   3   0 0.00  0.0    0  6.5 14 270   M    M   0        24 270
 9  79  39  59  -1   6   0 0.00  0.0    0  9.3 18 340   M    M   0        24 340
10  85  31  58  -1   7   0 0.00  0.0    0  7.6 16 210   M    M   0        24 220
11  83  42  63   4   2   0    T  0.0    0  8.9 30 190   M    M   1 3      40 190
12  78  46  62   4   3   0 0.13  0.0    0 10.2 33 170   M    M   4 138    43 170
13  69  39  54  -4  11   0    T  0.0    0 13.0 37 190   M    M   5 1      60 190
14  64  31  48 -10  17   0 0.00  0.0    0  6.8 20 270   M    M   4        25 290
15  71  27  49  -8  16   0 0.00  0.0    0  7.2 14 170   M    M   0        19 340
16  73  29  51  -6  14   0 0.00  0.0    0  7.3 15  50   M    M   0        21 360
17  79  30  55  -1  10   0 0.00  0.0    0  8.2 16 280   M    M   0        23 170
18  83  36  60   4   5   0 0.00  0.0    0 10.4 18 190   M    M   0        24 240
19  85  40  63   8   2   0 0.00  0.0    0  9.2 18 250   M    M   0        27 240
20  82  44  63   8   2   0 0.00  0.0    0  8.9 18 200   M    M   0        25 190
21  75  43  59   4   6   0 0.36  0.0    0 11.6 26 150   M    M   3 13     34 160
22  66  37  52  -2  13   0 0.07  0.0    0 12.3 35 300   M    M   7 3      46 300
23  52  37  45  -9  20   0 0.13  0.0    0  5.7 16 330   M    M   9 1      22 320
24  65  32  49  -4  16   0 0.00  0.0    0  7.1 17  20   M    M   1        22  20
25  70  28  49  -4  16   0 0.00  0.0    0 11.5 22 360   M    M   0        29 360
26  76  32  54   2  11   0 0.00  0.0    0  7.3 15 170   M    M   0        17 180
27  79  34  57   5   8   0 0.00  0.0    0  6.6 15 170   M    M   0        17 340
28  77  37  57   5   8   0 0.00  0.0    0  9.5 25 160   M    M   3        33 160
29  72  49  61  10   4   0    T  0.0    0  8.6 18 120   M    M   4        23 120
================================================================================
SM 2212 1106       230  12  0.69     0.0 269.0          M       49
================================================================================
AV 76.3 38.1                               9.3 FASTST   M    M   2    MAX(MPH)
                                 MISC ---->  # 37 190               # 60  190
================================================================================
NOTES:
# LAST OF SEVERAL OCCURRENCES

COLUMN 17 PEAK WIND IN M.P.H.

PRELIMINARY LOCAL CLIMATOLOGICAL DATA (WS FORM: F-6) , PAGE 2

                                          STATION:  ELY AIRPORT NV
                                          MONTH:    SEPTEMBER
                                          YEAR:     2016
                                          LATITUDE:   39 16 N
                                          LONGITUDE: 114 51 W

[TEMPERATURE DATA]      [PRECIPITATION DATA]       SYMBOLS USED IN COLUMN 16

AVERAGE MONTHLY: 57.2   TOTAL FOR MONTH:   0.69    1 = FOG OR MIST
DPTR FM NORMAL:   0.2   DPTR FM NORMAL:   -0.11    2 = FOG REDUCING VISIBILITY
HIGHEST:    86 ON  1    GRTST 24HR  0.43 ON 21-22      TO 1/4 MILE OR LESS
LOWEST:     27 ON 15                               3 = THUNDER
                        SNOW, ICE PELLETS, HAIL    4 = ICE PELLETS
                        TOTAL MONTH:   0.0 INCH    5 = HAIL
                        GRTST 24HR     0.0         6 = FREEZING RAIN OR DRIZZLE
                        GRTST DEPTH:   0           7 = DUSTSTORM OR SANDSTORM:
                                                       VSBY 1/2 MILE OR LESS
                                                   8 = SMOKE OR HAZE
[NO. OF DAYS WITH]      [WEATHER - DAYS WITH]      9 = BLOWING SNOW
                                                   X = TORNADO
MAX 32 OR BELOW:   0    0.01 INCH OR MORE:   4
MAX 90 OR ABOVE:   0    0.10 INCH OR MORE:   3
MIN 32 OR BELOW:   9    0.50 INCH OR MORE:   0
MIN  0 OR BELOW:   0    1.00 INCH OR MORE:   0

[HDD (BASE 65) ]
TOTAL THIS MO.   230    CLEAR  (SCALE 0-3)  23
DPTR FM NORMAL    -7    PTCLDY (SCALE 4-7)   5
TOTAL FM JUL 1   267    CLOUDY (SCALE 8-10)  1
DPTR FM NORMAL   -34

[CDD (BASE 65) ]
TOTAL THIS MO.    12
DPTR FM NORMAL     8    [PRESSURE DATA]
TOTAL FM JAN 1   267    HIGHEST SLP M ON M
DPTR FM NORMAL    51    LOWEST  SLP 29.62 ON  4

[REMARKS]
