000
CXUS56 KLKN 281009
CF6ELY
PRELIMINARY LOCAL CLIMATOLOGICAL DATA (WS FORM: F-6)

                                          STATION:   ELY AIRPORT NV
                                          MONTH:     MARCH
                                          YEAR:      2015
                                          LATITUDE:   39 16 N
                                          LONGITUDE: 114 51 W

  TEMPERATURE IN F:       :PCPN:    SNOW:  WIND      :SUNSHINE: SKY     :PK WND
================================================================================
1   2   3   4   5  6A  6B    7    8   9   10  11  12  13   14  15   16   17  18
                                     12Z  AVG MX 2MIN
DY MAX MIN AVG DEP HDD CDD  WTR  SNW DPTH SPD SPD DIR MIN PSBL S-S WX    SPD DR
================================================================================

 1  41  26  34   1  31   0 0.08  1.5    2  6.6 18  20   M    M   7 1      23  20
 2  35  15  25  -8  40   0 0.24  2.5    T  5.0 15  10   M    M  10 12     18 350
 3  31   8  20 -13  45   0 0.04  1.0    2  8.9 23 310   M    M   6 1      30 310
 4  39   2  21 -13  44   0 0.00  0.0    2  8.0 15  20   M    M   0        20  30
 5  52  10  31  -3  34   0 0.00  0.0    T  8.6 16 170   M    M   0        19 170
 6  56  17  37   3  28   0 0.00  0.0    0  8.7 16 350   M    M   0        20  20
 7  61  20  41   7  24   0 0.00  0.0    0  7.5 15 170   M    M   0        24 180
 8  59  24  42   7  23   0 0.00  0.0    0  9.2 17 360   M    M   0        22  30
 9  59  20  40   5  25   0 0.00  0.0    0  9.6 15 360   M    M   0        19  10
10  66  20  43   8  22   0 0.00  0.0    0  8.4 15 200   M    M   0        17 180
11  56  37  47  12  18   0 0.00  0.0    0 12.3 32 230   M    M   6 8      46 220
12  58  33  46  10  19   0 0.00  0.0    0  9.5 22  30   M    M   6        29 360
13  63  22  43   7  22   0 0.00  0.0    8  6.3 15 160   M    M   0        19 350
14  67  27  47  11  18   0 0.00  0.0    0  8.7 16 250   M    M   1        20 270
15  69  36  53  17  12   0 0.00  0.0    0 13.8 25 160   M    M   0        32 150
16  68  36  52  16  13   0 0.00  0.0    0 11.0 20 200   M    M   0        26 210
17  65  37  51  14  14   0 0.00  0.0    0 10.7 23 220   M    M   1        28 220
18  62  30  46   9  19   0 0.00  0.0    0  9.2 20  10   M    M   1        23  20
19  61  20  41   4  24   0 0.00  0.0    0 10.3 20 360   M    M   0        27 360
20  68  19  44   7  21   0 0.00  0.0    0  9.4 17 170   M    M   0        30 200
21  67  30  49  12  16   0 0.00  0.0    0  9.0 24 220   M    M   1        37 210
22  63  27  45   7  20   0 0.00  0.0    0  7.7 21 190   M    M   4        30 240
23  56  23  40   2  25   0    T    T    0  9.1 25 300   M    M   6 5      33 270
24  57  21  39   1  26   0 0.00  0.0    0 10.9 22 280   M    M   5        27 300
25  57  27  42   4  23   0 0.00  0.0    0  9.6 18  10   M    M   1        24 340
26  67  23  45   7  20   0 0.00  0.0    0  7.8 15 170   M    M   0        18 170
27  74  28  51  13  14   0 0.00  0.0    0  9.1 17 270   M    M   0        26 160
================================================================================
SM 1577  638       640   0  0.36     5.0 244.9          M       55
================================================================================
AV 58.4 23.6                               9.1 FASTST   M    M   2    MAX(MPH)
                                 MISC ---->  # 32 230               # 46  220
================================================================================
NOTES:
# LAST OF SEVERAL OCCURRENCES

COLUMN 17 PEAK WIND IN M.P.H.

PRELIMINARY LOCAL CLIMATOLOGICAL DATA (WS FORM: F-6) , PAGE 2

                                          STATION:  ELY AIRPORT NV
                                          MONTH:    MARCH
                                          YEAR:     2015
                                          LATITUDE:   39 16 N
                                          LONGITUDE: 114 51 W

[TEMPERATURE DATA]      [PRECIPITATION DATA]       SYMBOLS USED IN COLUMN 16

AVERAGE MONTHLY: 41.0   TOTAL FOR MONTH:   0.36    1 = FOG OR MIST
DPTR FM NORMAL:   5.2   DPTR FM NORMAL:   -0.45    2 = FOG REDUCING VISIBILITY
HIGHEST:    74 ON 27    GRTST 24HR  0.24 ON  2- 2      TO 1/4 MILE OR LESS
LOWEST:      2 ON  4                               3 = THUNDER
                        SNOW, ICE PELLETS, HAIL    4 = ICE PELLETS
                        TOTAL MONTH:   5.0 INCHES  5 = HAIL
                        GRTST 24HR   2.5 ON  2- 2  6 = FREEZING RAIN OR DRIZZLE
                        GRTST DEPTH:   8 ON 13     7 = DUSTSTORM OR SANDSTORM:
                                                       VSBY 1/2 MILE OR LESS
                                                   8 = SMOKE OR HAZE
[NO. OF DAYS WITH]      [WEATHER - DAYS WITH]      9 = BLOWING SNOW
                                                   X = TORNADO
MAX 32 OR BELOW:   1    0.01 INCH OR MORE:   3
MAX 90 OR ABOVE:   0    0.10 INCH OR MORE:   1
MIN 32 OR BELOW:  22    0.50 INCH OR MORE:   0
MIN  0 OR BELOW:   0    1.00 INCH OR MORE:   0

[HDD (BASE 65) ]
TOTAL THIS MO.   640    CLEAR  (SCALE 0-3)  19
DPTR FM NORMAL  -146    PTCLDY (SCALE 4-7)   7
TOTAL FM JUL 1  4884    CLOUDY (SCALE 8-10)  1
DPTR FM NORMAL -1239

[CDD (BASE 65) ]
TOTAL THIS MO.     0
DPTR FM NORMAL     0    [PRESSURE DATA]
TOTAL FM JAN 1     0    HIGHEST SLP M ON M
DPTR FM NORMAL     0    LOWEST  SLP 29.68 ON  2

[REMARKS]
