000
CXUS56 KOTX 221500
CF6EPH
PRELIMINARY LOCAL CLIMATOLOGICAL DATA (WS FORM: F-6)

                                          STATION:   EPHRATA WA AIRPORT
                                          MONTH:     NOVEMBER
                                          YEAR:      2014
                                          LATITUDE:   47 18 N
                                          LONGITUDE: 119 31 W

  TEMPERATURE IN F:       :PCPN:    SNOW:  WIND      :SUNSHINE: SKY     :PK WND
================================================================================
1   2   3   4   5  6A  6B    7    8   9   10  11  12  13   14  15   16   17  18
                                     12Z  AVG MX 2MIN
DY MAX MIN AVG DEP HDD CDD  WTR  SNW DPTH SPD SPD DIR MIN PSBL S-S WX    SPD DR
================================================================================

 1  59  44  52   9  13   0 0.00    M    M  8.8 22 320   M    M   3 1      27 330
 2  60  36  48   5  17   0    T    M    M  5.6 18 330   M    M   1        30 360
 3  53  38  46   4  19   0 0.01    M    M  4.4 10  10   M    M   8 1      12  10
 4  64  49  57  15   8   0 0.13    M    M  9.2 21 210   M    M   4 1      26 190
 5  59  45  52  11  13   0 0.08    M    M  5.5 14 350   M    M   6 1      16 270
 6  61  46  54  13  11   0    T    M    M  8.3 24 220   M    M   3        30 220
 7  59  34  47   6  18   0 0.00    M    M  4.9 22 300   M    M   0        25 290
 8  52  32  42   2  23   0 0.00    M    M  2.8  7 320   M    M   0        10  30
 9  62  36  49   9  16   0 0.00    M    M  9.8 30 280   M    M   3 1      39 290
10  51  35  43   4  22   0    T    M    M 11.8 22 350   M    M   3        29 360
11  35  23  29 -10  36   0 0.00    M    M 17.9 28  70   M    M   4        34  70
12  33  18  26 -12  39   0 0.00    M    M 10.2 21  50   M    M   0        25  40
13  36  17  27 -11  38   0 0.00    M    M  8.5 17  30   M    M   3        24  20
14  38  16  27 -11  38   0 0.00    M    M  8.2 15 340   M    M   0        17 340
15  38  14  26 -11  39   0 0.00    M    M  5.8 14 330   M    M   0        17 320
16  34  12  23 -14  42   0 0.00    M    M  5.5 10 310   M    M   0 1      12 300
17  38  12  25 -11  40   0 0.00    M    M  4.3  8  70   M    M   0 1      10  30
18  35  10  23 -13  42   0 0.00    M    M  2.6 10 150   M    M   0 18     12 160
19  37  18  28  -8  37   0 0.00    M    M  2.3  8  10   M    M   4 128     9  10
20  37  27  32  -3  33   0    T    M    M  2.7  7 170   M    M   7 18     10  60
21  36  25  31  -4  34   0 0.44    M    M  2.6 12 190   M    M   8 1268   14 190
================================================================================
SM  977  587       578   0  0.66    M    141.7          M       57
================================================================================
AV 46.5 28.0                               6.7 FASTST   M    M   3    MAX(MPH)
                                 MISC ---->  # 30 280               # 39  290
================================================================================
NOTES:
# LAST OF SEVERAL OCCURRENCES

COLUMN 17 PEAK WIND IN M.P.H.

PRELIMINARY LOCAL CLIMATOLOGICAL DATA (WS FORM: F-6) , PAGE 2

                                          STATION:  EPHRATA WA AIRPORT
                                          MONTH:    NOVEMBER
                                          YEAR:     2014
                                          LATITUDE:   47 18 N
                                          LONGITUDE: 119 31 W

[TEMPERATURE DATA]      [PRECIPITATION DATA]       SYMBOLS USED IN COLUMN 16

AVERAGE MONTHLY: 37.2   TOTAL FOR MONTH:   0.66    1 = FOG OR MIST
DPTR FM NORMAL:  -1.7   DPTR FM NORMAL:   -0.05    2 = FOG REDUCING VISIBILITY
HIGHEST:    64 ON  4    GRTST 24HR  0.44 ON 21-21      TO 1/4 MILE OR LESS
LOWEST:     10 ON 18                               3 = THUNDER
                        SNOW, ICE PELLETS, HAIL    4 = ICE PELLETS
                        TOTAL MONTH:    M          5 = HAIL
                        GRTST 24HR    M  ON   M    6 = FREEZING RAIN OR DRIZZLE
                        GRTST DEPTH:  M  ON   M    7 = DUSTSTORM OR SANDSTORM:
                                                       VSBY 1/2 MILE OR LESS
                                                   8 = SMOKE OR HAZE
[NO. OF DAYS WITH]      [WEATHER - DAYS WITH]      9 = BLOWING SNOW
                                                   X = TORNADO
MAX 32 OR BELOW:   0    0.01 INCH OR MORE:   4
MAX 90 OR ABOVE:   0    0.10 INCH OR MORE:   2
MIN 32 OR BELOW:  12    0.50 INCH OR MORE:   0
MIN  0 OR BELOW:   0    1.00 INCH OR MORE:   0

[HDD (BASE 65) ]
TOTAL THIS MO.   578    CLEAR  (SCALE 0-3)  11
DPTR FM NORMAL    30    PTCLDY (SCALE 4-7)  10
TOTAL FM JUL 1   895    CLOUDY (SCALE 8-10)  0
DPTR FM NORMAL  -234

[CDD (BASE 65) ]
TOTAL THIS MO.     0
DPTR FM NORMAL     0    [PRESSURE DATA]
TOTAL FM JAN 1  1137    HIGHEST SLP M ON M
DPTR FM NORMAL   365    LOWEST  SLP  0.00 ON M

[REMARKS]
