847
CXUS51 KCLE 240800
CF6ERI
PRELIMINARY LOCAL CLIMATOLOGICAL DATA (WS FORM: F-6)

                                          STATION:   ERIE PA
                                          MONTH:     APRIL
                                          YEAR:      2017
                                          LATITUDE:   42  4 N
                                          LONGITUDE:  80 11 W

  TEMPERATURE IN F:       :PCPN:    SNOW:  WIND      :SUNSHINE: SKY     :PK WND
================================================================================
1   2   3   4   5  6A  6B    7    8   9   10  11  12  13   14  15   16   17  18
                                     12Z  AVG MX 2MIN
DY MAX MIN AVG DEP HDD CDD  WTR  SNW DPTH SPD SPD DIR MIN PSBL S-S WX    SPD DR
================================================================================

 1  42  36  39  -3  26   0 0.07  0.0    0  7.0 13 280   M    M   9 1      16 250
 2  55  34  45   3  20   0 0.00  0.0    0  6.5 16 270   M    M   0        21 280
 3  72  49  61  19   4   0 0.11  0.0    0 11.8 22 180   M    M   6 1      34 160
 4  60  42  51   8  14   0 0.07  0.0    0 17.8 35 250   M    M  10 18     47 250
 5  50  38  44   1  21   0 0.00  0.0    0 10.3 24  50   M    M   5        32  60
 6  60  33  47   3  18   0 0.93    T    0 12.3 31 140   M    M   8 1      42 150
 7  41  32  37  -7  28   0 0.13  0.5    0 15.0 24 280   M    M   7 18     37 320
 8  50  36  43  -1  22   0 0.00  0.0    0  8.3 16 260   M    M   0        23 270
 9  74  39  57  12   8   0 0.00  0.0    0 14.7 22 170   M    M   0        28 170
10  79  57  68  23   0   3 0.00  0.0    0 14.7 29 180   M    M   5        38 190
11  69  47  58  12   7   0 0.11    M    0 11.0 21 220   M    M   7 1      28 280
12  50  37  44  -2  21   0 0.00  0.0    0  5.8 14 280   M    M   7        18 250
13  51  35  43  -3  22   0    T  0.0    0  5.0 13  30   M    M   5        16  50
14  60  41  51   4  14   0 0.00  0.0    0  7.4 17  30   M    M   4        22  30
15  79  45  62  15   3   0 0.06    M    0 11.3 23 190   M    M   5        30 190
16  77  54  66  19   0   1    T  0.0    0 16.1 29 200   M    M   5        38 270
17  59  44  52   4  13   0    T  0.0    0  5.9 14 270   M    M   3        18 360
18  59  38  49   1  16   0 0.00  0.0    0  8.4 17  40   M    M   1        21  30
19  72  52  62  14   3   0 0.45  0.0    0 12.2 26 180   M    M   9 123    34 170
20  63  45  54   5  11   0 1.01  0.0    0  7.4 23 340   M    M   7 138    31 350
21  63  44  54   5  11   0 0.00  0.0    0  9.0 20 260   M    M  10 1      29 260
22  50  36  43  -7  22   0 0.00  0.0    0  6.3 13 360   M    M   4        17 350
23  59  33  46  -4  19   0 0.00  0.0    0  4.0 12 310   M    M   0        13 340
================================================================================
SM 1394  947       323   4  2.94     0.5 228.2          M      117
================================================================================
AV 60.6 41.2                               9.9 FASTST   M    M   5    MAX(MPH)
                                 MISC ---->  # 35 250               # 47  250
================================================================================
NOTES:
# LAST OF SEVERAL OCCURRENCES

COLUMN 17 PEAK WIND IN M.P.H.

PRELIMINARY LOCAL CLIMATOLOGICAL DATA (WS FORM: F-6) , PAGE 2

                                          STATION:  ERIE PA
                                          MONTH:    APRIL
                                          YEAR:     2017
                                          LATITUDE:   42  4 N
                                          LONGITUDE:  80 11 W

[TEMPERATURE DATA]      [PRECIPITATION DATA]       SYMBOLS USED IN COLUMN 16

AVERAGE MONTHLY: 50.9   TOTAL FOR MONTH:   2.94    1 = FOG OR MIST
DPTR FM NORMAL:   5.0   DPTR FM NORMAL:    0.33    2 = FOG REDUCING VISIBILITY
HIGHEST:    79 ON 15,10 GRTST 24HR  1.05 ON  6- 7      TO 1/4 MILE OR LESS
LOWEST:     32 ON  7                               3 = THUNDER
                        SNOW, ICE PELLETS, HAIL    4 = ICE PELLETS
                        TOTAL MONTH:   0.5 INCH    5 = HAIL
                        GRTST 24HR   0.5 ON  7- 7  6 = FREEZING RAIN OR DRIZZLE
                        GRTST DEPTH:   0           7 = DUSTSTORM OR SANDSTORM:
                                                       VSBY 1/2 MILE OR LESS
                                                   8 = SMOKE OR HAZE
[NO. OF DAYS WITH]      [WEATHER - DAYS WITH]      9 = BLOWING SNOW
                                                   X = TORNADO
MAX 32 OR BELOW:   0    0.01 INCH OR MORE:   9
MAX 90 OR ABOVE:   0    0.10 INCH OR MORE:   6
MIN 32 OR BELOW:   1    0.50 INCH OR MORE:   2
MIN  0 OR BELOW:   0    1.00 INCH OR MORE:   1

[HDD (BASE 65) ]
TOTAL THIS MO.   323    CLEAR  (SCALE 0-3)   5
DPTR FM NORMAL  -121    PTCLDY (SCALE 4-7)  14
TOTAL FM JUL 1  4723    CLOUDY (SCALE 8-10)  4
DPTR FM NORMAL  -997

[CDD (BASE 65) ]
TOTAL THIS MO.     4
DPTR FM NORMAL     4    [PRESSURE DATA]
TOTAL FM JAN 1     4    HIGHEST SLP M ON M
DPTR FM NORMAL     3    LOWEST  SLP 29.28 ON  6

[REMARKS]
