000
CXUS51 KCLE 212117
CF6ERI
PRELIMINARY LOCAL CLIMATOLOGICAL DATA (WS FORM: F-6)

                                          STATION:   ERIE PA
                                          MONTH:     OCTOBER
                                          YEAR:      2014
                                          LATITUDE:   42  4 N
                                          LONGITUDE:  80 11 W

  TEMPERATURE IN F:       :PCPN:    SNOW:  WIND      :SUNSHINE: SKY     :PK WND
================================================================================
1   2   3   4   5  6A  6B    7    8   9   10  11  12  13   14  15   16   17  18
                                     12Z  AVG MX 2MIN
DY MAX MIN AVG DEP HDD CDD  WTR  SNW DPTH SPD SPD DIR MIN PSBL S-S WX    SPD DR
================================================================================

 1  70  54  62   4   3   0 0.00  0.0    0  5.3 14  30   M    M   3 18     18  20
 2  75  55  65   7   0   0 0.00  0.0    0  8.5 20 150   M    M   1 18     24 150
 3  78  56  67  10   0   2 0.56  0.0    0 14.8 28 260   M    M   4 1      40 220
 4  56  41  49  -8  16   0 0.08  0.0    0 15.0 25 220   M    M   7 1      33 250
 5  56  42  49  -8  16   0 0.44  0.0    0 14.4 25 210   M    M   8 1      31 210
 6  64  50  57   1   8   0 0.14  0.0    0 14.1 23 180   M    M   6        30 180
 7  63  52  58   2   7   0 0.20  0.0    0 12.5 23 200   M    M   5 1      29 190
 8  60  51  56   0   9   0 0.34  0.0    0 13.6 25 270   M    M   6 1      37 260
 9  60  43  52  -3  13   0 0.00  0.0    0  7.9 20 260   M    M   3        29 280
10  57  41  49  -6  16   0 0.00  0.0    0  4.9 14  30   M    M   2        16  50
11  55  40  48  -6  17   0 0.00  0.0    0  5.1 12 360   M    M   3        16 360
12  63  38  51  -3  14   0 0.00  0.0    0  6.3 20 160   M    M   2        28 150
13  73  56  65  11   0   0 0.53  0.0    0 13.8 23 150   M    M   7 1      35 160
14  81  59  70  16   0   5 0.36  0.0    0 17.3 26 160   M    M   3 1      38 160
15  65  50  58   5   7   0 0.30  0.0    0  5.6 16 260   M    M   6 1      21 270
16  64  51  58   5   7   0 0.23  0.0    0  5.6 13 280   M    M   8 1      18 270
17  64  55  60   7   5   0 0.03  0.0    0 11.7 22 190   M    M  10 1      30 270
18  57  45  51  -1  14   0 0.49  0.0    0 13.3 21 280   M    M  10 18     31 280
19  50  42  46  -6  19   0 0.00  0.0    0  9.0 15 320   M    M   7        23 330
20  57  44  51  -1  14   0 0.18  0.0    0 11.5 20 190   M    M   8 1      25 180
================================================================================
SM 1268  965       185   7  3.88     0.0 210.2          M      109
================================================================================
AV 63.4 48.2                              10.5 FASTST   M    M   5    MAX(MPH)
                                 MISC ---->  # 28 260               # 40  220
================================================================================
NOTES:
# LAST OF SEVERAL OCCURRENCES

COLUMN 17 PEAK WIND IN M.P.H.

PRELIMINARY LOCAL CLIMATOLOGICAL DATA (WS FORM: F-6) , PAGE 2

                                          STATION:  ERIE PA
                                          MONTH:    OCTOBER
                                          YEAR:     2014
                                          LATITUDE:   42  4 N
                                          LONGITUDE:  80 11 W

[TEMPERATURE DATA]      [PRECIPITATION DATA]       SYMBOLS USED IN COLUMN 16

AVERAGE MONTHLY: 55.8   TOTAL FOR MONTH:   3.88    1 = FOG OR MIST
DPTR FM NORMAL:   1.0   DPTR FM NORMAL:    1.16    2 = FOG REDUCING VISIBILITY
HIGHEST:    81 ON 14    GRTST 24HR  0.65 ON 14-15      TO 1/4 MILE OR LESS
LOWEST:     38 ON 12                               3 = THUNDER
                        SNOW, ICE PELLETS, HAIL    4 = ICE PELLETS
                        TOTAL MONTH:   0.0 INCH    5 = HAIL
                        GRTST 24HR     0.0         6 = FREEZING RAIN OR DRIZZLE
                        GRTST DEPTH:   0           7 = DUSTSTORM OR SANDSTORM:
                                                       VSBY 1/2 MILE OR LESS
                                                   8 = SMOKE OR HAZE
[NO. OF DAYS WITH]      [WEATHER - DAYS WITH]      9 = BLOWING SNOW
                                                   X = TORNADO
MAX 32 OR BELOW:   0    0.01 INCH OR MORE:  13
MAX 90 OR ABOVE:   0    0.10 INCH OR MORE:  11
MIN 32 OR BELOW:   0    0.50 INCH OR MORE:   2
MIN  0 OR BELOW:   0    1.00 INCH OR MORE:   0

[HDD (BASE 65) ]
TOTAL THIS MO.   185    CLEAR  (SCALE 0-3)   7
DPTR FM NORMAL   -28    PTCLDY (SCALE 4-7)  11
TOTAL FM JUL 1   302    CLOUDY (SCALE 8-10)  2
DPTR FM NORMAL   -35

[CDD (BASE 65) ]
TOTAL THIS MO.     7
DPTR FM NORMAL     0    [PRESSURE DATA]
TOTAL FM JAN 1   603    HIGHEST SLP M ON M
DPTR FM NORMAL   -33    LOWEST  SLP 29.52 ON 17

[REMARKS]
