000
CXUS56 KSLC 251237
CF6EVW
PRELIMINARY LOCAL CLIMATOLOGICAL DATA (WS FORM: F-6)

                                          STATION:   EVANSTON WY
                                          MONTH:     OCTOBER
                                          YEAR:      2014
                                          LATITUDE:   41 16 N
                                          LONGITUDE: 111  2 W

  TEMPERATURE IN F:       :PCPN:    SNOW:  WIND      :SUNSHINE: SKY     :PK WND
================================================================================
1   2   3   4   5  6A  6B    7    8   9   10  11  12  13   14  15   16   17  18
                                     12Z  AVG MX 2MIN
DY MAX MIN AVG DEP HDD CDD  WTR  SNW DPTH SPD SPD DIR MIN PSBL S-S WX    SPD DR
================================================================================

 1  47  31  39 -11  26   0 0.06    M    0  9.0 25 340   M    M   6 12     32 350
 2  54  29  42  -7  23   0 0.00  0.0    0 12.9 26 260   M    M   1        33 260
 3  61  34  48  -1  17   0 0.00  0.0    0  8.6 20 260   M    M   0        26 260
 4  64  36  50   1  15   0 0.00  0.0    0  9.9 20 300   M    M   0        33 260
 5  67  38  53   5  12   0 0.00  0.0    0  9.9 18 320   M    M   0        23 330
 6  67  40  54   6  11   0 0.00  0.0    0 10.1 21 240   M    M   0        29 230
 7  69  43  56   8   9   0 0.00  0.0    0  9.1 21 250   M    M   0        28 250
 8  69  41  55   8  10   0 0.00  0.0    0  5.7  9 330   M    M   0         M  M
 9  68  40  54   7  11   0 0.00  0.0    M  4.6 12  60   M    M   0        16  10
10  67  38  53   7  12   0 0.00  0.0    0  6.7 18 280   M    M   2        22 280
11  60  38  49   3  16   0 0.00  0.0    0 11.7 25 270   M    M   0        32 230
12  50  32  41  -5  24   0 0.04    M    0 12.3 31 300   M    M   7 12     40 300
13  56  27  42  -3  23   0 0.00  0.0    0  9.2 21 240   M    M   0        29 250
14  70  35  53   8  12   0 0.00  0.0    0  7.5 16 210   M    M   0        21 240
15  66  40  53   9  12   0 0.00  0.0    0 16.1 37 240   M    M   0        46 220
16  62  36  49   5  16   0 0.00  0.0    0  7.0 22 260   M    M   1        28 260
17  66  35  51   7  14   0 0.00  0.0    0  5.1 13  90   M    M   0        14  80
18  67  42  55  12  10   0 0.00  0.0    0  7.4 15 250   M    M   0        21 240
19  67  39  53  10  12   0 0.00  0.0    0  5.0  9  70   M    M   0        12 270
20  68  42  55  13  10   0 0.00  0.0    0  8.0 18 250   M    M   1        25 210
21  63  37  50   8  15   0    T    M    0 11.5 29 270   M    M   4        37 210
22  55  27  41  -1  24   0 0.00  0.0    0  6.7 21 250   M    M   0        28 250
23  67  36  52  11  13   0 0.00  0.0    0 12.4 31 260   M    M   0        40 250
24  70  42  56  15   9   0 0.00  0.0    0 11.9 24 220   M    M   0        29 230
================================================================================
SM 1520  878       356   0  0.10     0.0 218.3          M       22
================================================================================
AV 63.3 36.6                               9.1 FASTST   M    M   1    MAX(MPH)
                                 MISC ---->  # 37 240               # 46  220
================================================================================
NOTES:
# LAST OF SEVERAL OCCURRENCES

COLUMN 17 PEAK WIND IN M.P.H.

PRELIMINARY LOCAL CLIMATOLOGICAL DATA (WS FORM: F-6) , PAGE 2

                                          STATION:  EVANSTON WY
                                          MONTH:    OCTOBER
                                          YEAR:     2014
                                          LATITUDE:   41 16 N
                                          LONGITUDE: 111  2 W

[TEMPERATURE DATA]      [PRECIPITATION DATA]       SYMBOLS USED IN COLUMN 16

AVERAGE MONTHLY: 50.0   TOTAL FOR MONTH:   0.10    1 = FOG OR MIST
DPTR FM NORMAL:   4.6   DPTR FM NORMAL:   -0.76    2 = FOG REDUCING VISIBILITY
HIGHEST:    70 ON 24,14 GRTST 24HR  0.07 ON 30- 1      TO 1/4 MILE OR LESS
LOWEST:     27 ON 22,13                            3 = THUNDER
                        SNOW, ICE PELLETS, HAIL    4 = ICE PELLETS
                        TOTAL MONTH:   0.0 INCH    5 = HAIL
                        GRTST 24HR     0.0         6 = FREEZING RAIN OR DRIZZLE
                        GRTST DEPTH:   0           7 = DUSTSTORM OR SANDSTORM:
                                                       VSBY 1/2 MILE OR LESS
                                                   8 = SMOKE OR HAZE
[NO. OF DAYS WITH]      [WEATHER - DAYS WITH]      9 = BLOWING SNOW
                                                   X = TORNADO
MAX 32 OR BELOW:   0    0.01 INCH OR MORE:   2
MAX 90 OR ABOVE:   0    0.10 INCH OR MORE:   0
MIN 32 OR BELOW:   5    0.50 INCH OR MORE:   0
MIN  0 OR BELOW:   0    1.00 INCH OR MORE:   0

[HDD (BASE 65) ]
TOTAL THIS MO.   356    CLEAR  (SCALE 0-3)  21
DPTR FM NORMAL  -116    PTCLDY (SCALE 4-7)   3
TOTAL FM JUL 1   664    CLOUDY (SCALE 8-10)  0
DPTR FM NORMAL  -205

[CDD (BASE 65) ]
TOTAL THIS MO.     0
DPTR FM NORMAL     0    [PRESSURE DATA]
TOTAL FM JAN 1   219    HIGHEST SLP M ON M
DPTR FM NORMAL    57    LOWEST  SLP 29.73 ON M

[REMARKS]
