000
CXUS56 KSLC 311249
CF6EVW
PRELIMINARY LOCAL CLIMATOLOGICAL DATA (WS FORM: F-6)

                                          STATION:   EVANSTON WY
                                          MONTH:     JULY
                                          YEAR:      2014
                                          LATITUDE:   41 16 N
                                          LONGITUDE: 111  2 W

  TEMPERATURE IN F:       :PCPN:    SNOW:  WIND      :SUNSHINE: SKY     :PK WND
================================================================================
1   2   3   4   5  6A  6B    7    8   9   10  11  12  13   14  15   16   17  18
                                     12Z  AVG MX 2MIN
DY MAX MIN AVG DEP HDD CDD  WTR  SNW DPTH SPD SPD DIR MIN PSBL S-S WX    SPD DR
================================================================================

 1  78  44  61  -2   4   0 0.00  0.0    0  7.5 16  80   M    M   0        20  90
 2  84  49  67   4   0   2 0.00  0.0    0  7.8 17  60   M    M   0        23  50
 3  87  57  72   8   0   7 0.00  0.0    0 10.5 31 260   M    M   1        40 270
 4  87  53  70   6   0   5 0.00  0.0    0  9.8 23 250   M    M   0        31 240
 5  88  62  75  11   0  10 0.00  0.0    0  9.5 23 240   M    M   1        34 270
 6  89  56  73   8   0   8 0.00  0.0    0  5.8 20 320   M    M   0        26 320
 7  89  56  73   8   0   8 0.00  0.0    0  7.6 23 280   M    M   0        29 270
 8  88  56  72   7   0   7 0.00  0.0    0  9.2 18 280   M    M   0        23 240
 9  87  58  73   7   0   8 0.00  0.0    0 12.3 29 180   M    M   2 3      37 180
10  80  56  68   2   0   3 0.19  0.0    0 11.5 24 160   M    M   8 13     30 160
11  70  56  63  -3   2   0 0.04  0.0    0  5.7 15 260   M    M   8 1      18 260
12  83  54  69   3   0   4 0.00  0.0    0  5.3 12  70   M    M   1         M  M
13  87  56  72   6   0   7 0.00  0.0    M  6.4 21  90   M    M   0        26  90
14  90  60  75   8   0  10 0.00  0.0    0  9.4 30 100   M    M   1        41  80
15  87  55  71   4   0   6 0.00  0.0    0 13.5 31 260   M    M   0        39 250
16  81  54  68   1   0   3 0.00  0.0    0 10.6 22 300   M    M   2 8      31 240
17  81  49  65  -2   0   0 0.00  0.0    0  7.1 18 270   M    M   1        24  40
18  85  59  72   5   0   7    T  0.0    0  9.7 23 270   M    M   2 8      30 280
19  86  57  72   4   0   7 0.00  0.0    0 11.5 32 260   M    M   0        40 270
20  85  55  70   2   0   5 0.26  0.0    0  9.6 25 230   M    M   3 13     33 230
21  84  53  69   1   0   4 0.00  0.0    0 10.7 25 220   M    M   1        35 200
22  89  54  72   4   0   7 0.00  0.0    0  6.9 18 250   M    M   1        24 240
23  92  58  75   7   0  10 0.03  0.0    0 10.5 39 270   M    M   1 3      48 270
24  87  61  74   6   0   9 0.00  0.0    0 16.3 32 250   M    M   0        44 230
25  88  52  70   2   0   5 0.00  0.0    0 11.3 33 250   M    M   0        42 260
26  87  55  71   3   0   6 0.00  0.0    0  7.3 21 270   M    M   0        29 280
27  89  56  73   5   0   8 0.00  0.0    0  7.0 14  70   M    M   0        18  80
28  83  56  70   2   0   5 0.01  0.0    0 10.1 29 180   M    M   6        36 170
29  65  56  61  -7   4   0 0.38  0.0    0  6.4 18  80   M    M  10 13     23  80
30  62  54  58 -10   7   0 0.08  0.0    0 11.4 20  80   M    M   9 1      24  60
================================================================================
SM 2518 1657        17 161  0.99     0.0 278.2          M       58
================================================================================
AV 83.9 55.2                               9.3 FASTST   M    M   2    MAX(MPH)
                                 MISC ---->  # 39 270               # 48  270
================================================================================
NOTES:
# LAST OF SEVERAL OCCURRENCES

COLUMN 17 PEAK WIND IN M.P.H.

PRELIMINARY LOCAL CLIMATOLOGICAL DATA (WS FORM: F-6) , PAGE 2

                                          STATION:  EVANSTON WY
                                          MONTH:    JULY
                                          YEAR:     2014
                                          LATITUDE:   41 16 N
                                          LONGITUDE: 111  2 W

[TEMPERATURE DATA]      [PRECIPITATION DATA]       SYMBOLS USED IN COLUMN 16

AVERAGE MONTHLY: 69.6   TOTAL FOR MONTH:   0.99    1 = FOG OR MIST
DPTR FM NORMAL:   3.1   DPTR FM NORMAL:    0.12    2 = FOG REDUCING VISIBILITY
HIGHEST:    92 ON 23    GRTST 24HR  0.39 ON 29-30      TO 1/4 MILE OR LESS
LOWEST:     44 ON  1                               3 = THUNDER
                        SNOW, ICE PELLETS, HAIL    4 = ICE PELLETS
                        TOTAL MONTH:   0.0 INCH    5 = HAIL
                        GRTST 24HR     0.0         6 = FREEZING RAIN OR DRIZZLE
                        GRTST DEPTH:   0           7 = DUSTSTORM OR SANDSTORM:
                                                       VSBY 1/2 MILE OR LESS
                                                   8 = SMOKE OR HAZE
[NO. OF DAYS WITH]      [WEATHER - DAYS WITH]      9 = BLOWING SNOW
                                                   X = TORNADO
MAX 32 OR BELOW:   0    0.01 INCH OR MORE:   7
MAX 90 OR ABOVE:   2    0.10 INCH OR MORE:   3
MIN 32 OR BELOW:   0    0.50 INCH OR MORE:   0
MIN  0 OR BELOW:   0    1.00 INCH OR MORE:   0

[HDD (BASE 65) ]
TOTAL THIS MO.    17    CLEAR  (SCALE 0-3)  24
DPTR FM NORMAL   -25    PTCLDY (SCALE 4-7)   3
TOTAL FM JUL 1    17    CLOUDY (SCALE 8-10)  3
DPTR FM NORMAL   -25

[CDD (BASE 65) ]
TOTAL THIS MO.   161
DPTR FM NORMAL    83    [PRESSURE DATA]
TOTAL FM JAN 1   167    HIGHEST SLP M ON M
DPTR FM NORMAL    75    LOWEST  SLP 29.81 ON M

[REMARKS]
