000
CXUS56 KSLC 231217
CF6EVW
PRELIMINARY LOCAL CLIMATOLOGICAL DATA (WS FORM: F-6)

                                          STATION:   EVANSTON WY
                                          MONTH:     MAY
                                          YEAR:      2015
                                          LATITUDE:   41 16 N
                                          LONGITUDE: 111  2 W

  TEMPERATURE IN F:       :PCPN:    SNOW:  WIND      :SUNSHINE: SKY     :PK WND
================================================================================
1   2   3   4   5  6A  6B    7    8   9   10  11  12  13   14  15   16   17  18
                                     12Z  AVG MX 2MIN
DY MAX MIN AVG DEP HDD CDD  WTR  SNW DPTH SPD SPD DIR MIN PSBL S-S WX    SPD DR
================================================================================

 1  69  37  53   9  12   0 0.00  0.0    0  8.3 25 270   M    M   0        31 270
 2  72  46  59  15   6   0 0.00  0.0    0 12.1 36 220   M    M   3 3      44 210
 3  65  45  55  10  10   0 0.17    M    0  9.5 33 270   M    M   5 3      41 260
 4  62  41  52   7  13   0 0.04    M    0  7.4 17 100   M    M   4 3      22 110
 5  59  40  50   5  15   0 0.25    M    0  4.7 17 180   M    M   8 13     24 160
 6  59  40  50   4  15   0 0.15    M    0  8.6 24 230   M    M   9 12     28 220
 7  56  39  48   2  17   0 0.28    M    0  6.7 31 220   M    M   8 13     37 210
 8  54  35  45  -1  20   0 0.41    M    0 11.1 22 190   M    M   8 13     27 190
 9  38  33  36 -11  29   0 0.48    M    0 10.2 22  70   M    M  10 12     27  70
10  51  32  42  -5  23   0    T    M    0 10.0 23 280   M    M   7 1      31 280
11  63  30  47   0  18   0 0.00  0.0    0  7.9 22 200   M    M   2        30 200
12  67  41  54   6  11   0 0.00  0.0    0 13.6 32 210   M    M   1        44 220
13  64  42  53   5  12   0 0.00  0.0    0 10.7 29 240   M    M   1        36 240
14  62  38  50   2  15   0 0.01    M    0 11.8 31 180   M    M   5 3      39 180
15  48  32  40  -9  25   0 0.11    M    0  9.7 31 230   M    M   6 12     35 240
16  44  29  37 -12  28   0 0.12    M    0 14.6 26 240   M    M   7 1      33 210
17  55  36  46  -3  19   0 0.11    M    0  9.4 21 250   M    M   7 1      28 240
18  57  39  48  -2  17   0    T    M    0 15.5 29  90   M    M   6 3      35  90
19  47  35  41  -9  24   0 0.64    M    0  6.9 21  80   M    M  10 13     28  80
20  52  37  45  -5  20   0 0.22    M    0 11.2 22 250   M    M   8 13     26 250
21  54  38  46  -4  19   0 0.14    M    0 10.9 24  70   M    M   6 13     27  70
22  54  37  46  -5  19   0 0.43  0.0    0  5.4 17 250   M    M   8 13     23 240
================================================================================
SM 1252  822       387   0  3.56     0.0 216.2          M      129
================================================================================
AV 56.9 37.4                               9.8 FASTST   M    M   6    MAX(MPH)
                                 MISC ---->  # 36 220               # 44  210
================================================================================
NOTES:
# LAST OF SEVERAL OCCURRENCES

COLUMN 17 PEAK WIND IN M.P.H.

PRELIMINARY LOCAL CLIMATOLOGICAL DATA (WS FORM: F-6) , PAGE 2

                                          STATION:  EVANSTON WY
                                          MONTH:    MAY
                                          YEAR:     2015
                                          LATITUDE:   41 16 N
                                          LONGITUDE: 111  2 W

[TEMPERATURE DATA]      [PRECIPITATION DATA]       SYMBOLS USED IN COLUMN 16

AVERAGE MONTHLY: 47.1   TOTAL FOR MONTH:   3.56    1 = FOG OR MIST
DPTR FM NORMAL:  -0.3   DPTR FM NORMAL:    2.27    2 = FOG REDUCING VISIBILITY
HIGHEST:    72 ON  2    GRTST 24HR  0.83 ON  8- 9      TO 1/4 MILE OR LESS
LOWEST:     29 ON 16                               3 = THUNDER
                        SNOW, ICE PELLETS, HAIL    4 = ICE PELLETS
                        TOTAL MONTH:   0.0 INCH    5 = HAIL
                        GRTST 24HR     0.0         6 = FREEZING RAIN OR DRIZZLE
                        GRTST DEPTH:   0           7 = DUSTSTORM OR SANDSTORM:
                                                       VSBY 1/2 MILE OR LESS
                                                   8 = SMOKE OR HAZE
[NO. OF DAYS WITH]      [WEATHER - DAYS WITH]      9 = BLOWING SNOW
                                                   X = TORNADO
MAX 32 OR BELOW:   0    0.01 INCH OR MORE:  15
MAX 90 OR ABOVE:   0    0.10 INCH OR MORE:  13
MIN 32 OR BELOW:   4    0.50 INCH OR MORE:   1
MIN  0 OR BELOW:   0    1.00 INCH OR MORE:   0

[HDD (BASE 65) ]
TOTAL THIS MO.   387    CLEAR  (SCALE 0-3)   4
DPTR FM NORMAL     0    PTCLDY (SCALE 4-7)  14
TOTAL FM JUL 1  6812    CLOUDY (SCALE 8-10)  4
DPTR FM NORMAL -1412

[CDD (BASE 65) ]
TOTAL THIS MO.     0
DPTR FM NORMAL     0    [PRESSURE DATA]
TOTAL FM JAN 1     0    HIGHEST SLP M ON M
DPTR FM NORMAL     0    LOWEST  SLP 29.59 ON M

[REMARKS]
