000
CXUS52 KMHX 230700
CF6EWN
PRELIMINARY LOCAL CLIMATOLOGICAL DATA (WS FORM: F-6)

                                          STATION:   NEW BERN NC
                                          MONTH:     OCTOBER
                                          YEAR:      2017
                                          LATITUDE:   35  4 N
                                          LONGITUDE:  77  3 W

  TEMPERATURE IN F:       :PCPN:    SNOW:  WIND      :SUNSHINE: SKY     :PK WND
================================================================================
1   2   3   4   5  6A  6B    7    8   9   10  11  12  13   14  15   16   17  18
                                     12Z  AVG MX 2MIN
DY MAX MIN AVG DEP HDD CDD  WTR  SNW DPTH SPD SPD DIR MIN PSBL S-S WX    SPD DR
================================================================================

 1  75  53  64  -5   1   0 0.00  0.0    0 10.4 21  40   M    M   4        26  40
 2  76  58  67  -2   0   2 0.00  0.0    0  8.2 15  30   M    M   1        18  30
 3  79  59  69   1   0   4 0.00  0.0    0  7.6 15  30   M    M   1        19  20
 4  80  61  71   3   0   6 0.00  0.0    0  5.9 13  80   M    M   4 12     17  80
 5  83  55  69   1   0   4 0.00  0.0    0  3.7 13 150   M    M   2 12     15 160
 6  85  58  72   5   0   7 0.00  0.0    0  3.2 12 120   M    M   3 12     15 140
 7  86  68  77  10   0  12 0.01  0.0    0  6.7 17 180   M    M   6 1      23 160
 8  87  70  79  12   0  14    T  0.0    0  6.5 17 180   M    M   4 1      23 170
 9  86  74  80  14   0  15 0.24  0.0    0  8.8 18 200   M    M   5 18     26 200
10  85  75  80  14   0  15 0.25  0.0    0  6.7 13 200   M    M   5 138    17 210
11  88  73  81  15   0  16 0.07  0.0    0  5.9 14 190   M    M   5 13     18 180
12  85  71  78  13   0  13 0.43  0.0    0  5.8 17  20   M    M   8 138    24  30
13  78  68  73   8   0   8 0.02  0.0    0 11.0 16 360   M    M  10 1      21 330
14  72  65  69   4   0   4    T  0.0    0  4.7 13 320   M    M  10 1      18 310
15  84  67  76  12   0  11 0.00  0.0    0  4.3 12 250   M    M   5 1      16 200
16  81  57  69   5   0   4 0.21  0.0    0  9.8 22  20   M    M   8 1      33  10
17  63  50  57  -7   8   0 0.00  0.0    0 10.0 17  40   M    M   0        21  50
18  73  50  62  -1   3   0 0.00  0.0    0  7.0 13  20   M    M   0 1      15  40
19  80  56  68   5   0   3 0.00  0.0    0  3.3  8 110   M    M   2        11  80
20  80  51  66   3   0   1 0.00  0.0    0  1.5  7  40   M    M   0 1       9  70
21  78  50  64   2   1   0 0.00  0.0    0  2.2  9 140   M    M   1 12     13 130
22  80  53  67   5   0   2 0.00  0.0    0  3.6 12 140   M    M   2 12     15 150
================================================================================
SM 1764 1342        13 141  1.23     0.0 136.8          M       86
================================================================================
AV 80.2 61.0                               6.2 FASTST   M    M   4    MAX(MPH)
                                 MISC ---->  # 22  20               # 33   10
================================================================================
NOTES:
# LAST OF SEVERAL OCCURRENCES

COLUMN 17 PEAK WIND IN M.P.H.

PRELIMINARY LOCAL CLIMATOLOGICAL DATA (WS FORM: F-6) , PAGE 2

                                          STATION:  NEW BERN NC
                                          MONTH:    OCTOBER
                                          YEAR:     2017
                                          LATITUDE:   35  4 N
                                          LONGITUDE:  77  3 W

[TEMPERATURE DATA]      [PRECIPITATION DATA]       SYMBOLS USED IN COLUMN 16

AVERAGE MONTHLY: 70.6   TOTAL FOR MONTH:   1.23    1 = FOG OR MIST
DPTR FM NORMAL:   5.1   DPTR FM NORMAL:   -1.20    2 = FOG REDUCING VISIBILITY
HIGHEST:    88 ON 11    GRTST 24HR  0.43 ON 12-12      TO 1/4 MILE OR LESS
LOWEST:     50 ON 21,18                            3 = THUNDER
                        SNOW, ICE PELLETS, HAIL    4 = ICE PELLETS
                        TOTAL MONTH:   0.0 INCH    5 = HAIL
                        GRTST 24HR     0.0         6 = FREEZING RAIN OR DRIZZLE
                        GRTST DEPTH:   0           7 = DUSTSTORM OR SANDSTORM:
                                                       VSBY 1/2 MILE OR LESS
                                                   8 = SMOKE OR HAZE
[NO. OF DAYS WITH]      [WEATHER - DAYS WITH]      9 = BLOWING SNOW
                                                   X = TORNADO
MAX 32 OR BELOW:   0    0.01 INCH OR MORE:   7
MAX 90 OR ABOVE:   0    0.10 INCH OR MORE:   4
MIN 32 OR BELOW:   0    0.50 INCH OR MORE:   0
MIN  0 OR BELOW:   0    1.00 INCH OR MORE:   0

[HDD (BASE 65) ]
TOTAL THIS MO.    13    CLEAR  (SCALE 0-3)  10
DPTR FM NORMAL   -46    PTCLDY (SCALE 4-7)  10
TOTAL FM JUL 1    13    CLOUDY (SCALE 8-10)  2
DPTR FM NORMAL   -53

[CDD (BASE 65) ]
TOTAL THIS MO.   141
DPTR FM NORMAL    71    [PRESSURE DATA]
TOTAL FM JAN 1  2134    HIGHEST SLP M ON M
DPTR FM NORMAL   261    LOWEST  SLP 29.96 ON 16

[REMARKS]
