000
CXUS52 KMHX 290700
CF6EWN
PRELIMINARY LOCAL CLIMATOLOGICAL DATA (WS FORM: F-6)

                                          STATION:   NEW BERN NC
                                          MONTH:     MARCH
                                          YEAR:      2015
                                          LATITUDE:   35  4 N
                                          LONGITUDE:  77  3 W

  TEMPERATURE IN F:       :PCPN:    SNOW:  WIND      :SUNSHINE: SKY     :PK WND
================================================================================
1   2   3   4   5  6A  6B    7    8   9   10  11  12  13   14  15   16   17  18
                                     12Z  AVG MX 2MIN
DY MAX MIN AVG DEP HDD CDD  WTR  SNW DPTH SPD SPD DIR MIN PSBL S-S WX    SPD DR
================================================================================

 1  50  32  41  -9  24   0    M    M    0  5.3 12  30   M    M   9 1      14  40
 2  64  38  51   1  14   0    M    M    0  6.8 17 100   M    M   5 1      21  90
 3  52  35  44  -6  21   0    M    M    0  5.9 14  60   M    M   9 1      18  60
 4  82  51  67  17   0   2 0.00  0.0    0 13.5 26 230   M    M   6 1      34 230
 5  84  34  59   9   6   0    T    M    0 14.7 28 240   M    M   5 1      38 240
 6  41  28  35 -16  30   0 0.00  0.0    0 12.6 22  20   M    M   5 1      30  30
 7  58  22  40 -11  25   0 0.00  0.0    0  4.7 14 250   M    M   0        17 260
 8  72  38  55   4  10   0 0.00  0.0    0  7.3 14 240   M    M   0 8      19 250
 9  68  47  58   7   7   0 0.00  0.0    0  4.3  9 230   M    M   2        13 230
10  79  46  63  11   2   0    T  0.0    0  6.6 20 200   M    M   6 1      27 220
11  86  63  75  23   0  10    T  0.0    0  9.6 23 230   M    M   6 1      30 240
12  63  43  53   1  12   0 0.11  0.0    M  9.8 22  30   M    M   2 1      28  20
13  66  41  54   2  11   0    T    M    0  7.7 15 110   M    M   5 8      20 120
14  68  56  62   9   3   0 1.39  0.0    0  9.1 22 210   M    M  10 1      33 210
15  71  49  60   7   5   0 0.00  0.0    0 10.1 24 310   M    M   2        32 320
16  74  38  56   3   9   0 0.00  0.0    0  5.7 17 210   M    M   0 18     23 210
17  84  53  69  15   0   4 0.00  0.0    0  8.3 17 330   M    M   0        22 330
18  65  43  54   0  11   0 0.00  0.0    0  8.7 21  40   M    M   0        27  40
19  58  42  50  -4  15   0 0.14    M    0  6.1 13  70   M    M   8 18     18  70
20  64  45  55   1  10   0 0.74    M    0  7.0 15  90   M    M   7 1      21 100
21  65  43  54  -1  11   0 0.00  0.0    0  6.6 12 180   M    M   3        16  30
22  60  49  55   0  10   0    T  0.0    0  6.1 14  40   M    M   2        19  40
23  54  42  48  -7  17   0    T  0.0    0 11.4 21  50   M    M   7        26  40
24  67  39  53  -3  12   0 0.00  0.0    0  7.5 13  50   M    M   3        17  50
25  74  45  60   4   5   0    T  0.0    0  7.6 16 160   M    M   3        22 150
26  80  63  72  16   0   7    T  0.0    0 12.3 28 180   M    M   6        37 170
27  70  43  57   0   8   0 0.98  0.0    0 10.2 23  20   M    M   9 13     30  20
28  50  35  43 -14  22   0 0.00  0.0    0 10.2 18 350   M    M   6        24  20
================================================================================
SM 1869 1203       300  23  3.36     0.0 235.7          M      126
================================================================================
AV 66.8 43.0                               8.4 FASTST   M    M   5    MAX(MPH)
                                 MISC ---->  # 28 240               # 38  240
================================================================================
NOTES:
# LAST OF SEVERAL OCCURRENCES

COLUMN 17 PEAK WIND IN M.P.H.

PRELIMINARY LOCAL CLIMATOLOGICAL DATA (WS FORM: F-6) , PAGE 2

                                          STATION:  NEW BERN NC
                                          MONTH:    MARCH
                                          YEAR:     2015
                                          LATITUDE:   35  4 N
                                          LONGITUDE:  77  3 W

[TEMPERATURE DATA]      [PRECIPITATION DATA]       SYMBOLS USED IN COLUMN 16

AVERAGE MONTHLY: 54.9   TOTAL FOR MONTH:   3.36    1 = FOG OR MIST
DPTR FM NORMAL:   1.9   DPTR FM NORMAL:   -0.62    2 = FOG REDUCING VISIBILITY
HIGHEST:    86 ON 11    GRTST 24HR  1.39 ON 14-14      TO 1/4 MILE OR LESS
LOWEST:     22 ON  7                               3 = THUNDER
                        SNOW, ICE PELLETS, HAIL    4 = ICE PELLETS
                        TOTAL MONTH:   0.0 INCH    5 = HAIL
                        GRTST 24HR     0.0         6 = FREEZING RAIN OR DRIZZLE
                        GRTST DEPTH:   0           7 = DUSTSTORM OR SANDSTORM:
                                                       VSBY 1/2 MILE OR LESS
                                                   8 = SMOKE OR HAZE
[NO. OF DAYS WITH]      [WEATHER - DAYS WITH]      9 = BLOWING SNOW
                                                   X = TORNADO
MAX 32 OR BELOW:   0    0.01 INCH OR MORE:   5
MAX 90 OR ABOVE:   0    0.10 INCH OR MORE:   5
MIN 32 OR BELOW:   3    0.50 INCH OR MORE:   3
MIN  0 OR BELOW:   0    1.00 INCH OR MORE:   1

[HDD (BASE 65) ]
TOTAL THIS MO.   300    CLEAR  (SCALE 0-3)  12
DPTR FM NORMAL   -45    PTCLDY (SCALE 4-7)  11
TOTAL FM JUL 1  2543    CLOUDY (SCALE 8-10)  5
DPTR FM NORMAL    52

[CDD (BASE 65) ]
TOTAL THIS MO.    23
DPTR FM NORMAL    21    [PRESSURE DATA]
TOTAL FM JAN 1    30    HIGHEST SLP M ON M
DPTR FM NORMAL    25    LOWEST  SLP 29.65 ON 27

[REMARKS]
