000
CXUS53 KIND 240730
CF6EYE
PRELIMINARY LOCAL CLIMATOLOGICAL DATA (WS FORM: F-6)

                                          STATION:   INDIANAPOLIS EAGLE CREEK IN
                                          MONTH:     JUNE
                                          YEAR:      2017
                                          LATITUDE:   39 49 N
                                          LONGITUDE:  86 18 W

  TEMPERATURE IN F:       :PCPN:    SNOW:  WIND      :SUNSHINE: SKY     :PK WND
================================================================================
1   2   3   4   5  6A  6B    7    8   9   10  11  12  13   14  15   16   17  18
                                     12Z  AVG MX 2MIN
DY MAX MIN AVG DEP HDD CDD  WTR  SNW DPTH SPD SPD DIR MIN PSBL S-S WX    SPD DR
================================================================================

 1  79  50  65  -3   0   0 0.00    M    M  3.8 13 280   M    M   0        15 290
 2  83  53  68   0   0   3 0.00    M    M  2.3 10 290   M    M   0        13 290
 3  87  58  73   4   0   8 0.00    M    M  3.2 13 190   M    M   1        17 180
 4  88  64  76   7   0  11 0.00    M    M  5.6 14 220   M    M   1        19 210
 5  88  68  78   8   0  13 0.00    M    M  8.1 16  10   M    M   3 3      23  10
 6  79  57  68  -2   0   3 0.00    M    M  7.6 17  20   M    M   1        25  70
 7  73  57  65  -5   0   0 0.00    M    M  8.4 20  10   M    M   2        33  40
 8  77  54  66  -4   0   1 0.00    M    M  3.9 12 110   M    M   0        17  70
 9  84  58  71   0   0   6 0.00    M    M  6.4 16 210   M    M   1        23 270
10  85  62  74   3   0   9 0.00    M    M  8.0 17 200   M    M   0        24 200
11  87  65  76   5   0  11 0.00    M    M  7.7 21 210   M    M   1        27 200
12  91  68  80   8   0  15 0.00    M    M  4.5 16 210   M    M   2        22 210
13  85  71  78   6   0  13 0.08    M    M  5.6 20 340   M    M   2 13     27 340
14  90  69  80   8   0  15 0.83    M    M  6.1 21 120   M    M   3 13     27 310
15  82  68  75   2   0  10 0.31    M    M  4.0 12 300   M    M   3 13     16 240
16  87  66  77   4   0  12 0.00    M    M  3.9 14 210   M    M   0 1      19 200
17  86  71  79   6   0  14    T    M    M  7.0 16 200   M    M   1 1      23 210
18  81  68  75   2   0  10 0.25    M    M  9.2 21 290   M    M   5 13     26 310
19  80  61  71  -3   0   6 0.02    M    M  8.1 25 290   M    M   2 3      35 290
20  84  60  72  -2   0   7 0.05    M    M  6.5 26 320   M    M   1        39 320
21  88  65  77   3   0  12 0.12    M    M  4.9 12 240   M    M   2 1      17 240
22  85  72  79   5   0  14 0.02    M    M  9.2 18 200   M    M   5 1      27 170
23  76  64  70  -4   0   5 1.88    M    M  6.4 21 320   M    M   8 13     25 310
================================================================================
SM 1925 1449         0 198  3.56    M    140.4          M       44
================================================================================
AV 83.7 63.0                               6.1 FASTST   M    M   2    MAX(MPH)
                                 MISC ---->  # 26 320               # 39  320
================================================================================
NOTES:
# LAST OF SEVERAL OCCURRENCES

COLUMN 17 PEAK WIND IN M.P.H.

PRELIMINARY LOCAL CLIMATOLOGICAL DATA (WS FORM: F-6) , PAGE 2

                                          STATION:  INDIANAPOLIS EAGLE CREEK IN
                                          MONTH:    JUNE
                                          YEAR:     2017
                                          LATITUDE:   39 49 N
                                          LONGITUDE:  86 18 W

[TEMPERATURE DATA]      [PRECIPITATION DATA]       SYMBOLS USED IN COLUMN 16

AVERAGE MONTHLY: 73.4   TOTAL FOR MONTH:   3.56    1 = FOG OR MIST
DPTR FM NORMAL:   1.8   DPTR FM NORMAL:    0.21    2 = FOG REDUCING VISIBILITY
HIGHEST:    91 ON 12    GRTST 24HR  1.88 ON 23-23      TO 1/4 MILE OR LESS
LOWEST:     50 ON  1                               3 = THUNDER
                        SNOW, ICE PELLETS, HAIL    4 = ICE PELLETS
                        TOTAL MONTH:    M          5 = HAIL
                        GRTST 24HR    M  ON   M    6 = FREEZING RAIN OR DRIZZLE
                        GRTST DEPTH:  M  ON   M    7 = DUSTSTORM OR SANDSTORM:
                                                       VSBY 1/2 MILE OR LESS
                                                   8 = SMOKE OR HAZE
[NO. OF DAYS WITH]      [WEATHER - DAYS WITH]      9 = BLOWING SNOW
                                                   X = TORNADO
MAX 32 OR BELOW:   0    0.01 INCH OR MORE:   9
MAX 90 OR ABOVE:   2    0.10 INCH OR MORE:   5
MIN 32 OR BELOW:   0    0.50 INCH OR MORE:   2
MIN  0 OR BELOW:   0    1.00 INCH OR MORE:   1

[HDD (BASE 65) ]
TOTAL THIS MO.     0    CLEAR  (SCALE 0-3)  19
DPTR FM NORMAL   -12    PTCLDY (SCALE 4-7)   4
TOTAL FM JUL 1  4242    CLOUDY (SCALE 8-10)  0
DPTR FM NORMAL -1104

[CDD (BASE 65) ]
TOTAL THIS MO.   198
DPTR FM NORMAL    34    [PRESSURE DATA]
TOTAL FM JAN 1   300    HIGHEST SLP M ON M
DPTR FM NORMAL    52    LOWEST  SLP 29.64 ON 18

[REMARKS]
