000
CXUS56 KHNX 301146
CF6FAT
PRELIMINARY LOCAL CLIMATOLOGICAL DATA (WS FORM: F-6)

                                          STATION:   FRESNO CA
                                          MONTH:     JUNE
                                          YEAR:      2015
                                          LATITUDE:   36 46 N
                                          LONGITUDE: 119 43 W

  TEMPERATURE IN F:       :PCPN:    SNOW:  WIND      :SUNSHINE: SKY     :PK WND
================================================================================
1   2   3   4   5  6A  6B    7    8   9   10  11  12  13   14  15   16   17  18
                                     12Z  AVG MX 2MIN
DY MAX MIN AVG DEP HDD CDD  WTR  SNW DPTH SPD SPD DIR MIN PSBL S-S WX    SPD DR
================================================================================

 1  86  56  71  -3   0   6 0.00  0.0    0 10.8 23 310   M    M   1        29 310
 2  86  60  73  -1   0   8 0.00  0.0    0 11.0 17 310   M    M   1        23 290
 3  87  61  74   0   0   9 0.00  0.0    0 10.9 21 290   M    M   6        25 290
 4  83  56  70  -4   0   5 0.00  0.0    0  6.9 14 310   M    M   3        22 270
 5  88  58  73  -2   0   8 0.00  0.0    0  6.2 15  40   M    M   5        19  50
 6  90  63  77   2   0  12 0.00  0.0    0  5.3 13 160   M    M   4        17 290
 7  97  67  82   7   0  17 0.00  0.0    0  5.4 12 210   M    M   4        15 230
 8 106  72  89  14   0  24 0.00  0.0    0  6.6 16 260   M    M   2         M  M
 9  90  77  84   8   0  19 0.00  0.0    0  6.8 16 140   M    M   7 8      20 130
10  90  71  81   5   0  16 0.01  0.0    0 11.0 22 300   M    M   6        27 290
11  92  66  79   3   0  14 0.00  0.0    0  5.9 13 300   M    M   3 8      16 110
12 101  73  87  11   0  22 0.00  0.0    0  5.4 13 270   M    M   4 8      17 280
13 106  75  91  15   0  26 0.00  0.0    0  8.9 21 300   M    M   2        24 300
14 100  68  84   7   0  19 0.00  0.0    0  7.1 16 300   M    M   1        20 290
15  99  65  82   5   0  17 0.00  0.0    0  7.7 16 300   M    M   2        19 300
16  97  62  80   3   0  15 0.00  0.0    0  6.7 10 310   M    M   1         M  M
17 102  67  85   7   0  20 0.00  0.0    0  7.0 14 300   M    M   3        18 310
18 102  70  86   8   0  21 0.00  0.0    0  9.6 21 310   M    M   1        25 310
19  98  64  81   3   0  16 0.00  0.0    0  9.2 17 310   M    M   2        24 300
20 101  65  83   5   0  18 0.00  0.0    0  6.5 14 310   M    M   6        17 300
21  97  69  83   4   0  18 0.00  0.0    0 10.9 18 310   M    M   2        23 310
22  96  62  79   0   0  14 0.00  0.0    0  7.9 15 310   M    M   1        21 330
23  96  64  80   1   0  15 0.00  0.0    0  7.0 16 300   M    M   2        20 310
24  99  67  83   4   0  18 0.00  0.0    0  7.3 14 290   M    M   1        17 350
25 105  71  88   8   0  23 0.00  0.0    0  5.0 12 320   M    M   0        16 270
26 107  73  90  10   0  25 0.00  0.0    0  6.8 17 290   M    M   6        20 300
27 102  72  87   7   0  22 0.00  0.0    0  6.8 15 300   M    M   7        18 310
28  98  73  86   6   0  21 0.00  0.0    0  8.0 16 310   M    M   8        21 300
29  98  70  84   3   0  19 0.00  0.0    0  6.7 15 310   M    M   8        20 320
================================================================================
SM 2799 1937         0 487  0.01     0.0 221.3          M       99
================================================================================
AV 96.5 66.8                               7.6 FASTST   M    M   3    MAX(MPH)
                                 MISC ---->  # 23 310               # 29  310
================================================================================
NOTES:
# LAST OF SEVERAL OCCURRENCES

COLUMN 17 PEAK WIND IN M.P.H.

PRELIMINARY LOCAL CLIMATOLOGICAL DATA (WS FORM: F-6) , PAGE 2

                                          STATION:  FRESNO CA
                                          MONTH:    JUNE
                                          YEAR:     2015
                                          LATITUDE:   36 46 N
                                          LONGITUDE: 119 43 W

[TEMPERATURE DATA]      [PRECIPITATION DATA]       SYMBOLS USED IN COLUMN 16

AVERAGE MONTHLY: 81.7   TOTAL FOR MONTH:   0.01    1 = FOG OR MIST
DPTR FM NORMAL:   4.6   DPTR FM NORMAL:   -0.20    2 = FOG REDUCING VISIBILITY
HIGHEST:   107 ON 26    GRTST 24HR  0.01 ON 10-10      TO 1/4 MILE OR LESS
LOWEST:     56 ON  4, 1                            3 = THUNDER
                        SNOW, ICE PELLETS, HAIL    4 = ICE PELLETS
                        TOTAL MONTH:   0.0 INCH    5 = HAIL
                        GRTST 24HR     0.0         6 = FREEZING RAIN OR DRIZZLE
                        GRTST DEPTH:   0           7 = DUSTSTORM OR SANDSTORM:
                                                       VSBY 1/2 MILE OR LESS
                                                   8 = SMOKE OR HAZE
[NO. OF DAYS WITH]      [WEATHER - DAYS WITH]      9 = BLOWING SNOW
                                                   X = TORNADO
MAX 32 OR BELOW:   0    0.01 INCH OR MORE:   1
MAX 90 OR ABOVE:  24    0.10 INCH OR MORE:   0
MIN 32 OR BELOW:   0    0.50 INCH OR MORE:   0
MIN  0 OR BELOW:   0    1.00 INCH OR MORE:   0

[HDD (BASE 65) ]
TOTAL THIS MO.     0    CLEAR  (SCALE 0-3)  17
DPTR FM NORMAL     0    PTCLDY (SCALE 4-7)  12
TOTAL FM JUL 1  1519    CLOUDY (SCALE 8-10)  0
DPTR FM NORMAL  -824

[CDD (BASE 65) ]
TOTAL THIS MO.   487
DPTR FM NORMAL   134    [PRESSURE DATA]
TOTAL FM JAN 1   760    HIGHEST SLP M ON M
DPTR FM NORMAL   166    LOWEST  SLP 29.59 ON 13

[REMARKS]
