000
CXUS53 KMPX 240700
CF6FCM
PRELIMINARY LOCAL CLIMATOLOGICAL DATA (WS FORM: F-6)

                                          STATION:   MINNEAPOLIS FLYING CLOUD MN
                                          MONTH:     MARCH
                                          YEAR:      2017
                                          LATITUDE:   44 49 N
                                          LONGITUDE:  93 27 W

  TEMPERATURE IN F:       :PCPN:    SNOW:  WIND      :SUNSHINE: SKY     :PK WND
================================================================================
1   2   3   4   5  6A  6B    7    8   9   10  11  12  13   14  15   16   17  18
                                     12Z  AVG MX 2MIN
DY MAX MIN AVG DEP HDD CDD  WTR  SNW DPTH SPD SPD DIR MIN PSBL S-S WX    SPD DR
================================================================================

 1  38  22  30   4  35   0    M    M    M 13.4 22 290   M    M   9 18     29 300
 2  31  18  25  -1  40   0    M    M    M 11.0 20 320   M    M   1        27 330
 3  33  12  23  -3  42   0    M    M    M  8.1 17 200   M    M   4 8      21 110
 4  43  25  34   7  31   0    M    M    M 16.7 24 130   M    M   1        34 110
 5  60  37  49  22  16   0    M    M    M 14.1 22 210   M    M   6        28 130
 6  68  38  53  25  12   0    M    M    M 17.0 36 190   M    M  10 138    44 170
 7  49  28  39  11  26   0    M    M    M 22.0 35 280   M    M   5 8      48 270
 8  36  25  31   3  34   0    M    M    M 19.4 37 290   M    M   4 8      56 260
 9  32  18  25  -4  40   0    M    M    M  9.5 18 320   M    M   4        25 330
10  19   5  12 -17  53   0    M    M    M  9.9 23 340   M    M   0        29 330
11  22  10  16 -14  49   0    M    M    M  6.1 13  50   M    M   7        16  40
12  22  13  18 -12  47   0    M    M    M  8.3 18 130   M    M   6 18     20 140
13  27  15  21 -10  44   0    M    M    M  8.9 15  30   M    M   5 8      21  40
14  30   8  19 -12  46   0    M    M    M  5.6 13 300   M    M   0        15  80
15  31   7  19 -13  46   0    M    M    M  6.7 15 220   M    M   1        19 230
16  44  21  33   1  32   0    M    M    M 11.7 24 130   M    M   6        32 130
17  46  28  37   4  28   0    M    M    M 12.0 25 290   M    M   8 18     35 290
18  42  30  36   3  29   0    M    M    M  9.4 23 310   M    M   6        33 300
19  56  30  43   9  22   0    M    M    M 10.9 24 150   M    M   2 8      30 150
20  56  38  47  13  18   0    M    M    M  7.9 16 360   M    M   3        23 360
21  42  24  33  -1  32   0    M    M    M 11.6 21 330   M    M   0        27 330
22  42  21  32  -3  33   0    M    M    M 11.5 20 130   M    M   5        25 150
23  40  37  39   3  26   0    M    M    M 11.7 23 140   M    M  10 18     26 140
================================================================================
SM  909  510       781   0    M     M    263.4          M      103
================================================================================
AV 39.5 22.2                              11.5 FASTST   M    M   4    MAX(MPH)
                                 MISC ---->  # 37 290               # 56  260
================================================================================
NOTES:
# LAST OF SEVERAL OCCURRENCES

COLUMN 17 PEAK WIND IN M.P.H.

PRELIMINARY LOCAL CLIMATOLOGICAL DATA (WS FORM: F-6) , PAGE 2

                                          STATION:  MINNEAPOLIS FLYING CLOUD MN
                                          MONTH:    MARCH
                                          YEAR:     2017
                                          LATITUDE:   44 49 N
                                          LONGITUDE:  93 27 W

[TEMPERATURE DATA]      [PRECIPITATION DATA]       SYMBOLS USED IN COLUMN 16

AVERAGE MONTHLY: 30.9   TOTAL FOR MONTH:      M    1 = FOG OR MIST
DPTR FM NORMAL:   0.5   DPTR FM NORMAL:       M    2 = FOG REDUCING VISIBILITY
HIGHEST:    68 ON  6    GRTST 24HR    M  ON   M        TO 1/4 MILE OR LESS
LOWEST:      5 ON 10                               3 = THUNDER
                        SNOW, ICE PELLETS, HAIL    4 = ICE PELLETS
                        TOTAL MONTH:    M          5 = HAIL
                        GRTST 24HR    M  ON   M    6 = FREEZING RAIN OR DRIZZLE
                        GRTST DEPTH:  M  ON   M    7 = DUSTSTORM OR SANDSTORM:
                                                       VSBY 1/2 MILE OR LESS
                                                   8 = SMOKE OR HAZE
[NO. OF DAYS WITH]      [WEATHER - DAYS WITH]      9 = BLOWING SNOW
                                                   X = TORNADO
MAX 32 OR BELOW:   8    0.01 INCH OR MORE:   0
MAX 90 OR ABOVE:   0    0.10 INCH OR MORE:   0
MIN 32 OR BELOW:  19    0.50 INCH OR MORE:   0
MIN  0 OR BELOW:   0    1.00 INCH OR MORE:   0

[HDD (BASE 65) ]
TOTAL THIS MO.   781    CLEAR  (SCALE 0-3)   8
DPTR FM NORMAL   -15    PTCLDY (SCALE 4-7)  12
TOTAL FM JUL 1  5493    CLOUDY (SCALE 8-10)  3
DPTR FM NORMAL -1111

[CDD (BASE 65) ]
TOTAL THIS MO.     0
DPTR FM NORMAL     0    [PRESSURE DATA]
TOTAL FM JAN 1     0    HIGHEST SLP M ON M
DPTR FM NORMAL     0    LOWEST  SLP 29.11 ON  6

[REMARKS]
