000
CXUS53 KMKX 250705
CF6FLD
PRELIMINARY LOCAL CLIMATOLOGICAL DATA (WS FORM: F-6)

                                          STATION:   FOND_DU_LAC WI
                                          MONTH:     JULY
                                          YEAR:      2016
                                          LATITUDE:   43 46 N
                                          LONGITUDE:  88 29 W

  TEMPERATURE IN F:       :PCPN:    SNOW:  WIND      :SUNSHINE: SKY     :PK WND
================================================================================
1   2   3   4   5  6A  6B    7    8   9   10  11  12  13   14  15   16   17  18
                                     12Z  AVG MX 2MIN
DY MAX MIN AVG DEP HDD CDD  WTR  SNW DPTH SPD SPD DIR MIN PSBL S-S WX    SPD DR
================================================================================

 1  73  57  65  -6   0   0 0.00    M    M  9.2 20 360   M    M   3        25  10
 2  77  56  67  -4   0   2 0.00  0.0    0  5.1 12 260   M    M   2 8      14 250
 3  80  53  67  -4   0   2 0.00  0.0    0  4.9 14 150   M    M   1        18 160
 4  76  53  65  -7   0   0 0.00  0.0    0  4.1 12 180   M    M   6        24 190
 5  86  68  77   5   0  12 0.02    M    M  7.6 16 200   M    M   5        21 190
 6  83  67  75   3   0  10 0.08    M    M  6.3 24 190   M    M   4 13     32 200
 7  82  65  74   2   0   9 1.19    M    M  7.1 21 280   M    M   3 13     26 290
 8  82  65  74   2   0   9 0.00    M    M 10.6 25 270   M    M   4 1      33 280
 9  79  59  69  -3   0   4 0.00  0.0    0  8.1 17  30   M    M   1        22 360
10  79  57  68  -4   0   3 0.01  0.0    0  8.0 17 140   M    M   2        22 140
11  89  67  78   6   0  13 0.07  0.0    0 13.6 21 190   M    M   3 3      28 190
12  86  70  78   6   0  13    T  0.0    0 11.0 20 200   M    M   2        27 210
13  89  68  79   7   0  14 0.51  0.0    0  9.6 24 270   M    M   1 13     39 260
14  82  66  74   2   0   9 0.00  0.0    0 11.8 23 280   M    M   4        30 280
15  71  54  63  -9   2   0 0.01    M    M  7.3 16  30   M    M   8 1      25  70
16  78  52  65  -7   0   0 0.00  0.0    0  5.8 14 190   M    M   2 1      19 190
17  83  60  72   0   0   7 0.40  0.0    0 12.7 29 140   M    M   2 13     36 190
18  85  61  73   1   0   8 0.00  0.0    0  5.4 14 310   M    M   0        19 310
19  85  62  74   2   0   9 0.00  0.0    0  5.2 14 150   M    M   1        31 210
20  86  64  75   3   0  10 0.00  0.0    0  9.3 17 190   M    M   0        26 270
21  88  69  79   7   0  14 0.37  0.0    0 10.6 37 350   M    M   3 13     52 350
22  91  66  79   7   0  14 0.00    M    M  3.9 10 290   M    M   0 1      14 300
23  89  69  79   8   0  14 0.17    M    M  4.8 17 180   M    M   4 123    23 170
24  90  72  81  10   0  16    T    M    M  9.1 17 190   M    M   5 3      22 190
================================================================================
SM 1989 1500         2 192  2.83     0.0 191.1          M       66
================================================================================
AV 82.9 62.5                               8.0 FASTST   M    M   3    MAX(MPH)
                                 MISC ---->  # 37 350               # 52  350
================================================================================
NOTES:
# LAST OF SEVERAL OCCURRENCES

COLUMN 17 PEAK WIND IN M.P.H.

PRELIMINARY LOCAL CLIMATOLOGICAL DATA (WS FORM: F-6) , PAGE 2

                                          STATION:  FOND_DU_LAC WI
                                          MONTH:    JULY
                                          YEAR:     2016
                                          LATITUDE:   43 46 N
                                          LONGITUDE:  88 29 W

[TEMPERATURE DATA]      [PRECIPITATION DATA]       SYMBOLS USED IN COLUMN 16

AVERAGE MONTHLY: 72.7   TOTAL FOR MONTH:   2.83    1 = FOG OR MIST
DPTR FM NORMAL:   0.9   DPTR FM NORMAL:   -0.16    2 = FOG REDUCING VISIBILITY
HIGHEST:    91 ON 22    GRTST 24HR  1.19 ON  7- 7      TO 1/4 MILE OR LESS
LOWEST:     52 ON 16                               3 = THUNDER
                        SNOW, ICE PELLETS, HAIL    4 = ICE PELLETS
                        TOTAL MONTH:   0.0 INCH    5 = HAIL
                        GRTST 24HR     0.0         6 = FREEZING RAIN OR DRIZZLE
                        GRTST DEPTH:   0           7 = DUSTSTORM OR SANDSTORM:
                                                       VSBY 1/2 MILE OR LESS
                                                   8 = SMOKE OR HAZE
[NO. OF DAYS WITH]      [WEATHER - DAYS WITH]      9 = BLOWING SNOW
                                                   X = TORNADO
MAX 32 OR BELOW:   0    0.01 INCH OR MORE:  10
MAX 90 OR ABOVE:   2    0.10 INCH OR MORE:   5
MIN 32 OR BELOW:   0    0.50 INCH OR MORE:   2
MIN  0 OR BELOW:   0    1.00 INCH OR MORE:   1

[HDD (BASE 65) ]
TOTAL THIS MO.     2    CLEAR  (SCALE 0-3)  15
DPTR FM NORMAL     2    PTCLDY (SCALE 4-7)   9
TOTAL FM JUL 1     2    CLOUDY (SCALE 8-10)  0
DPTR FM NORMAL     2

[CDD (BASE 65) ]
TOTAL THIS MO.   192
DPTR FM NORMAL    24    [PRESSURE DATA]
TOTAL FM JAN 1   349    HIGHEST SLP M ON M
DPTR FM NORMAL    23    LOWEST  SLP 29.66 ON 12

[REMARKS]
