000
CXUS52 KMFL 241000
CF6FLL
PRELIMINARY LOCAL CLIMATOLOGICAL DATA (WS FORM: F-6)

                                          STATION:   FORT LAUDERDALE
                                          MONTH:     AUGUST
                                          YEAR:      2016
                                          LATITUDE:   26  4 N
                                          LONGITUDE:  80  9 W

  TEMPERATURE IN F:       :PCPN:    SNOW:  WIND      :SUNSHINE: SKY     :PK WND
================================================================================
1   2   3   4   5  6A  6B    7    8   9   10  11  12  13   14  15   16   17  18
                                     12Z  AVG MX 2MIN
DY MAX MIN AVG DEP HDD CDD  WTR  SNW DPTH SPD SPD DIR MIN PSBL S-S WX    SPD DR
================================================================================

 1  91  77  84  -1   0  19 0.55  0.0    0 13.1 29 100   M    M   6 138    35 100
 2  90  75  83  -2   0  18 1.17  0.0    0 10.3 23 100   M    M   8 138    28 100
 3  89  74  82  -3   0  17 0.08  0.0    0  6.8 26 130   M    M   9 1      32 120
 4  90  80  85   0   0  20    T  0.0    0  9.7 20 130   M    M   6        24 130
 5  91  81  86   1   0  21 0.00  0.0    0 11.1 18 130   M    M   5        24 130
 6  92  76  84  -1   0  19 0.78  0.0    0  7.0 25 250   M    M   7 13     29 250
 7  89  77  83  -2   0  18 0.17  0.0    0  5.1 22 260   M    M   8 13     26 250
 8  85  74  80  -5   0  15 0.31  0.0    0  5.5 18 140   M    M   9 13     21 140
 9  89  77  83  -2   0  18 0.01  0.0    0  6.6 16 140   M    M   8 3      21 140
10  89  76  83  -2   0  18 0.00  0.0    0  5.2 26 270   M    M   5 3      30 270
11  86  77  82  -3   0  17    T  0.0    0  6.9 15 120   M    M   7        20 120
12  89  73  81  -4   0  16 0.55  0.0    0  9.2 25 130   M    M   4 13     31 130
13  89  77  83  -2   0  18 0.04  0.0    0 10.7 23 150   M    M   6 3      29 130
14  89  78  84  -1   0  19 0.11  0.0    0 12.3 21 100   M    M   7        24 100
15  90  81  86   1   0  21 0.05  0.0    0 12.3 20 120   M    M   6 1      24 100
16  89  80  85   0   0  20 0.34  0.0    0 12.5 32 110   M    M   6 138    41 110
17  89  79  84  -1   0  19 0.12  0.0    0  9.2 20 120   M    M   6 3      24 120
18  90  81  86   1   0  21 0.04  0.0    0  8.7 16 110   M    M   4 3      21 100
19  90  81  86   2   0  21 0.00  0.0    0  5.8 15 120   M    M   3        19 110
20  91  81  86   2   0  21 0.00  0.0    0  6.1 16 120   M    M   3        20 140
21  93  82  88   4   0  23 0.00  0.0    0  5.3 15 130   M    M   3 3      20 130
22  92  83  88   4   0  23 0.00  0.0    0  7.5 15 100   M    M   3        19 100
23  93  82  88   4   0  23 0.00  0.0    0  9.1 18  60   M    M   5        23  60
================================================================================
SM 2065 1802         0 445  4.32     0.0 196.0          M      134
================================================================================
AV 89.8 78.3                               8.5 FASTST   M    M   6    MAX(MPH)
                                 MISC ---->  # 32 110               # 41  110
================================================================================
NOTES:
# LAST OF SEVERAL OCCURRENCES

COLUMN 17 PEAK WIND IN M.P.H.

PRELIMINARY LOCAL CLIMATOLOGICAL DATA (WS FORM: F-6) , PAGE 2

                                          STATION:  FORT LAUDERDALE
                                          MONTH:    AUGUST
                                          YEAR:     2016
                                          LATITUDE:   26  4 N
                                          LONGITUDE:  80  9 W

[TEMPERATURE DATA]      [PRECIPITATION DATA]       SYMBOLS USED IN COLUMN 16

AVERAGE MONTHLY: 84.1   TOTAL FOR MONTH:   4.32    1 = FOG OR MIST
DPTR FM NORMAL:  -0.7   DPTR FM NORMAL:   -0.99    2 = FOG REDUCING VISIBILITY
HIGHEST:    93 ON 23,21 GRTST 24HR  1.57 ON  1- 2      TO 1/4 MILE OR LESS
LOWEST:     73 ON 12                               3 = THUNDER
                        SNOW, ICE PELLETS, HAIL    4 = ICE PELLETS
                        TOTAL MONTH:   0.0 INCH    5 = HAIL
                        GRTST 24HR     0.0         6 = FREEZING RAIN OR DRIZZLE
                        GRTST DEPTH:   0           7 = DUSTSTORM OR SANDSTORM:
                                                       VSBY 1/2 MILE OR LESS
                                                   8 = SMOKE OR HAZE
[NO. OF DAYS WITH]      [WEATHER - DAYS WITH]      9 = BLOWING SNOW
                                                   X = TORNADO
MAX 32 OR BELOW:   0    0.01 INCH OR MORE:  14
MAX 90 OR ABOVE:  12    0.10 INCH OR MORE:   9
MIN 32 OR BELOW:   0    0.50 INCH OR MORE:   4
MIN  0 OR BELOW:   0    1.00 INCH OR MORE:   1

[HDD (BASE 65) ]
TOTAL THIS MO.     0    CLEAR  (SCALE 0-3)   2
DPTR FM NORMAL     0    PTCLDY (SCALE 4-7)  18
TOTAL FM JUL 1     0    CLOUDY (SCALE 8-10)  3
DPTR FM NORMAL     0

[CDD (BASE 65) ]
TOTAL THIS MO.   445
DPTR FM NORMAL   -11    [PRESSURE DATA]
TOTAL FM JAN 1  3054    HIGHEST SLP M ON M
DPTR FM NORMAL    39    LOWEST  SLP 29.93 ON 20

[REMARKS]
