000
CXUS53 KOAX 261000
CF6FNB
PRELIMINARY LOCAL CLIMATOLOGICAL DATA (WS FORM: F-6)

                                          STATION:   FALLS CITY, NEBRASKA
                                          MONTH:     SEPTEMBER
                                          YEAR:      2017
                                          LATITUDE:   40  4 N
                                          LONGITUDE:  95 35 W

  TEMPERATURE IN F:       :PCPN:    SNOW:  WIND      :SUNSHINE: SKY     :PK WND
================================================================================
1   2   3   4   5  6A  6B    7    8   9   10  11  12  13   14  15   16   17  18
                                     12Z  AVG MX 2MIN
DY MAX MIN AVG DEP HDD CDD  WTR  SNW DPTH SPD SPD DIR MIN PSBL S-S WX    SPD DR
================================================================================

 1  81  59  70  -2   0   5 0.00    M    M  6.2 14 130   M    M   3 18     21 150
 2  90  60  75   3   0  10 0.00    M    M  6.6 14 270   M    M   3 8      20 260
 3  88  59  74   2   0   9 0.00    M    M  6.7 16 150   M    M   2 12     20 150
 4  82  61  72   1   0   7 0.00    M    M 10.4 18 320   M    M   0        25 320
 5  73  48  61 -10   4   0 0.00    M    M  9.6 23 310   M    M   1        32 320
 6  73  44  59 -12   6   0 0.00    M    M  5.6 16 320   M    M   2        21 350
 7  81  44  63  -7   2   0 0.00    M    M  3.6 12 110   M    M   0        19 150
 8  91  53  72   2   0   7 0.00    M    M  7.1 16 180   M    M   0        20 190
 9  86  54  70   0   0   5 0.00    M    M  7.4 17 180   M    M   0        24 160
10  86  60  73   4   0   8 0.00    M    M  8.0 21 160   M    M   1        27 150
11  84  56  70   1   0   5 0.00    M    M  4.9 10  80   M    M   0        17 100
12  85  52  69   1   0   4 0.00    M    M  2.4 13  70   M    M   0 1      17  40
13  89  54  72   4   0   7 0.00    M    M  4.1 12 190   M    M   0 18     14 120
14  93  64  79  11   0  14    T    M    M 11.6 21 160   M    M   1        27 170
15  88  63  76   9   0  11 0.00    M    M 11.8 26 170   M    M   0        32 170
16  86  61  74   7   0   9 0.09    M    M 11.0 18 350   M    M   3 13     26 360
17  69  56  63  -3   2   0 0.94    M    M  6.7 17  30   M    M   7 13     24  20
18  79  63  71   5   0   6 0.39    M    M  6.9 13 150   M    M   6 1      16 140
19  89  65  77  12   0  12 0.00    M    M 14.3 29 150   M    M   1 1      35 160
20  86  70  78  13   0  13 0.00    M    M  8.5 22 170   M    M   3        29 160
21  92  67  80  15   0  15 0.00    M    M 12.8 24 160   M    M   2 1      34 160
22  91  73  82  18   0  17 0.00    M    M 13.0 23 170   M    M   0        30 160
23  90  67  79  15   0  14 0.00    M    M  8.7 21 160   M    M   0        29 150
24  90  66  78  15   0  13 0.00    M    M  8.5 20 150   M    M   2        26 160
25  84  65  75  12   0  10 1.47    M    M  5.2 29 230   M    M   5 13     37 220
================================================================================
SM 2126 1484        14 201  2.89    M    201.6          M       42
================================================================================
AV 85.0 59.4                               8.1 FASTST   M    M   2    MAX(MPH)
                                 MISC ---->  # 29 150               # 37  220
================================================================================
NOTES:
# LAST OF SEVERAL OCCURRENCES

COLUMN 17 PEAK WIND IN M.P.H.

PRELIMINARY LOCAL CLIMATOLOGICAL DATA (WS FORM: F-6) , PAGE 2

                                          STATION:  FALLS CITY, NEBRASKA
                                          MONTH:    SEPTEMBER
                                          YEAR:     2017
                                          LATITUDE:   40  4 N
                                          LONGITUDE:  95 35 W

[TEMPERATURE DATA]      [PRECIPITATION DATA]       SYMBOLS USED IN COLUMN 16

AVERAGE MONTHLY: 72.2   TOTAL FOR MONTH:   2.89    1 = FOG OR MIST
DPTR FM NORMAL:   4.4   DPTR FM NORMAL:   -0.12    2 = FOG REDUCING VISIBILITY
HIGHEST:    93 ON 14    GRTST 24HR  1.47 ON 25-25      TO 1/4 MILE OR LESS
LOWEST:     44 ON  7, 6                            3 = THUNDER
                        SNOW, ICE PELLETS, HAIL    4 = ICE PELLETS
                        TOTAL MONTH:    M          5 = HAIL
                        GRTST 24HR    M  ON   M    6 = FREEZING RAIN OR DRIZZLE
                        GRTST DEPTH:  M  ON   M    7 = DUSTSTORM OR SANDSTORM:
                                                       VSBY 1/2 MILE OR LESS
                                                   8 = SMOKE OR HAZE
[NO. OF DAYS WITH]      [WEATHER - DAYS WITH]      9 = BLOWING SNOW
                                                   X = TORNADO
MAX 32 OR BELOW:   0    0.01 INCH OR MORE:   4
MAX 90 OR ABOVE:   7    0.10 INCH OR MORE:   3
MIN 32 OR BELOW:   0    0.50 INCH OR MORE:   2
MIN  0 OR BELOW:   0    1.00 INCH OR MORE:   1

[HDD (BASE 65) ]
TOTAL THIS MO.    14    CLEAR  (SCALE 0-3)  22
DPTR FM NORMAL   -41    PTCLDY (SCALE 4-7)   3
TOTAL FM JUL 1    14    CLOUDY (SCALE 8-10)  0
DPTR FM NORMAL   -47

[CDD (BASE 65) ]
TOTAL THIS MO.   201
DPTR FM NORMAL    75    [PRESSURE DATA]
TOTAL FM JAN 1  1213    HIGHEST SLP M ON M
DPTR FM NORMAL     5    LOWEST  SLP 29.49 ON 19

[REMARKS]
