939
CXUS55 KBOU 290758
CF6FNL
PRELIMINARY LOCAL CLIMATOLOGICAL DATA (WS FORM: F-6)

                                          STATION:   FT COLLINS/LOVELAND CO
                                          MONTH:     MAY
                                          YEAR:      2017
                                          LATITUDE:   40 27 N
                                          LONGITUDE: 105  1 W

  TEMPERATURE IN F:       :PCPN:    SNOW:  WIND      :SUNSHINE: SKY     :PK WND
================================================================================
1   2   3   4   5  6A  6B    7    8   9   10  11  12  13   14  15   16   17  18
                                     12Z  AVG MX 2MIN
DY MAX MIN AVG DEP HDD CDD  WTR  SNW DPTH SPD SPD DIR MIN PSBL S-S WX    SPD DR
================================================================================

 1  66  43  55   M  10   0    M    M    M  9.2 18 120   M    M   0        22 120
 2  63  42  53   M  12   0    M    M    M  8.4 21 320   M    M   1        38 300
 3  61  39  50   M  15   0    M    M    M 10.0 20  10   M    M   2        30  10
 4  76  34  55   M  10   0    M    M    M  4.9 12 120   M    M   0        17 120
 5  81  44  63   M   2   0    M    M    M  4.5 12 130   M    M   0         M  M
 6  89  43  66   M   0   1    M    M    M  6.0 20 190   M    M   0        35 180
 7  83  49  66   M   0   1    M    M    M  8.5 25 250   M    M   0        43 210
 8  70  45  58   M   7   0    M    M    M  8.1 17  40   M    M   3 13     23  30
 9  63  51  57   M   8   0    M    M    M  6.9 14  90   M    M   5 1       M  M
10  55  48  52   M  13   0    M    M    M 10.2 21  30   M    M   5        25  10
11  67  42  55   M  10   0    M    M    M  5.9 10  90   M    M   3         M  M
12  82  41  62   M   3   0    M    M    M  7.4 17 140   M    M   0 1      21 140
13  85  44  65   M   0   0    M    M    M  7.4 13 140   M    M   0        36 110
14  77  46  62   M   3   0    M    M    M  7.6 17  40   M    M   0 8      21 180
15  81  48  65   M   0   0    M    M    M  7.4 14 120   M    M   0 38     20  90
16  74  43  59   M   6   0    M    M    M  7.2 14  60   M    M   1 38     20 150
17  73  40  57   M   8   0    M    M    M  9.3 27  10   M    M   2 13     38  10
18  40  32  36   M  29   0    M    M    M 14.9 20 350   M    M   9 1       M  M
19  41  32  37   M  28   0    M    M    M 11.6 20  10   M    M   5 1       M  M
20  63  32  48   M  17   0    M    M    M  5.3 15  10   M    M   2        21 350
21  65  40  53   M  12   0    M    M    M  5.3 12 360   M    M   2         M  M
22  68  38  53   M  12   0    M    M    M  6.9 21  30   M    M   1        44  30
23  67  40  54   M  11   0    M    M    M  9.8 24 350   M    M   1        32  20
24  87  39  63   M   2   0    M    M    M  5.8 17 310   M    M   0        20 240
25  72  50  61   M   4   0    M    M    M  8.2 21 320   M    M   1        32 300
26  67  44  56   M   9   0    M    M    M  9.5 31  20   M    M   5        43  20
27  63  45  54   M  11   0    M    M    M  4.4 13  10   M    M   8 3       M  M
28   M   M   M   M   M   M    M    M    M  6.2 21 330   M    M   3        18  20
================================================================================
SM 1879 1134       242   2    M     M    216.8          M       59
================================================================================
AV 69.6 42.0                               7.7 FASTST   M    M   2    MAX(MPH)
                                 MISC ---->  # 31  20               # 44   30
================================================================================
NOTES:
# LAST OF SEVERAL OCCURRENCES

COLUMN 17 PEAK WIND IN M.P.H.

PRELIMINARY LOCAL CLIMATOLOGICAL DATA (WS FORM: F-6) , PAGE 2

                                          STATION:  FT COLLINS/LOVELAND CO
                                          MONTH:    MAY
                                          YEAR:     2017
                                          LATITUDE:   40 27 N
                                          LONGITUDE: 105  1 W

[TEMPERATURE DATA]      [PRECIPITATION DATA]       SYMBOLS USED IN COLUMN 16

AVERAGE MONTHLY: 55.8   TOTAL FOR MONTH:      M    1 = FOG OR MIST
DPTR FM NORMAL:     M   DPTR FM NORMAL:       M    2 = FOG REDUCING VISIBILITY
HIGHEST:    89 ON  6    GRTST 24HR  0.00 ON 30- 1      TO 1/4 MILE OR LESS
LOWEST:     32 ON 20,19                            3 = THUNDER
                        SNOW, ICE PELLETS, HAIL    4 = ICE PELLETS
                        TOTAL MONTH:    M          5 = HAIL
                        GRTST 24HR    M  ON   M    6 = FREEZING RAIN OR DRIZZLE
                        GRTST DEPTH:  M  ON   M    7 = DUSTSTORM OR SANDSTORM:
                                                       VSBY 1/2 MILE OR LESS
                                                   8 = SMOKE OR HAZE
[NO. OF DAYS WITH]      [WEATHER - DAYS WITH]      9 = BLOWING SNOW
                                                   X = TORNADO
MAX 32 OR BELOW:   0    0.01 INCH OR MORE:   0
MAX 90 OR ABOVE:   0    0.10 INCH OR MORE:   0
MIN 32 OR BELOW:   3    0.50 INCH OR MORE:   0
MIN  0 OR BELOW:   0    1.00 INCH OR MORE:   0

[HDD (BASE 65) ]
TOTAL THIS MO.   242    CLEAR  (SCALE 0-3)  20
DPTR FM NORMAL     M    PTCLDY (SCALE 4-7)   6
TOTAL FM JUL 1  5070    CLOUDY (SCALE 8-10)  2
DPTR FM NORMAL     M

[CDD (BASE 65) ]
TOTAL THIS MO.     2
DPTR FM NORMAL     M    [PRESSURE DATA]
TOTAL FM JAN 1     2    HIGHEST SLP M ON M
DPTR FM NORMAL     M    LOWEST  SLP M ON M

[REMARKS]
