000
CXUS53 KDTX 260800
CF6FNT
PRELIMINARY LOCAL CLIMATOLOGICAL DATA (WS FORM: F-6)

                                          STATION:   FLINT MI
                                          MONTH:     FEBRUARY
                                          YEAR:      2015
                                          LATITUDE:   42 58 N
                                          LONGITUDE:  83 44 W

  TEMPERATURE IN F:       :PCPN:    SNOW:  WIND      :SUNSHINE: SKY     :PK WND
================================================================================
1   2   3   4   5  6A  6B    7    8   9   10  11  12  13   14  15   16   17  18
                                     12Z  AVG MX 2MIN
DY MAX MIN AVG DEP HDD CDD  WTR  SNW DPTH SPD SPD DIR MIN PSBL S-S WX    SPD DR
================================================================================

 1  29  17  23   1  42   0 0.46  8.0    2 15.9 25  60   M    M  10 1      31  50
 2  18   3  11 -12  54   0 0.07  1.2   11 12.7 24  10   M    M   5        31 340
 3  25   7  16  -7  49   0 0.07  1.0   10  9.1 17 240   M    M   6 18     24 250
 4  28  10  19  -4  46   0 0.07  1.4   13  9.5 17 300   M    M   9 18     20 310
 5  17 -12   3 -20  62   0 0.00  0.0   12  8.3 16 220   M    M   1        22 220
 6  29  12  21  -2  44   0    T    T   12  9.7 20 230   M    M   7 8      25 240
 7  39  24  32   9  33   0 0.00  0.0   12  5.0  9 150   M    M   4 8      13 220
 8  39  23  31   8  34   0 0.02  0.3    8  9.2 18  30   M    M  10 18     23  30
 9  23  10  17  -7  48   0    T  0.2    7 10.1 20  50   M    M   8 18     23  40
10  30   4  17  -7  48   0 0.00  0.0    7  4.6 14 140   M    M   3 18     16 140
11  34  20  27   3  38   0    T  0.3    7 11.4 21 280   M    M   9 18     25 280
12  26   0  13 -11  52   0    T    T    8 13.2 24 350   M    M   4 8      29 350
13  21  -8   7 -17  58   0    T  0.4    8 10.2 21 230   M    M   7        30 260
14  22  -2  10 -14  55   0 0.08  2.3    9 17.2 32 320   M    M   9 189    42 330
15   2 -17  -7 -32  72   0 0.00  0.0    9  8.1 17 330   M    M   0        24 350
16  12 -21  -4 -29  69   0 0.00  0.0    9  3.7 10 170   M    M   7        13 170
17  22   2  12 -13  53   0 0.01  0.3    9  9.3 18 290   M    M   8 8      24 270
18  16   1   9 -16  56   0 0.01  0.4    8 10.7 22 300   M    M   7 18     26 310
19   5 -12  -3 -29  68   0    T    T    8 10.3 23 290   M    M   2 8      29 280
20  14 -25  -5 -31  70   0    T  0.3    8  9.1 18 170   M    M   3        26 200
21  29  14  22  -4  43   0 0.01  0.3    8  5.7 13 200   M    M   7 8      18 170
22  24   2  13 -13  52   0 0.03  0.6    8  9.4 20 330   M    M   9 18     24 320
23  11 -17  -3 -30  68   0 0.00  0.0    9  7.3 17 280   M    M   0        21 280
24  24   4  14 -13  51   0    T    T    9 15.1 29 250   M    M   6 8      37 260
25  23   1  12 -15  53   0    T    T    8  6.8 21 330   M    M   2 8      26 350
================================================================================
SM  562   40      1318   0  0.83    17.0 241.6          M      143
================================================================================
AV 22.5  1.6                               9.7 FASTST   M    M   6    MAX(MPH)
                                 MISC ---->  # 32 320               # 42  330
================================================================================
NOTES:
# LAST OF SEVERAL OCCURRENCES

COLUMN 17 PEAK WIND IN M.P.H.

PRELIMINARY LOCAL CLIMATOLOGICAL DATA (WS FORM: F-6) , PAGE 2

                                          STATION:  FLINT MI
                                          MONTH:    FEBRUARY
                                          YEAR:     2015
                                          LATITUDE:   42 58 N
                                          LONGITUDE:  83 44 W

[TEMPERATURE DATA]      [PRECIPITATION DATA]       SYMBOLS USED IN COLUMN 16

AVERAGE MONTHLY: 12.0   TOTAL FOR MONTH:   0.83    1 = FOG OR MIST
DPTR FM NORMAL: -12.4   DPTR FM NORMAL:   -0.47    2 = FOG REDUCING VISIBILITY
HIGHEST:    39 ON  8, 7 GRTST 24HR  0.50 ON  1- 2      TO 1/4 MILE OR LESS
LOWEST:    -25 ON 20                               3 = THUNDER
                        SNOW, ICE PELLETS, HAIL    4 = ICE PELLETS
                        TOTAL MONTH:  17.0 INCHES  5 = HAIL
                        GRTST 24HR   8.0 ON  1- 1  6 = FREEZING RAIN OR DRIZZLE
                        GRTST DEPTH:  13 ON  4     7 = DUSTSTORM OR SANDSTORM:
                                                       VSBY 1/2 MILE OR LESS
                                                   8 = SMOKE OR HAZE
[NO. OF DAYS WITH]      [WEATHER - DAYS WITH]      9 = BLOWING SNOW
                                                   X = TORNADO
MAX 32 OR BELOW:  22    0.01 INCH OR MORE:  10
MAX 90 OR ABOVE:   0    0.10 INCH OR MORE:   1
MIN 32 OR BELOW:  25    0.50 INCH OR MORE:   0
MIN  0 OR BELOW:   9    1.00 INCH OR MORE:   0

[HDD (BASE 65) ]
TOTAL THIS MO.  1318    CLEAR  (SCALE 0-3)   7
DPTR FM NORMAL   306    PTCLDY (SCALE 4-7)  12
TOTAL FM JUL 1  5130    CLOUDY (SCALE 8-10)  6
DPTR FM NORMAL   154

[CDD (BASE 65) ]
TOTAL THIS MO.     0
DPTR FM NORMAL     0    [PRESSURE DATA]
TOTAL FM JAN 1     0    HIGHEST SLP M ON M
DPTR FM NORMAL     0    LOWEST  SLP 29.62 ON  8

[REMARKS]
