000
CXUS51 KCAR 300600
CF6FVE
PRELIMINARY LOCAL CLIMATOLOGICAL DATA (WS FORM: F-6)

                                          STATION:   FRENCHVILLE ME
                                          MONTH:     MARCH
                                          YEAR:      2015
                                          LATITUDE:   47 16 N
                                          LONGITUDE:  68 19 W

  TEMPERATURE IN F:       :PCPN:    SNOW:  WIND      :SUNSHINE: SKY     :PK WND
================================================================================
1   2   3   4   5  6A  6B    7    8   9   10  11  12  13   14  15   16   17  18
                                     12Z  AVG MX 2MIN
DY MAX MIN AVG DEP HDD CDD  WTR  SNW DPTH SPD SPD DIR MIN PSBL S-S WX    SPD DR
================================================================================

 1  25   3  14  -4  51   0 0.00    M    M  6.9 16 200   M    M   3        21 210
 2  23   4  14  -4  51   0    T    M    M 15.3 35 320   M    M   8 189    46 310
 3  19  -2   9 -10  56   0    T    M    M 13.5 24 300   M    M   2 128    35 310
 4  30  13  22   3  43   0 0.01    M    M 14.3 30 260   M    M   6 18     41 260
 5  19  -3   8 -11  57   0 0.00    M    M 15.7 30 330   M    M   1 89     38 300
 6  17 -10   4 -16  61   0 0.00    M    M  8.8 22 260   M    M   0        27 260
 7  25   3  14  -6  51   0 0.00    M    M 10.1 21 250   M    M   6        29 210
 8  24   9  17  -3  48   0    T    M    M  7.5 15 330   M    M   4 18     18 280
 9  25   4  15  -6  50   0 0.01    M    M  5.7 18 300   M    M   6 18     23 320
10  35   9  22   1  43   0 0.00    M    M  8.2 18 200   M    M   5        26 190
11  41  25  33  11  32   0 0.01    M    M 16.1 37 300   M    M   5 1      55 280
12  25   5  15  -7  50   0    T    M    M 21.8 37 330   M    M   6 89     45 330
13  19   0  10 -12  55   0 0.00    M    M 13.5 24 330   M    M   0        36 330
14  27  -1  13  -9  52   0 0.00    M    M  6.0 12  70   M    M   4        15  60
15  26  14  20  -3  45   0 0.06    M    M 14.4 23  30   M    M   8 1      33  20
16  34  10  22  -1  43   0 0.00    M    M 12.9 22 340   M    M   0        29 340
17  27  11  19  -5  46   0 0.06    M    M 11.9 36 320   M    M   8 1289   48 320
18  11   7   9 -15  56   0    T    M    M 23.5 36 320   M    M  10 9      46 330
19  20   6  13 -11  52   0    T    M    M 18.6 29 320   M    M   6 9      36 320
20  37   5  21  -4  44   0 0.00    M    M  8.3 15 240   M    M   2        18 220
21  32  21  27   2  38   0 0.01    M    M 10.4 16 140   M    M  10 18     20 130
22  28   3  16 -10  49   0 0.04    M    M 20.6 35 290   M    M  10 19     46 290
23  20   2  11 -15  54   0    T    M    M 17.3 29 280   M    M   5 89     38 290
24  32  11  22  -4  43   0 0.00    M    M  8.1 20 320   M    M   0        23 320
25  40  17  29   2  36   0 0.00    M    M  7.6 17 160   M    M   0        24 160
26  42  30  36   9  29   0    T    M    M 12.1 28 240   M    M   8 1      41 260
27  35  20  28   0  37   0    T    M    M 11.2 20 350   M    M   6        24 340
28  29  13  21  -7  44   0 0.00    M    M 10.7 21 340   M    M   1        26 330
29  36  11  24  -4  41   0 0.00    M    M  8.3 16 230   M    M   0        20 280
================================================================================
SM  803  240      1357   0  0.20    M    359.3          M      130
================================================================================
AV 27.7  8.3                              12.4 FASTST   M    M   4    MAX(MPH)
                                 MISC ---->  # 37 300               # 55  280
================================================================================
NOTES:
# LAST OF SEVERAL OCCURRENCES

COLUMN 17 PEAK WIND IN M.P.H.

PRELIMINARY LOCAL CLIMATOLOGICAL DATA (WS FORM: F-6) , PAGE 2

                                          STATION:  FRENCHVILLE ME
                                          MONTH:    MARCH
                                          YEAR:     2015
                                          LATITUDE:   47 16 N
                                          LONGITUDE:  68 19 W

[TEMPERATURE DATA]      [PRECIPITATION DATA]       SYMBOLS USED IN COLUMN 16

AVERAGE MONTHLY: 18.0   TOTAL FOR MONTH:   0.20    1 = FOG OR MIST
DPTR FM NORMAL:  -5.0   DPTR FM NORMAL:   -1.14    2 = FOG REDUCING VISIBILITY
HIGHEST:    42 ON 26    GRTST 24HR  0.06 ON 17-17      TO 1/4 MILE OR LESS
LOWEST:    -10 ON  6                               3 = THUNDER
                        SNOW, ICE PELLETS, HAIL    4 = ICE PELLETS
                        TOTAL MONTH:    M          5 = HAIL
                        GRTST 24HR    M  ON   M    6 = FREEZING RAIN OR DRIZZLE
                        GRTST DEPTH:  M  ON   M    7 = DUSTSTORM OR SANDSTORM:
                                                       VSBY 1/2 MILE OR LESS
                                                   8 = SMOKE OR HAZE
[NO. OF DAYS WITH]      [WEATHER - DAYS WITH]      9 = BLOWING SNOW
                                                   X = TORNADO
MAX 32 OR BELOW:  21    0.01 INCH OR MORE:   7
MAX 90 OR ABOVE:   0    0.10 INCH OR MORE:   0
MIN 32 OR BELOW:  29    0.50 INCH OR MORE:   0
MIN  0 OR BELOW:   5    1.00 INCH OR MORE:   0

[HDD (BASE 65) ]
TOTAL THIS MO.  1357    CLEAR  (SCALE 0-3)  11
DPTR FM NORMAL   137    PTCLDY (SCALE 4-7)  12
TOTAL FM JUL 1  8504    CLOUDY (SCALE 8-10)  6
DPTR FM NORMAL   284

[CDD (BASE 65) ]
TOTAL THIS MO.     0
DPTR FM NORMAL     0    [PRESSURE DATA]
TOTAL FM JAN 1     0    HIGHEST SLP M ON M
DPTR FM NORMAL     0    LOWEST  SLP 29.32 ON 17

[REMARKS]
