443
CXUS52 KMFL 221000
CF6FXE
PRELIMINARY LOCAL CLIMATOLOGICAL DATA (WS FORM: F-6)

                                          STATION:   FORT LAUDERDALE EXEC ARPT
                                          MONTH:     SEPTEMBER
                                          YEAR:      2017
                                          LATITUDE:   26 12 N
                                          LONGITUDE:  80 11 W

  TEMPERATURE IN F:       :PCPN:    SNOW:  WIND      :SUNSHINE: SKY     :PK WND
================================================================================
1   2   3   4   5  6A  6B    7    8   9   10  11  12  13   14  15   16   17  18
                                     12Z  AVG MX 2MIN
DY MAX MIN AVG DEP HDD CDD  WTR  SNW DPTH SPD SPD DIR MIN PSBL S-S WX    SPD DR
================================================================================

 1  94  78  86   3   0  21 0.06  0.0    0  7.8 16 140   M    M   2 13     24 110
 2  91  77  84   1   0  19 0.02  0.0    0  5.0 14 130   M    M   3 3      19 170
 3  92  76  84   1   0  19 0.00  0.0    0  3.6 14 110   M    M   2        17 110
 4  90  77  84   2   0  19 0.00  0.0    0  7.5 15  80   M    M   4 3      21  80
 5  92  77  85   3   0  20 0.34  0.0    0  7.8 18  80   M    M   3 1      22 130
 6  92  77  85   3   0  20 1.40  0.0    0  3.8 17 190   M    M   3 13     23 190
 7  92  77  85   3   0  20 0.01  0.0    0  6.1 17  90   M    M   1        20  80
 8  92  82  87   5   0  22    T  0.0    0 12.5 22  50   M    M   4        31  50
 9  89  75  82   0   0  17 1.57  0.0    0 20.2 39 110   M    M   8 138    51  70
10   M   M   M   M   M   M 8.00    M    0 37.2 53 110   M    M  10 13     75 100
11  90  79  85   3   0  20 0.00  0.0    0 13.1 20 220   M    M   1        32 230
12  91  76  84   2   0  19 0.00  0.0    0  4.4 14 270   M    M   2 8      18 310
13  91  77  84   2   0  19    T  0.0    0  5.7 14 120   M    M   3 3      18 120
14  91  76  84   2   0  19 0.00  0.0    0  5.7 14  90   M    M   2        18  70
15  91  77  84   2   0  19 0.00  0.0    0  7.1 15  70   M    M   2        22  80
16  91  78  85   3   0  20 0.02  0.0    0  7.5 17  60   M    M   3 1      25  60
17  92  77  85   3   0  20 0.00  0.0    0  6.2 14  10   M    M   2        23 280
18  91  73  82   0   0  17 0.00  0.0    0  5.6 15 270   M    M   3 3      21 360
19  91  76  84   2   0  19 0.16  0.0    0  6.4 16 100   M    M   4 1      20  90
20  90  76  83   1   0  18 0.03  0.0    0  5.1 14  90   M    M   3 8      19 110
21  88  77  83   1   0  18 0.01  0.0    0  5.6 14  50   M    M   3 3      18  50
================================================================================
SM 1821 1538         0 385 11.62     0.0 183.9          M       68
================================================================================
AV 91.1 76.9                               8.8 FASTST   M    M   3    MAX(MPH)
                                 MISC ---->  # 53 110               # 75  100
================================================================================
NOTES:
# LAST OF SEVERAL OCCURRENCES

COLUMN 17 PEAK WIND IN M.P.H.

PRELIMINARY LOCAL CLIMATOLOGICAL DATA (WS FORM: F-6) , PAGE 2

                                          STATION:  FORT LAUDERDALE EXEC ARPT
                                          MONTH:    SEPTEMBER
                                          YEAR:     2017
                                          LATITUDE:   26 12 N
                                          LONGITUDE:  80 11 W

[TEMPERATURE DATA]      [PRECIPITATION DATA]       SYMBOLS USED IN COLUMN 16

AVERAGE MONTHLY: 84.0   TOTAL FOR MONTH:  11.62    1 = FOG OR MIST
DPTR FM NORMAL:   1.8   DPTR FM NORMAL:    5.44    2 = FOG REDUCING VISIBILITY
HIGHEST:    94 ON  1    GRTST 24HR  8.00 ON 10-10      TO 1/4 MILE OR LESS
LOWEST:     73 ON 18                               3 = THUNDER
                        SNOW, ICE PELLETS, HAIL    4 = ICE PELLETS
                        TOTAL MONTH:   0.0 INCH    5 = HAIL
                        GRTST 24HR     0.0         6 = FREEZING RAIN OR DRIZZLE
                        GRTST DEPTH:   0           7 = DUSTSTORM OR SANDSTORM:
                                                       VSBY 1/2 MILE OR LESS
                                                   8 = SMOKE OR HAZE
[NO. OF DAYS WITH]      [WEATHER - DAYS WITH]      9 = BLOWING SNOW
                                                   X = TORNADO
MAX 32 OR BELOW:   0    0.01 INCH OR MORE:  11
MAX 90 OR ABOVE:  18    0.10 INCH OR MORE:   5
MIN 32 OR BELOW:   0    0.50 INCH OR MORE:   3
MIN  0 OR BELOW:   0    1.00 INCH OR MORE:   3

[HDD (BASE 65) ]
TOTAL THIS MO.     0    CLEAR  (SCALE 0-3)  15
DPTR FM NORMAL     0    PTCLDY (SCALE 4-7)   5
TOTAL FM JUL 1     0    CLOUDY (SCALE 8-10)  1
DPTR FM NORMAL     0

[CDD (BASE 65) ]
TOTAL THIS MO.   385
DPTR FM NORMAL    23    [PRESSURE DATA]
TOTAL FM JAN 1  3792    HIGHEST SLP M ON M
DPTR FM NORMAL   597    LOWEST  SLP 29.57 ON  9

[REMARKS]
