000
CXUS54 KTSA 221903
CF6FYV
PRELIMINARY LOCAL CLIMATOLOGICAL DATA (WS FORM: F-6)

                                          STATION:   FAYETTEVILLE ARKANSAS
                                          MONTH:     FEBRUARY
                                          YEAR:      2017
                                          LATITUDE:   36  0 N
                                          LONGITUDE:  94 10 W

  TEMPERATURE IN F:       :PCPN:    SNOW:  WIND      :SUNSHINE: SKY     :PK WND
================================================================================
1   2   3   4   5  6A  6B    7    8   9   10  11  12  13   14  15   16   17  18
                                     12Z  AVG MX 2MIN
DY MAX MIN AVG DEP HDD CDD  WTR  SNW DPTH SPD SPD DIR MIN PSBL S-S WX    SPD DR
================================================================================

 1  60  33  47  10  18   0 0.00  0.0    0  6.6 13  70   M    M   1        20  50
 2  41  33  37   0  28   0 0.00  0.0    0  7.1 15  50   M    M  10        20  60
 3  42  23  33  -4  32   0 0.00  0.0    0  4.6 12  70   M    M   3        17  10
 4  38  20  29  -8  36   0 0.00  0.0    0  8.2 20 190   M    M   6        25 170
 5  65  27  46   9  19   0 0.00  0.0    0  3.1 15 190   M    M   1 1      18 190
 6  67  43  55  17  10   0 0.00  0.0    0 15.3 25 190   M    M   8 1      34 190
 7  74  42  58  20   7   0 0.00  0.0    0  7.6 29 200   M    M   1 8      36 200
 8  59  27  43   5  22   0 0.00  0.0    0  7.3 24 330   M    M   0 8      30 330
 9  53  21  37  -1  28   0 0.00  0.0    0  5.8 15 180   M    M   0        23 160
10  69  40  55  17  10   0 0.00  0.0    0 16.9 28 200   M    M   0        37 200
11  81  59  70  31   0   5 0.00  0.0    0 15.3 26 210   M    M   0 1      37 200
12  66  43  55  16  10   0 0.00  0.0    0  8.9 22 350   M    M   2 18     33  20
13  57  38  48   9  17   0 0.01  0.0    0  2.6 17 320   M    M   5 1      21 330
14  42  38  40   1  25   0 0.97  0.0    0  5.0 17 350   M    M   9 1      22 350
15  51  28  40   0  25   0 0.00  0.0    0  6.2 15 320   M    M   1        19 340
16  62  24  43   3  22   0 0.00  0.0    0  7.5 21 220   M    M   0        28 200
17  67  40  54  14  11   0    T  0.0    0  9.8 21 200   M    M   1        26 200
18  70  40  55  15  10   0 0.00  0.0    0  3.4 13 240   M    M   3        16 220
19  75  37  56  15   9   0    T  0.0    0  5.9 18 180   M    M   4 12     21 180
20  68  55  62  21   3   0 0.09  0.0    0  9.8 25 180   M    M   8 13     34 180
21  66  48  57  16   8   0 0.03  0.0    0  4.6 16 310   M    M   9 1      21 320
================================================================================
SM 1273  759       350   5  1.10     0.0 161.5          M       72
================================================================================
AV 60.6 36.1                               7.7 FASTST   M    M   3    MAX(MPH)
                                 MISC ---->  # 29 200               # 37  200
================================================================================
NOTES:
# LAST OF SEVERAL OCCURRENCES

COLUMN 17 PEAK WIND IN M.P.H.

PRELIMINARY LOCAL CLIMATOLOGICAL DATA (WS FORM: F-6) , PAGE 2

                                          STATION:  FAYETTEVILLE ARKANSAS
                                          MONTH:    FEBRUARY
                                          YEAR:     2017
                                          LATITUDE:   36  0 N
                                          LONGITUDE:  94 10 W

[TEMPERATURE DATA]      [PRECIPITATION DATA]       SYMBOLS USED IN COLUMN 16

AVERAGE MONTHLY: 48.4   TOTAL FOR MONTH:   1.10    1 = FOG OR MIST
DPTR FM NORMAL:   9.6   DPTR FM NORMAL:   -0.93    2 = FOG REDUCING VISIBILITY
HIGHEST:    81 ON 11    GRTST 24HR  0.98 ON 13-14      TO 1/4 MILE OR LESS
LOWEST:     20 ON  4                               3 = THUNDER
                        SNOW, ICE PELLETS, HAIL    4 = ICE PELLETS
                        TOTAL MONTH:   0.0 INCH    5 = HAIL
                        GRTST 24HR     0.0         6 = FREEZING RAIN OR DRIZZLE
                        GRTST DEPTH:   0           7 = DUSTSTORM OR SANDSTORM:
                                                       VSBY 1/2 MILE OR LESS
                                                   8 = SMOKE OR HAZE
[NO. OF DAYS WITH]      [WEATHER - DAYS WITH]      9 = BLOWING SNOW
                                                   X = TORNADO
MAX 32 OR BELOW:   0    0.01 INCH OR MORE:   4
MAX 90 OR ABOVE:   0    0.10 INCH OR MORE:   1
MIN 32 OR BELOW:   7    0.50 INCH OR MORE:   1
MIN  0 OR BELOW:   0    1.00 INCH OR MORE:   0

[HDD (BASE 65) ]
TOTAL THIS MO.   350    CLEAR  (SCALE 0-3)  12
DPTR FM NORMAL  -201    PTCLDY (SCALE 4-7)   6
TOTAL FM JUL 1  2474    CLOUDY (SCALE 8-10)  3
DPTR FM NORMAL  -671

[CDD (BASE 65) ]
TOTAL THIS MO.     5
DPTR FM NORMAL     5    [PRESSURE DATA]
TOTAL FM JAN 1     5    HIGHEST SLP M ON M
DPTR FM NORMAL     5    LOWEST  SLP 29.47 ON  7

[REMARKS]
