000
CXUS54 KOUN 190810
CF6GAG
PRELIMINARY LOCAL CLIMATOLOGICAL DATA (WS FORM: F-6)
STATION: GAGE
MONTH: MARCH
YEAR: 2024
LATITUDE: 36 17 N
LONGITUDE: 99 46 W
TEMPERATURE IN F: :PCPN: SNOW: WIND :SUNSHINE: SKY :PK WND
================================================================================
1 2 3 4 5 6A 6B 7 8 9 10 11 12 13 14 15 16 17 18
12Z AVG MX 2MIN
DY MAX MIN AVG DEP HDD CDD WTR SNW DPTH SPD SPD DIR MIN PSBL S-S WX SPD DR
================================================================================
1 65 35 50 6 15 0 0.00 M M 12.5 24 180 M M 5 1 31 170
2 85 34 60 16 5 0 0.00 M M 14.0 31 220 M M 2 18 53 210
3 83 52 68 23 0 3 0.00 M M 18.5 28 210 M M 0 38 210
4 65 37 51 6 14 0 0.00 M M 9.5 20 350 M M 0 27 330
5 64 27 46 0 19 0 0.00 M M 8.1 20 30 M M 0 27 50
6 69 28 49 3 16 0 0.00 M M 7.3 20 200 M M 0 25 200
7 76 45 61 15 4 0 0.00 0.0 0 9.0 22 350 M M 2 18 29 340
8 48 32 40 -7 25 0 0.03 0.0 0 19.7 29 350 M M 10 16 37 350
9 58 28 43 -4 22 0 0.00 0.0 0 7.9 18 340 M M 4 25 350
10 72 24 48 0 17 0 0.00 0.0 0 11.8 23 180 M M 0 33 200
11 76 39 58 10 7 0 0.00 0.0 M 18.9 30 170 M M 0 40 200
12 81 42 62 14 3 0 0.00 0.0 M 13.3 26 180 M M 0 36 190
13 83 40 62 13 3 0 0.00 0.0 M 11.3 30 220 M M 1 42 250
14 72 43 58 9 7 0 0.00 M M 11.9 26 10 M M 2 35 360
15 61 37 49 -1 16 0 0.00 M M 13.8 30 40 M M 6 43 30
16 55 33 44 -6 21 0 0.05 M M 5.2 14 260 M M 7 17 260
17 65 33 49 -1 16 0 0.00 M M 9.5 20 20 M M 5 28 360
18 61 24 43 -8 22 0 0.00 M M 5.8 18 170 M M 0 23 170
================================================================================
SM 1239 633 232 3 0.08 0.0 208.0 M 44
================================================================================
AV 68.8 35.2 11.6 FASTST M M 2 MAX(MPH)
MISC ----> 31 220 53 210
================================================================================
NOTES:
# LAST OF SEVERAL OCCURRENCES
COLUMN 17 PEAK WIND IN M.P.H.
PRELIMINARY LOCAL CLIMATOLOGICAL DATA (WS FORM: F-6) , PAGE 2
STATION: GAGE
MONTH: MARCH
YEAR: 2024
LATITUDE: 36 17 N
LONGITUDE: 99 46 W
[TEMPERATURE DATA] [PRECIPITATION DATA] SYMBOLS USED IN COLUMN 16
AVERAGE MONTHLY: 52.0 TOTAL FOR MONTH: 0.08 1 = FOG OR MIST
DPTR FM NORMAL: 4.6 DPTR FM NORMAL: -0.72 2 = FOG REDUCING VISIBILITY
HIGHEST: 85 ON 2 GRTST 24HR 0.05 ON 16-16 TO 1/4 MILE OR LESS
LOWEST: 24 ON 18,10 3 = THUNDER
SNOW, ICE PELLETS, HAIL 4 = ICE PELLETS
TOTAL MONTH: 0.0 INCH 5 = HAIL
GRTST 24HR 0.0 6 = FREEZING RAIN OR DRIZZLE
GRTST DEPTH: 0 7 = DUSTSTORM OR SANDSTORM:
VSBY 1/2 MILE OR LESS
8 = SMOKE OR HAZE
[NO. OF DAYS WITH] [WEATHER - DAYS WITH] 9 = BLOWING SNOW
X = TORNADO
MAX 32 OR BELOW: 0 0.01 INCH OR MORE: 2
MAX 90 OR ABOVE: 0 0.10 INCH OR MORE: 0
MIN 32 OR BELOW: 6 0.50 INCH OR MORE: 0
MIN 0 OR BELOW: 0 1.00 INCH OR MORE: 0
[HDD (BASE 65) ]
TOTAL THIS MO. 232 CLEAR (SCALE 0-3) 12
DPTR FM NORMAL -88 PTCLDY (SCALE 4-7) 5
TOTAL FM JUL 1 2979 CLOUDY (SCALE 8-10) 1
DPTR FM NORMAL -562
[CDD (BASE 65) ]
TOTAL THIS MO. 3
DPTR FM NORMAL 3 [PRESSURE DATA]
TOTAL FM JAN 1 3 HIGHEST SLP M ON M
DPTR FM NORMAL 2 LOWEST SLP 29.45 ON 13
[REMARKS]