000
CXUS53 KUNR 260945
CF6GCC
PRELIMINARY LOCAL CLIMATOLOGICAL DATA (WS FORM: F-6)

                                          STATION:   GILLETTE AIRPORT WY
                                          MONTH:     NOVEMBER
                                          YEAR:      2014
                                          LATITUDE:   44 20 N
                                          LONGITUDE: 105 32 W

  TEMPERATURE IN F:       :PCPN:    SNOW:  WIND      :SUNSHINE: SKY     :PK WND
================================================================================
1   2   3   4   5  6A  6B    7    8   9   10  11  12  13   14  15   16   17  18
                                     12Z  AVG MX 2MIN
DY MAX MIN AVG DEP HDD CDD  WTR  SNW DPTH SPD SPD DIR MIN PSBL S-S WX    SPD DR
================================================================================

 1  72  37  55  15  10   0 0.00    M    M 12.7 29 210   M    M   0        41 200
 2  62  32  47   8  18   0 0.00    M    M 15.1 31 200   M    M   1        39 200
 3  48  28  38  -1  27   0 0.00    M    M  9.9 24 330   M    M   2        30 310
 4  57  29  43   5  22   0 0.00    M    M  9.8 17 230   M    M   1        21 210
 5  53  29  41   3  24   0 0.00    M    M 10.5 24 320   M    M   5        30 330
 6  68  30  49  12  16   0 0.00    M    M  8.4 20 230   M    M   0        25 230
 7  56  30  43   6  22   0    T    M    M 13.9 33 340   M    M   5        45 350
 8  62  26  44   8  21   0 0.00    M    M  9.2 21 330   M    M   0        29 350
 9  65  30  48  12  17   0 0.05    M    M  6.7 26 340   M    M   4 1      30 340
10  39   7  23 -13  42   0 0.20    M    M 18.5 35 330   M    M  10 189    40 340
11   7 -11  -2 -37  67   0 0.02    M    M 13.4 22 350   M    M   8 18     25 340
12   6 -14  -4 -38  69   0 0.00    M    M  8.3 16 280   M    M   8 8      20 280
13   7 -15  -4 -38  69   0 0.00    M    M 13.0 22 170   M    M   0        24 170
14  14  -7   4 -30  61   0 0.06    M    M  6.2 18 360   M    M   7 18     21 170
15   6  -6   0 -33  65   0 0.12    M    M 13.5 21 250   M    M   6 18     24 340
16   M   M   M   M   M   M    M    M    M 17.7 35 320   M    M   6 8      42 330
17  19   8  14 -18  51   0    T    M    M 10.2 18 340   M    M   5 18     21 320
18  40  12  26  -6  39   0 0.00    M    M 14.3 26 300   M    M   1        35 300
19  32  12  22  -9  43   0 0.00    M    M  7.2 13 170   M    M   3        15 320
20  44   7  26  -5  39   0 0.00    M    M  2.1 14 230   M    M   1        16 230
21  45  15  30   0  35   0 0.00    M    M  5.8 17 190   M    M   1        22 200
22  44  32  38   8  27   0    T    M    M 21.3 33 310   M    M   4        46 300
23  34  29  32   3  33   0 0.00    M    M 12.1 16 300   M    M   0         M  M
24  37  23  30   1  35   0    T    M    M 17.4 38 310   M    M   1 18     46 320
25  34  25  30   2  35   0 0.22    M    M 16.8 35 340   M    M   8 128    41 350
================================================================================
SM  951  388       887   0  0.67    M    294.0          M       87
================================================================================
AV 39.6 16.2                              11.8 FASTST   M    M   3    MAX(MPH)
                                 MISC ---->  # 38 310               # 46  300
================================================================================
NOTES:
# LAST OF SEVERAL OCCURRENCES

COLUMN 17 PEAK WIND IN M.P.H.

PRELIMINARY LOCAL CLIMATOLOGICAL DATA (WS FORM: F-6) , PAGE 2

                                          STATION:  GILLETTE AIRPORT WY
                                          MONTH:    NOVEMBER
                                          YEAR:     2014
                                          LATITUDE:   44 20 N
                                          LONGITUDE: 105 32 W

[TEMPERATURE DATA]      [PRECIPITATION DATA]       SYMBOLS USED IN COLUMN 16

AVERAGE MONTHLY: 27.9   TOTAL FOR MONTH:   0.67    1 = FOG OR MIST
DPTR FM NORMAL:  -6.1   DPTR FM NORMAL:    0.19    2 = FOG REDUCING VISIBILITY
HIGHEST:    72 ON  1    GRTST 24HR  0.25 ON  9-10      TO 1/4 MILE OR LESS
LOWEST:    -15 ON 13                               3 = THUNDER
                        SNOW, ICE PELLETS, HAIL    4 = ICE PELLETS
                        TOTAL MONTH:    M          5 = HAIL
                        GRTST 24HR    M  ON   M    6 = FREEZING RAIN OR DRIZZLE
                        GRTST DEPTH:  M  ON   M    7 = DUSTSTORM OR SANDSTORM:
                                                       VSBY 1/2 MILE OR LESS
                                                   8 = SMOKE OR HAZE
[NO. OF DAYS WITH]      [WEATHER - DAYS WITH]      9 = BLOWING SNOW
                                                   X = TORNADO
MAX 32 OR BELOW:   7    0.01 INCH OR MORE:   6
MAX 90 OR ABOVE:   0    0.10 INCH OR MORE:   3
MIN 32 OR BELOW:  23    0.50 INCH OR MORE:   0
MIN  0 OR BELOW:   5    1.00 INCH OR MORE:   0

[HDD (BASE 65) ]
TOTAL THIS MO.   887    CLEAR  (SCALE 0-3)  13
DPTR FM NORMAL   112    PTCLDY (SCALE 4-7)  11
TOTAL FM JUL 1  1601    CLOUDY (SCALE 8-10)  1
DPTR FM NORMAL   -83

[CDD (BASE 65) ]
TOTAL THIS MO.     0
DPTR FM NORMAL     0    [PRESSURE DATA]
TOTAL FM JAN 1   412    HIGHEST SLP M ON M
DPTR FM NORMAL   -90    LOWEST  SLP 29.39 ON 22

[REMARKS]
