000
CXUS53 KUNR 010945
CF6GCC
PRELIMINARY LOCAL CLIMATOLOGICAL DATA (WS FORM: F-6)

                                          STATION:   GILLETTE AIRPORT WY
                                          MONTH:     SEPTEMBER
                                          YEAR:      2014
                                          LATITUDE:   44 20 N
                                          LONGITUDE: 105 32 W

  TEMPERATURE IN F:       :PCPN:    SNOW:  WIND      :SUNSHINE: SKY     :PK WND
================================================================================
1   2   3   4   5  6A  6B    7    8   9   10  11  12  13   14  15   16   17  18
                                     12Z  AVG MX 2MIN
DY MAX MIN AVG DEP HDD CDD  WTR  SNW DPTH SPD SPD DIR MIN PSBL S-S WX    SPD DR
================================================================================

 1  64  47  56  -9   9   0 0.02    M    M  7.1 25 310   M    M   4 1      33 310
 2  81  48  65   0   0   0 0.00    M    M  9.9 20 200   M    M   0        22 200
 3  91  49  70   6   0   5 0.00    M    M 14.7 35 330   M    M   0        42 330
 4  62  39  51 -13  14   0    T    M    M 12.4 28 330   M    M   2        36 320
 5  70  36  53 -10  12   0 0.00    M    M  5.9 15 180   M    M   1        18 160
 6  77  45  61  -2   4   0 0.00    M    M  8.5 21 190   M    M   0        24 180
 7  85  47  66   4   0   1 0.00    M    M  7.6 28 240   M    M   0        40 250
 8  89  52  71   9   0   6 0.00    M    M  9.9 25 290   M    M   0        33 280
 9  70  45  58  -4   7   0 0.01    M    M 14.9 25 220   M    M   7 1      34 250
10  48  32  40 -21  25   0 0.22    M    M  8.6 21  10   M    M   9 1      24  10
11  34  32  33 -28  32   0 0.37    M    M  8.5 15  30   M    M  10 1      18  30
12  57  29  43 -17  22   0 0.00    M    M 14.1 22 180   M    M   2        32 170
13  59  29  44 -16  21   0 0.00    M    M  7.9 20 330   M    M   0        25 320
14  64  30  47 -12  18   0 0.00    M    M  5.6 23 160   M    M   0        29 160
15  73  34  54  -5  11   0 0.00    M    M  8.3 20 160   M    M   0        24 160
16  85  43  64   6   1   0 0.00    M    M  5.0 15 360   M    M   0        21 320
17  85  53  69  11   0   4 0.00    M    M  7.2 20 230   M    M   2        25 220
18  92  59  76  19   0  11 0.00    M    M 11.3 25 330   M    M   1        32 340
19  78  52  65   8   0   0 0.02    M    M  9.9 21 350   M    M   3 3      24 330
20  73  42  58   2   7   0 0.00    M    M 10.5 26 350   M    M   1        33 350
21  75  35  55  -1  10   0 0.00    M    M  8.5 24 160   M    M   0        30 160
22  82  56  69  14   0   4 0.03    M    M 13.9 28 170   M    M   2 3      34 200
23  81  50  66  11   0   1 0.00    M    M  8.3 22 330   M    M   1        30 330
24  85  54  70  16   0   5 0.00    M    M 10.2 20 170   M    M   0        23 170
25  91  59  75  21   0  10 0.00    M    M 15.8 23 150   M    M   0        30 160
26  93  56  75  22   0  10 0.00    M    M  9.8 21 220   M    M   0 8      27 210
27  73  55  64  11   1   0 0.00    M    M 15.1 23 360   M    M   3        28  10
28  57  46  52   0  13   0 0.04    M    M 11.7 21  10   M    M  10 1      25  10
29  66  48  57   5   8   0 0.09    M    M 10.4 22 170   M    M   5 1      28 150
30  60  46  53   2  12   0 0.49    M    M 10.9 24 310   M    M   9 1      29 300
================================================================================
SM 2200 1348       227  57  1.29    M    302.4          M       72
================================================================================
AV 73.3 44.9                              10.1 FASTST   M    M   2    MAX(MPH)
                                 MISC ---->  # 35 330               # 42  330
================================================================================
NOTES:
# LAST OF SEVERAL OCCURRENCES

COLUMN 17 PEAK WIND IN M.P.H.

PRELIMINARY LOCAL CLIMATOLOGICAL DATA (WS FORM: F-6) , PAGE 2

                                          STATION:  GILLETTE AIRPORT WY
                                          MONTH:    SEPTEMBER
                                          YEAR:     2014
                                          LATITUDE:   44 20 N
                                          LONGITUDE: 105 32 W

[TEMPERATURE DATA]      [PRECIPITATION DATA]       SYMBOLS USED IN COLUMN 16

AVERAGE MONTHLY: 59.1   TOTAL FOR MONTH:   1.29    1 = FOG OR MIST
DPTR FM NORMAL:   0.7   DPTR FM NORMAL:    0.10    2 = FOG REDUCING VISIBILITY
HIGHEST:    93 ON 26    GRTST 24HR  0.51 ON 10-11      TO 1/4 MILE OR LESS
LOWEST:     29 ON 13,12                            3 = THUNDER
                        SNOW, ICE PELLETS, HAIL    4 = ICE PELLETS
                        TOTAL MONTH:    M          5 = HAIL
                        GRTST 24HR    M  ON   M    6 = FREEZING RAIN OR DRIZZLE
                        GRTST DEPTH:  M  ON   M    7 = DUSTSTORM OR SANDSTORM:
                                                       VSBY 1/2 MILE OR LESS
                                                   8 = SMOKE OR HAZE
[NO. OF DAYS WITH]      [WEATHER - DAYS WITH]      9 = BLOWING SNOW
                                                   X = TORNADO
MAX 32 OR BELOW:   0    0.01 INCH OR MORE:   9
MAX 90 OR ABOVE:   4    0.10 INCH OR MORE:   3
MIN 32 OR BELOW:   5    0.50 INCH OR MORE:   0
MIN  0 OR BELOW:   0    1.00 INCH OR MORE:   0

[HDD (BASE 65) ]
TOTAL THIS MO.   227    CLEAR  (SCALE 0-3)  23
DPTR FM NORMAL   -11    PTCLDY (SCALE 4-7)   3
TOTAL FM JUL 1   276    CLOUDY (SCALE 8-10)  4
DPTR FM NORMAL   -19

[CDD (BASE 65) ]
TOTAL THIS MO.    57
DPTR FM NORMAL    17    [PRESSURE DATA]
TOTAL FM JAN 1   412    HIGHEST SLP 30.61 ON 11
DPTR FM NORMAL   -88    LOWEST  SLP 29.46 ON  3

[REMARKS]
#FINAL-09-14#
