000
CXUS56 KFGZ 281219
CF6GCN
PRELIMINARY LOCAL CLIMATOLOGICAL DATA (WS FORM: F-6)

                                          STATION:   GRAND CANYON AZ AIRPORT
                                          MONTH:     MAY
                                          YEAR:      2015
                                          LATITUDE:   35 57 N
                                          LONGITUDE: 112  9 W

  TEMPERATURE IN F:       :PCPN:    SNOW:  WIND      :SUNSHINE: SKY     :PK WND
================================================================================
1   2   3   4   5  6A  6B    7    8   9   10  11  12  13   14  15   16   17  18
                                     12Z  AVG MX 2MIN
DY MAX MIN AVG DEP HDD CDD  WTR  SNW DPTH SPD SPD DIR MIN PSBL S-S WX    SPD DR
================================================================================

 1  77  32  55   9  10   0    T    M    M  4.5 22 210   M    M   0        27 240
 2  77  32  55   9  10   0    T    M    M  3.6 28 260   M    M   3        34 260
 3  66  32  49   2  16   0 0.03    M    M  5.6 23 210   M    M   4 3      28 180
 4  57  32  45  -2  20   0 0.03    M    M  3.6 15 130   M    M   4 13     22 100
 5  60  35  48   1  17   0 0.03    M    M  7.7 20 240   M    M   8 128    26 250
 6  64  36  50   2  15   0 0.00    M    M  9.9 25 210   M    M   4 13     34 220
 7  63  21  42  -6  23   0 0.00    M    M  9.5 23 220   M    M   2        34 200
 8  48  23  36 -12  29   0 0.01    M    M  9.2 28 210   M    M   2        36 210
 9  47  23  35 -13  30   0 0.03    M    M  6.8 17 260   M    M   M        24 230
10  61  23  42  -7  23   0 0.00    M    M  4.0 13 340   M    M   M        22 350
11  70  24  47  -2  18   0 0.00    M    M  6.9 18 130   M    M   M        28 160
12  68  28  48  -1  17   0 0.00    M    M  9.5 28 210   M    M   1        38 210
13  67  25  46  -4  19   0 0.00    M    M 10.6 25 230   M    M   1        35 220
14  60  41  51   1  14   0 0.32    M    M 11.5 31 220   M    M   5 13     44 210
15  46  35  41  -9  24   0 0.50    M    M  9.1 23 220   M    M   9 1      28 210
16  55  33  44  -6  21   0    T    M    M  7.4 21 240   M    M   7 12     29 250
17  65  28  47  -4  18   0 0.00    M    M  4.3 18 230   M    M   1        23 230
18  57  32  45  -6  20   0 0.06    M    M  4.7 22 220   M    M   5 3      30 220
19  64  27  46  -5  19   0 0.00    M    M  5.6 22 240   M    M   4 3      32 240
20  67  30  49  -3  16   0 0.00    M    M  6.3 21 220   M    M   0        27 210
21  64  33  49  -3  16   0 0.04    M    M  5.1 22 250   M    M   3        29 250
22  54  28  41 -11  24   0 0.37    M    M  5.2 28 230   M    M   3 18     36 220
23  50  30  40 -13  25   0 0.26    M    M  4.5 17 240   M    M   9 1      24 230
24  57  42  50  -3  15   0 0.13    M    M  5.8 15 240   M    M   9 1      21 250
25  65  39  52  -1  13   0 0.09    M    M  3.7 15 280   M    M   6 1      22 270
26  71  35  53   0  12   0 0.00    M    M  5.8 20 200   M    M   3        27 210
27  74  39  57   3   8   0    T    M    M  4.7 17 220   M    M   1        29 230
================================================================================
SM 1674  838       492   0  1.90    M    175.1          M       94
================================================================================
AV 62.0 31.0                               6.5 FASTST   M    M   4    MAX(MPH)
                                 MISC ---->  # 31 220               # 44  210
================================================================================
NOTES:
# LAST OF SEVERAL OCCURRENCES

COLUMN 17 PEAK WIND IN M.P.H.

PRELIMINARY LOCAL CLIMATOLOGICAL DATA (WS FORM: F-6) , PAGE 2

                                          STATION:  GRAND CANYON AZ AIRPORT
                                          MONTH:    MAY
                                          YEAR:     2015
                                          LATITUDE:   35 57 N
                                          LONGITUDE: 112  9 W

[TEMPERATURE DATA]      [PRECIPITATION DATA]       SYMBOLS USED IN COLUMN 16

AVERAGE MONTHLY: 46.5   TOTAL FOR MONTH:   1.90    1 = FOG OR MIST
DPTR FM NORMAL:  -3.4   DPTR FM NORMAL:    1.46    2 = FOG REDUCING VISIBILITY
HIGHEST:    77 ON  2, 1 GRTST 24HR  0.50 ON 15-15      TO 1/4 MILE OR LESS
LOWEST:     21 ON  7                               3 = THUNDER
                        SNOW, ICE PELLETS, HAIL    4 = ICE PELLETS
                        TOTAL MONTH:    M          5 = HAIL
                        GRTST 24HR    M  ON   M    6 = FREEZING RAIN OR DRIZZLE
                        GRTST DEPTH:  M  ON   M    7 = DUSTSTORM OR SANDSTORM:
                                                       VSBY 1/2 MILE OR LESS
                                                   8 = SMOKE OR HAZE
[NO. OF DAYS WITH]      [WEATHER - DAYS WITH]      9 = BLOWING SNOW
                                                   X = TORNADO
MAX 32 OR BELOW:   0    0.01 INCH OR MORE:  13
MAX 90 OR ABOVE:   0    0.10 INCH OR MORE:   5
MIN 32 OR BELOW:  17    0.50 INCH OR MORE:   1
MIN  0 OR BELOW:   0    1.00 INCH OR MORE:   0

[HDD (BASE 65) ]
TOTAL THIS MO.   492    CLEAR  (SCALE 0-3)  12
DPTR FM NORMAL    82    PTCLDY (SCALE 4-7)   9
TOTAL FM JUL 1  5923    CLOUDY (SCALE 8-10)  3
DPTR FM NORMAL -1056

[CDD (BASE 65) ]
TOTAL THIS MO.     0
DPTR FM NORMAL     0    [PRESSURE DATA]
TOTAL FM JAN 1     0    HIGHEST SLP M ON M
DPTR FM NORMAL     0    LOWEST  SLP 29.66 ON  8

[REMARKS]
