000
CXUS54 KMAF 291100
CF6GDP
PRELIMINARY LOCAL CLIMATOLOGICAL DATA (WS FORM: F-6)

                                          STATION:   Guadalupe Pass
                                          MONTH:     MAY
                                          YEAR:      2017
                                          LATITUDE:   31 49 N
                                          LONGITUDE: 104 48 W

  TEMPERATURE IN F:       :PCPN:    SNOW:  WIND      :SUNSHINE: SKY     :PK WND
================================================================================
1   2   3   4   5  6A  6B    7    8   9   10  11  12  13   14  15   16   17  18
                                     12Z  AVG MX 2MIN
DY MAX MIN AVG DEP HDD CDD  WTR  SNW DPTH SPD SPD DIR MIN PSBL S-S WX    SPD DR
================================================================================

 1  80  50  65   1   0   0 0.00  0.0    0 14.3 29 250   M    M   0        35 250
 2  86  59  73   8   0   8 0.00  0.0    0 16.1 38 250   M    M   0        49 250
 3  72  48  60  -5   5   0 0.00  0.0    0 22.6 48  50   M    M   0 8      55  50
 4  68  43  56  -9   9   0 0.00  0.0    0 23.9 48  50   M    M   0        54  50
 5  87  55  71   5   0   6 0.00  0.0    0 12.7 24  60   M    M   0        30 250
 6  92  63  78  12   0  13 0.00  0.0    0 15.2 30 240   M    M   0        40 240
 7  88  62  75   9   0  10 0.00  0.0    0 14.7 33  50   M    M   0        42 250
 8  87  57  72   5   0   7 0.00  0.0    0 19.5 47  50   M    M   1        55 100
 9  83  54  69   2   0   4 0.00  0.0    0 20.0 51 230   M    M   4 12     62 240
10  69  51  60  -7   5   0 0.00  0.0    0 27.6 48 240   M    M   2        58 240
11  80  47  64  -4   1   0 0.00  0.0    0 19.4 35  50   M    M   0        38  40
12  74  48  61  -7   4   0 0.00  0.0    0 21.4 35  50   M    M   0        40  50
13  90  57  74   6   0   9 0.00  0.0    0 16.6 31  50   M    M   1        37  80
14  93  66  80  11   0  15 0.00  0.0    0 18.4 30 230   M    M   0        39 270
15  87  60  74   5   0   9 0.00  0.0    0 17.3 40 240   M    M   0        46 240
16  80  54  67  -3   0   2 0.00  0.0    0 35.7 60 250   M    M   2 8      70 250
17  76  51  64  -6   1   0 0.00  0.0    0 33.9 53 270   M    M   0        64 270
18  79  58  69  -1   0   4 0.00  0.0    0 29.6 53 250   M    M   0        60 240
19  78  56  67  -3   0   2 0.00  0.0    0 20.9 43 250   M    M   0        51 250
20  72  46  59 -12   6   0 0.00  0.0    0 23.1 38  70   M    M   0        42  60
21  72  56  64  -7   1   0 0.00  0.0    0 27.8 39  80   M    M   3 8      45  80
22  87  51  69  -3   0   4    T  0.0    0 18.3 36  70   M    M   2 12     41  80
23  66  51  59 -13   6   0 0.00  0.0    0 24.4 40  50   M    M   0 8      45  60
24  88  48  68  -4   0   3 0.00  0.0    0 18.6 40 250   M    M   0        50 260
25  89  66  78   5   0  13 0.00  0.0    0 28.4 52 250   M    M   0        61 250
26  88  68  78   5   0  13 0.00  0.0    0 30.7 48 260   M    M   0        56 260
27  88  65  77   4   0  12 0.00  0.0    0 26.7 48 240   M    M   0        56 240
28  76  56  66  -8   0   1 0.00  0.0    0 28.1 52  50   M    M   0 8      59  70
================================================================================
SM 2275 1546        38 135    T      0.0 625.9          M       15
================================================================================
AV 81.3 55.2                              22.4 FASTST   M    M   1    MAX(MPH)
                                 MISC ---->  # 60 250               # 70  250
================================================================================
NOTES:
# LAST OF SEVERAL OCCURRENCES

COLUMN 17 PEAK WIND IN M.P.H.

PRELIMINARY LOCAL CLIMATOLOGICAL DATA (WS FORM: F-6) , PAGE 2

                                          STATION:  Guadalupe Pass
                                          MONTH:    MAY
                                          YEAR:     2017
                                          LATITUDE:   31 49 N
                                          LONGITUDE: 104 48 W

[TEMPERATURE DATA]      [PRECIPITATION DATA]       SYMBOLS USED IN COLUMN 16

AVERAGE MONTHLY: 68.2   TOTAL FOR MONTH:      T    1 = FOG OR MIST
DPTR FM NORMAL:  -0.7   DPTR FM NORMAL:   -0.94    2 = FOG REDUCING VISIBILITY
HIGHEST:    93 ON 14    GRTST 24HR    T  ON 22-22      TO 1/4 MILE OR LESS
LOWEST:     43 ON  4                               3 = THUNDER
                        SNOW, ICE PELLETS, HAIL    4 = ICE PELLETS
                        TOTAL MONTH:   0.0 INCH    5 = HAIL
                        GRTST 24HR     0.0         6 = FREEZING RAIN OR DRIZZLE
                        GRTST DEPTH:   0           7 = DUSTSTORM OR SANDSTORM:
                                                       VSBY 1/2 MILE OR LESS
                                                   8 = SMOKE OR HAZE
[NO. OF DAYS WITH]      [WEATHER - DAYS WITH]      9 = BLOWING SNOW
                                                   X = TORNADO
MAX 32 OR BELOW:   0    0.01 INCH OR MORE:   0
MAX 90 OR ABOVE:   3    0.10 INCH OR MORE:   0
MIN 32 OR BELOW:   0    0.50 INCH OR MORE:   0
MIN  0 OR BELOW:   0    1.00 INCH OR MORE:   0

[HDD (BASE 65) ]
TOTAL THIS MO.    38    CLEAR  (SCALE 0-3)  27
DPTR FM NORMAL    -5    PTCLDY (SCALE 4-7)   1
TOTAL FM JUL 1  2288    CLOUDY (SCALE 8-10)  0
DPTR FM NORMAL  -995

[CDD (BASE 65) ]
TOTAL THIS MO.   135
DPTR FM NORMAL   -19    [PRESSURE DATA]
TOTAL FM JAN 1   271    HIGHEST SLP M ON M
DPTR FM NORMAL    75    LOWEST  SLP 29.41 ON 16

[REMARKS]
