000
CXUS53 KFGF 230915
CF6GFK
PRELIMINARY LOCAL CLIMATOLOGICAL DATA (WS FORM: F-6)

                                          STATION:   GRAND FORKS INTL AP ND
                                          MONTH:     JUNE
                                          YEAR:      2017
                                          LATITUDE:   47 57 N
                                          LONGITUDE:  97 11 W

  TEMPERATURE IN F:       :PCPN:    SNOW:  WIND      :SUNSHINE: SKY     :PK WND
================================================================================
1   2   3   4   5  6A  6B    7    8   9   10  11  12  13   14  15   16   17  18
                                     12Z  AVG MX 2MIN
DY MAX MIN AVG DEP HDD CDD  WTR  SNW DPTH SPD SPD DIR MIN PSBL S-S WX    SPD DR
================================================================================

 1  87  48  68   8   0   3 0.00  0.0    0 11.1 22 200   M    M   2        27 200
 2  96  59  78  18   0  13 0.10  0.0    0 15.0 52 300   M    M   5 138    63 290
 3  85  62  74  13   0   9 0.03  0.0    0 13.0 28 290   M    M   3 1      34 290
 4  82  55  69   8   0   4 0.00  0.0    0 11.5 22 340   M    M   2        33 350
 5  87  55  71  10   0   6 0.00  0.0    0  6.4 15 120   M    M   2        22 130
 6  91  59  75  13   0  10 0.09  0.0    0 11.7 20 300   M    M   5 3      30 180
 7  78  60  69   7   0   4 0.18  0.0    0  5.9 17  10   M    M   7 13X    21 320
 8  83  58  71   9   0   6 0.00  0.0    0  8.1 17  60   M    M   3        24  80
 9  87  55  71   9   0   6 0.05  0.0    0 12.8 28 130   M    M   5 3      34 140
10  82  59  71   8   0   6 0.01  0.0    0 12.0 29 300   M    M   3 3      36 290
11  86  57  72   9   0   7 0.00  0.0    0 12.8 24 220   M    M   4        32 210
12  79  52  66   3   0   1 0.00  0.0    0  7.5 16  30   M    M   3        20  30
13  78  60  69   5   0   4 0.61  0.0    0 15.5 56 110   M    M   7 13     70 110
14  80  60  70   6   0   5    T  0.0    0 14.3 29 240   M    M   5 1      37 240
15  77  59  68   4   0   3 0.00  0.0    0 14.4 28 280   M    M   5        35 280
16  80  56  68   4   0   3 0.07  0.0    0  8.7 21 260   M    M   6        28 250
17  72  55  64  -1   1   0    T  0.0    0  7.3 14  10   M    M   7 1      21  20
18  71  53  62  -3   3   0 0.00  0.0    0 10.3 17 340   M    M   9        22 320
19  75  53  64  -1   1   0 0.16  0.0    0  8.4 28 300   M    M   7 13     37 300
20  75  49  62  -3   3   0 0.00  0.0    0  5.1 10 310   M    M   4        15 330
21  86  53  70   4   0   5 0.03  0.0    0 11.6 25 150   M    M   4        31 160
22  78  49  64  -2   1   0    T  0.0    0 13.7 28 280   M    M   5        39 280
================================================================================
SM 1795 1226         9  95  1.33     0.0 237.1          M      103
================================================================================
AV 81.6 55.7                              10.8 FASTST   M    M   5    MAX(MPH)
                                 MISC ---->  # 56 110               # 70  110
================================================================================
NOTES:
# LAST OF SEVERAL OCCURRENCES

COLUMN 17 PEAK WIND IN M.P.H.

PRELIMINARY LOCAL CLIMATOLOGICAL DATA (WS FORM: F-6) , PAGE 2

                                          STATION:  GRAND FORKS INTL AP ND
                                          MONTH:    JUNE
                                          YEAR:     2017
                                          LATITUDE:   47 57 N
                                          LONGITUDE:  97 11 W

[TEMPERATURE DATA]      [PRECIPITATION DATA]       SYMBOLS USED IN COLUMN 16

AVERAGE MONTHLY: 68.7   TOTAL FOR MONTH:   1.33    1 = FOG OR MIST
DPTR FM NORMAL:   5.6   DPTR FM NORMAL:   -1.16    2 = FOG REDUCING VISIBILITY
HIGHEST:    96 ON  2    GRTST 24HR  0.61 ON 13-13      TO 1/4 MILE OR LESS
LOWEST:     48 ON  1                               3 = THUNDER
                        SNOW, ICE PELLETS, HAIL    4 = ICE PELLETS
                        TOTAL MONTH:   0.0 INCH    5 = HAIL
                        GRTST 24HR     0.0         6 = FREEZING RAIN OR DRIZZLE
                        GRTST DEPTH:   0           7 = DUSTSTORM OR SANDSTORM:
                                                       VSBY 1/2 MILE OR LESS
                                                   8 = SMOKE OR HAZE
[NO. OF DAYS WITH]      [WEATHER - DAYS WITH]      9 = BLOWING SNOW
                                                   X = TORNADO
MAX 32 OR BELOW:   0    0.01 INCH OR MORE:  10
MAX 90 OR ABOVE:   2    0.10 INCH OR MORE:   4
MIN 32 OR BELOW:   0    0.50 INCH OR MORE:   1
MIN  0 OR BELOW:   0    1.00 INCH OR MORE:   0

[HDD (BASE 65) ]
TOTAL THIS MO.     9    CLEAR  (SCALE 0-3)   5
DPTR FM NORMAL   -80    PTCLDY (SCALE 4-7)  16
TOTAL FM JUL 1  8023    CLOUDY (SCALE 8-10)  1
DPTR FM NORMAL -1478

[CDD (BASE 65) ]
TOTAL THIS MO.    95
DPTR FM NORMAL    49    [PRESSURE DATA]
TOTAL FM JAN 1    97    HIGHEST SLP M ON M
DPTR FM NORMAL    34    LOWEST  SLP 29.09 ON 10

[REMARKS]
