000
CXUS55 KGJT 301000
CF6GJT
PRELIMINARY LOCAL CLIMATOLOGICAL DATA (WS FORM: F-6)

                                          STATION:   GRAND JUNCTION CO
                                          MONTH:     MARCH
                                          YEAR:      2017
                                          LATITUDE:   39  7 N
                                          LONGITUDE: 108 32 W

  TEMPERATURE IN F:       :PCPN:    SNOW:  WIND      :SUNSHINE: SKY     :PK WND
================================================================================
1   2   3   4   5  6A  6B    7    8   9   10  11  12  13   14  15   16   17  18
                                     12Z  AVG MX 2MIN
DY MAX MIN AVG DEP HDD CDD  WTR  SNW DPTH SPD SPD DIR MIN PSBL S-S WX    SPD DR
================================================================================

 1  42  19  31  -9  34   0 0.00  0.0    0  6.0 16 130   M    M   0        19 120
 2  50  21  36  -4  29   0 0.00  0.0    0  5.9 14 140   M    M   0        17 110
 3  57  24  41   1  24   0 0.00  0.0    0  6.9 16 120   M    M   0        18 100
 4  65  33  49   8  16   0 0.00  0.0    0 12.0 23 240   M    M   0        29 240
 5  57  43  50   9  15   0 0.00  0.0    0 17.3 44 200   M    M   3        57 210
 6  49  19  34  -8  31   0    T    T    0 15.5 39 270   M    M   5 18     50 270
 7  51  16  34  -8  31   0 0.00  0.0    0  6.9 14 130   M    M   1        18 130
 8  62  27  45   3  20   0 0.00  0.0    0  6.2 13 310   M    M   1        19 300
 9  67  30  49   7  16   0 0.00  0.0    0  6.9 14 330   M    M   0        17 330
10  68  39  54  11  11   0 0.00  0.0    0  6.3 17 120   M    M   0        21 120
11  67  37  52   9  13   0 0.00  0.0    0  5.5 17  50   M    M   0 8      22  50
12  68  36  52   9  13   0 0.00  0.0    0  7.6 25 310   M    M   1        30 310
13  63  29  46   3  19   0 0.00  0.0    0  5.0 13 150   M    M   0        18 320
14  73  34  54  10  11   0 0.00  0.0    0  6.6 16 320   M    M   0        22 310
15  76  39  58  14   7   0 0.00  0.0    0  8.4 17 310   M    M   0        20 310
16  75  37  56  12   9   0 0.00  0.0    0  6.7 20 270   M    M   0        25 270
17  76  40  58  14   7   0 0.00  0.0    0  6.1 15 300   M    M   1        19 300
18  80  44  62  17   3   0 0.00  0.0    0  9.7 17 120   M    M   0        23 300
19  79  48  64  19   1   0 0.00  0.0    0  9.0 18 280   M    M   0        23 270
20  77  49  63  18   2   0 0.00  0.0    0  7.9 20 220   M    M   1        25 220
21  76  52  64  19   1   0 0.00  0.0    0 12.0 23 200   M    M   2        28 200
22  73  53  63  17   2   0 0.00  0.0    0 11.1 29 210   M    M   4        34 190
23  59  44  52   6  13   0 0.03  0.0    0  9.0 23 350   M    M   6        29 200
24  62  39  51   5  14   0 0.00  0.0    0  7.7 17 350   M    M   3        22 350
25  65  37  51   5  14   0    T  0.0    0 10.6 22 220   M    M   4        27 130
26  63  40  52   6  13   0    T  0.0    0  6.8 15 260   M    M   5        17 320
27  61  42  52   6  13   0 0.13  0.0    0  9.5 24 240   M    M   9 1      31 230
28  53  41  47   0  18   0 0.04  0.0    0  7.8 18 360   M    M   8        23 330
29  63  35  49   2  16   0 0.00  0.0    0  6.0 21 310   M    M   1        34 310
================================================================================
SM 1877 1047       416   0  0.20    T    242.9          M       55
================================================================================
AV 64.7 36.1                               8.4 FASTST   M    M   2    MAX(MPH)
                                 MISC ---->  # 44 200               # 57  210
================================================================================
NOTES:
# LAST OF SEVERAL OCCURRENCES

COLUMN 17 PEAK WIND IN M.P.H.

PRELIMINARY LOCAL CLIMATOLOGICAL DATA (WS FORM: F-6) , PAGE 2

                                          STATION:  GRAND JUNCTION CO
                                          MONTH:    MARCH
                                          YEAR:     2017
                                          LATITUDE:   39  7 N
                                          LONGITUDE: 108 32 W

[TEMPERATURE DATA]      [PRECIPITATION DATA]       SYMBOLS USED IN COLUMN 16

AVERAGE MONTHLY: 50.4   TOTAL FOR MONTH:   0.20    1 = FOG OR MIST
DPTR FM NORMAL:   6.7   DPTR FM NORMAL:   -0.65    2 = FOG REDUCING VISIBILITY
HIGHEST:    80 ON 18    GRTST 24HR  0.13 ON 27-27      TO 1/4 MILE OR LESS
LOWEST:     16 ON  7                               3 = THUNDER
                        SNOW, ICE PELLETS, HAIL    4 = ICE PELLETS
                        TOTAL MONTH:    T          5 = HAIL
                        GRTST 24HR    T  ON  6- 6  6 = FREEZING RAIN OR DRIZZLE
                        GRTST DEPTH:   0           7 = DUSTSTORM OR SANDSTORM:
                                                       VSBY 1/2 MILE OR LESS
                                                   8 = SMOKE OR HAZE
[NO. OF DAYS WITH]      [WEATHER - DAYS WITH]      9 = BLOWING SNOW
                                                   X = TORNADO
MAX 32 OR BELOW:   0    0.01 INCH OR MORE:   3
MAX 90 OR ABOVE:   0    0.10 INCH OR MORE:   1
MIN 32 OR BELOW:   8    0.50 INCH OR MORE:   0
MIN  0 OR BELOW:   0    1.00 INCH OR MORE:   0

[HDD (BASE 65) ]
TOTAL THIS MO.   416    CLEAR  (SCALE 0-3)  22
DPTR FM NORMAL  -201    PTCLDY (SCALE 4-7)   5
TOTAL FM JUL 1  4063    CLOUDY (SCALE 8-10)  2
DPTR FM NORMAL  -933

[CDD (BASE 65) ]
TOTAL THIS MO.     0
DPTR FM NORMAL     0    [PRESSURE DATA]
TOTAL FM JAN 1     0    HIGHEST SLP M ON M
DPTR FM NORMAL     0    LOWEST  SLP 29.29 ON  6

[REMARKS]
