000
CXUS54 KJAN 291641
CF6GLH
PRELIMINARY LOCAL CLIMATOLOGICAL DATA (WS FORM: F-6)

                                          STATION:   GREENVILLE
                                          MONTH:     MARCH
                                          YEAR:      2017
                                          LATITUDE:   33 29 N
                                          LONGITUDE:  90 59 W

  TEMPERATURE IN F:       :PCPN:    SNOW:  WIND      :SUNSHINE: SKY     :PK WND
================================================================================
1   2   3   4   5  6A  6B    7    8   9   10  11  12  13   14  15   16   17  18
                                     12Z  AVG MX 2MIN
DY MAX MIN AVG DEP HDD CDD  WTR  SNW DPTH SPD SPD DIR MIN PSBL S-S WX    SPD DR
================================================================================

 1  77  45  61  10   4   0 0.29  0.0    0 18.0 30 330   M    M   3 138    35 330
 2  59  38  49  -2  16   0 0.00  0.0    0  6.0 14  30   M    M   0        18  50
 3  62  35  49  -2  16   0 0.00  0.0    0  6.1 17  60   M    M   0        22  70
 4  67  39  53   1  12   0 0.00  0.0    0  9.1 18 150   M    M   1        24 130
 5  58  50  54   2  11   0    T  0.0    0  7.9 15 130   M    M  10 1      17 130
 6  76  58  67  15   0   2 0.01  0.0    0 17.7 30 180   M    M   9 1      38 170
 7  68  45  57   5   8   0 0.56  0.0    0 10.8 31 360   M    M   7 13     37 360
 8  70  38  54   1  11   0 0.00  0.0    0  4.6 14 140   M    M   1 12     17 160
 9  71  50  61   8   4   0 0.00  0.0    0  7.8 15 210   M    M   6        18 220
10  66  46  56   3   9   0    T  0.0    0 13.6 28  20   M    M   3 3      32  30
11  47  38  43 -11  22   0    T  0.0    0 13.9 24  10   M    M   9 138    29  30
12  54  34  44 -10  21   0    T  0.0    0 11.8 24  20   M    M   1 1      31  30
13  48  36  42 -12  23   0 0.06  0.0    0  6.2 22  10   M    M   8 1      28 360
14  47  35  41 -13  24   0 0.00  0.0    0 11.1 21 360   M    M   9        25  10
15  46  31  39 -16  26   0 0.00  0.0    0  7.4  M  30   M    M   1         M  40
16  56  38  47  -8  18   0 0.00  0.0    0  8.6 14 160   M    M  10        20 160
17  73  53  63   8   2   0 0.00  0.0    0 14.2 25 200   M    M  10        30 200
18  78  52  65  10   0   0    T  0.0    0  7.8 18 220   M    M   4        24 220
19  79  48  64   8   1   0 0.00  0.0    0  5.4 13 100   M    M   1        17 160
20  80  57  69  13   0   4 0.00  0.0    0 11.3 22 220   M    M   1 18     27 210
21  84  60  72  16   0   7 0.00  0.0    0 10.3 20  10   M    M   0 8      25  10
22  72  55  64   8   1   0 0.00  0.0    0 11.5 20  40   M    M   0        25  30
23  84  54  69  12   0   4 0.00  0.0    0  9.8 20 180   M    M   1        24 200
24  79  64  72  15   0   7 0.00  0.0    0 18.1 28 200   M    M   4 8      35 180
25  72  56  64   7   1   0 0.44  0.0    0 11.9 40 210   M    M   5 1238   56 210
26  77  51  64   7   1   0 0.00  0.0    0  6.4 17 220   M    M   2 128    23 220
27  81  66  74  16   0   9    T  0.0    0 13.7 25 220   M    M   3 138    31 210
28  81  58  70  12   0   5 0.00  0.0    0  4.9 13 190   M    M   2 18     15 190
================================================================================
SM 1912 1330       231  38  1.36     0.0 285.9          M      111
================================================================================
AV 68.3 47.5                              10.2 FASTST   M    M   4    MAX(MPH)
                                 MISC ---->  # 40 210               # 56  210
================================================================================
NOTES:
# LAST OF SEVERAL OCCURRENCES

COLUMN 17 PEAK WIND IN M.P.H.

PRELIMINARY LOCAL CLIMATOLOGICAL DATA (WS FORM: F-6) , PAGE 2

                                          STATION:  GREENVILLE
                                          MONTH:    MARCH
                                          YEAR:     2017
                                          LATITUDE:   33 29 N
                                          LONGITUDE:  90 59 W

[TEMPERATURE DATA]      [PRECIPITATION DATA]       SYMBOLS USED IN COLUMN 16

AVERAGE MONTHLY: 57.9   TOTAL FOR MONTH:   1.36    1 = FOG OR MIST
DPTR FM NORMAL:   3.5   DPTR FM NORMAL:   -2.62    2 = FOG REDUCING VISIBILITY
HIGHEST:    84 ON 23,21 GRTST 24HR  0.56 ON  7- 7      TO 1/4 MILE OR LESS
LOWEST:     31 ON 15                               3 = THUNDER
                        SNOW, ICE PELLETS, HAIL    4 = ICE PELLETS
                        TOTAL MONTH:   0.0 INCH    5 = HAIL
                        GRTST 24HR     0.0         6 = FREEZING RAIN OR DRIZZLE
                        GRTST DEPTH:   0           7 = DUSTSTORM OR SANDSTORM:
                                                       VSBY 1/2 MILE OR LESS
                                                   8 = SMOKE OR HAZE
[NO. OF DAYS WITH]      [WEATHER - DAYS WITH]      9 = BLOWING SNOW
                                                   X = TORNADO
MAX 32 OR BELOW:   0    0.01 INCH OR MORE:   5
MAX 90 OR ABOVE:   0    0.10 INCH OR MORE:   3
MIN 32 OR BELOW:   1    0.50 INCH OR MORE:   1
MIN  0 OR BELOW:   0    1.00 INCH OR MORE:   0

[HDD (BASE 65) ]
TOTAL THIS MO.   231    CLEAR  (SCALE 0-3)  16
DPTR FM NORMAL   -82    PTCLDY (SCALE 4-7)   6
TOTAL FM JUL 1  1764    CLOUDY (SCALE 8-10)  6
DPTR FM NORMAL  -858

[CDD (BASE 65) ]
TOTAL THIS MO.    38
DPTR FM NORMAL    24    [PRESSURE DATA]
TOTAL FM JAN 1    67    HIGHEST SLP M ON M
DPTR FM NORMAL    48    LOWEST  SLP 29.82 ON 27

[REMARKS]
