000
CXGM50 PGUM 271850
CF6GSN
PRELIMINARY LOCAL CLIMATOLOGICAL DATA (WS FORM: F-6)

                                          STATION:   SAIPAN/ISLEY_(CGS) MP
                                          MONTH:     JULY
                                          YEAR:      2017
                                          LATITUDE:   15  7 N
                                          LONGITUDE: 145-44 E

  TEMPERATURE IN F:       :PCPN:    SNOW:  WIND      :SUNSHINE: SKY     :PK WND
================================================================================
1   2   3   4   5  6A  6B    7    8   9   10  11  12  13   14  15   16   17  18
                                     12Z  AVG MX 2MIN
DY MAX MIN AVG DEP HDD CDD  WTR  SNW DPTH SPD SPD DIR MIN PSBL S-S WX    SPD DR
================================================================================

 1  92  81  87   M   0  22 0.04  0.0    0 12.3 18  90   M    M   5 18     23  90
 2  89  76  83   M   0  18 0.90  0.0    0 12.2 30 100   M    M   5 138    40  70
 3  91  81  86   M   0  21 0.09  0.0    0 13.9 20  80   M    M   6 13     24 130
 4  91  84  88   M   0  23 0.05  0.0    0 15.5 22  80   M    M   6 8      29  80
 5  92  81  87   M   0  22 0.07  0.0    0 15.3 28 100   M    M   6 8      36 100
 6  91  80  86   M   0  21 0.04  0.0    0 13.5 22 100   M    M   7 8      27  90
 7  92  80  86   M   0  21 0.01  0.0    0 11.8 21  80   M    M   5        25  70
 8  92  82  87   M   0  22 0.09  0.0    0 12.1 21  90   M    M   4 18     26  90
 9  91  83  87   M   0  22 0.03  0.0    0 10.8 16 100   M    M   5 8      23 150
10  91  80  86   M   0  21 0.07  0.0    0  8.7 16 140   M    M   6 8      22 130
11  91  79  85   M   0  20 0.15  0.0    0  8.6 16 100   M    M   6 18     22  90
12  91  81  86   M   0  21    T  0.0    0  8.6 15  70   M    M   5        18 100
13  92  82  87   M   0  22 0.05  0.0    0 10.6 22  80   M    M   6        25  90
14  93  82  88   M   0  23 0.03  0.0    0 12.4 18  70   M    M   5 18     23  90
15  93  82  88   M   0  23    T  0.0    0 15.2 22  40   M    M   5        26  70
16  92  83  88   M   0  23 0.05  0.0    0 13.0 22  90   M    M   6 8      27  90
17  93  84  89   M   0  24    T  0.0    0 10.9 18  90   M    M   7        23  80
18  93  81  87   M   0  22 0.42  0.0    0  7.6 17  70   M    M   6        22  70
19  92  82  87   M   0  22 0.20  0.0    0  9.2 15  90   M    M   5        19  90
20  92  81  87   M   0  22 0.30  0.0    0 10.8 20  80   M    M   5 8      24  80
21  93  82  88   M   0  23 0.12  0.0    0 10.5 20 110   M    M   5 8      26  90
22  92  79  86   M   0  21 0.26  0.0    0  9.1 18  60   M    M   5 18     21  70
23  92  83  88   M   0  23 0.00  0.0    0  6.7 13 160   M    M   6        17 160
24  92  84  88   M   0  23 0.05  0.0    0  7.8 14 150   M    M   6        25 160
25  92  83  88   M   0  23    T  0.0    0  7.4 14 170   M    M   4        20 170
26  91  81  86   M   0  21 1.69  0.0    0  4.7 17 260   M    M   6 18     20 240
27  91  83  87   M   0  22    T  0.0    0  6.5 14 190   M    M   5        23 190
================================================================================
SM 2477 2200         0 591  4.71     0.0 285.7          M      148
================================================================================
AV 91.7 81.5                              10.6 FASTST   M    M   5    MAX(MPH)
                                 MISC ---->  # 30 100               # 40   70
================================================================================
NOTES:
# LAST OF SEVERAL OCCURRENCES

COLUMN 17 PEAK WIND IN M.P.H.

PRELIMINARY LOCAL CLIMATOLOGICAL DATA (WS FORM: F-6) , PAGE 2

                                          STATION:  SAIPAN/ISLEY_(CGS) MP
                                          MONTH:    JULY
                                          YEAR:     2017
                                          LATITUDE:   15  7 N
                                          LONGITUDE: 145-44 E

[TEMPERATURE DATA]      [PRECIPITATION DATA]       SYMBOLS USED IN COLUMN 16

AVERAGE MONTHLY: 86.6   TOTAL FOR MONTH:   4.71    1 = FOG OR MIST
DPTR FM NORMAL:     M   DPTR FM NORMAL:   -2.21    2 = FOG REDUCING VISIBILITY
HIGHEST:    93 ON 21,18 GRTST 24HR  1.69 ON 26-26      TO 1/4 MILE OR LESS
LOWEST:     76 ON  2                               3 = THUNDER
                        SNOW, ICE PELLETS, HAIL    4 = ICE PELLETS
                        TOTAL MONTH:   0.0 INCH    5 = HAIL
                        GRTST 24HR     0.0         6 = FREEZING RAIN OR DRIZZLE
                        GRTST DEPTH:   0           7 = DUSTSTORM OR SANDSTORM:
                                                       VSBY 1/2 MILE OR LESS
                                                   8 = SMOKE OR HAZE
[NO. OF DAYS WITH]      [WEATHER - DAYS WITH]      9 = BLOWING SNOW
                                                   X = TORNADO
MAX 32 OR BELOW:   0    0.01 INCH OR MORE:  21
MAX 90 OR ABOVE:  26    0.10 INCH OR MORE:   8
MIN 32 OR BELOW:   0    0.50 INCH OR MORE:   2
MIN  0 OR BELOW:   0    1.00 INCH OR MORE:   1

[HDD (BASE 65) ]
TOTAL THIS MO.     0    CLEAR  (SCALE 0-3)   0
DPTR FM NORMAL     M    PTCLDY (SCALE 4-7)  27
TOTAL FM JUL 1     0    CLOUDY (SCALE 8-10)  0
DPTR FM NORMAL     M

[CDD (BASE 65) ]
TOTAL THIS MO.   591
DPTR FM NORMAL     M    [PRESSURE DATA]
TOTAL FM JAN 1  3685    HIGHEST SLP M ON M
DPTR FM NORMAL     M    LOWEST  SLP 29.80 ON 27

[REMARKS]
