000
CXGM50 PGUM 211850
CF6GSN
PRELIMINARY LOCAL CLIMATOLOGICAL DATA (WS FORM: F-6)

                                          STATION:   SAIPAN/ISLEY_(CGS) MP
                                          MONTH:     JANUARY
                                          YEAR:      2018
                                          LATITUDE:   15  7 N
                                          LONGITUDE: 145-44 E

  TEMPERATURE IN F:       :PCPN:    SNOW:  WIND      :SUNSHINE: SKY     :PK WND
================================================================================
1   2   3   4   5  6A  6B    7    8   9   10  11  12  13   14  15   16   17  18
                                     12Z  AVG MX 2MIN
DY MAX MIN AVG DEP HDD CDD  WTR  SNW DPTH SPD SPD DIR MIN PSBL S-S WX    SPD DR
================================================================================

 1  88  77  83   M   0  18    T  0.0    0 10.6 15  80   M    M   5        21  60
 2  88  74  81   M   0  16 0.00  0.0    0  5.2  8  60   M    M   5         M  M
 3  87  76  82   M   0  17 0.01  0.0    0  6.8 12  70   M    M   6         M  M
 4  86  75  81   M   0  16 0.10  0.0    0  9.1 18  30   M    M   9 1       M  M
 5  86  75  81   M   0  16 0.03  0.0    0 16.1 21  60   M    M   7 1      30  60
 6  87  76  82   M   0  17 0.00  0.0    0 10.0 14  60   M    M   5        20  60
 7  87  74  81   M   0  16 0.00  0.0    0 10.4 15  80   M    M   5         M  M
 8  88  78  83   M   0  18    T  0.0    0 17.8 23  70   M    M   7        33  60
 9  89  78  84   M   0  19 0.18  0.0    0 16.2 21  70   M    M   6 1      27  90
10  88  76  82   M   0  17 0.06  0.0    0 15.6 21  90   M    M   7 1      27 100
11  89  80  85   M   0  20    T  0.0    0 16.4 21  90   M    M   7 1      27  90
12  88  76  82   M   0  17 0.31  0.0    0 12.4 20 130   M    M   6 1      32 110
13  88  77  83   M   0  18 0.00  0.0    0 11.1 15  90   M    M   6 8       M  M
14  88  77  83   M   0  18 0.01  0.0    0 12.4 17  80   M    M   5        24  70
15  88  79  84   M   0  19 0.00  0.0    0 13.7 21  80   M    M   5        23  80
16  88  78  83   M   0  18 0.01  0.0    0 14.3 18  50   M    M   7         M  M
17  89  79  84   M   0  19    T  0.0    0 14.5 18  80   M    M   7        25  90
18  89  79  84   M   0  19    T  0.0    0 13.3 17 100   M    M   6        24 100
19  89  78  84   M   0  19    T  0.0    0 13.3 18  60   M    M   6        24  60
20  88  78  83   M   0  18    T  0.0    0 13.4 18  60   M    M   6        23  60
21  86  76  81   M   0  16 0.26  0.0    0 14.8 21  60   M    M   7 1      25  50
================================================================================
SM 1844 1616         0 371  0.97     0.0 267.4          M      130
================================================================================
AV 87.8 77.0                              12.7 FASTST   M    M   6    MAX(MPH)
                                 MISC ---->  # 23  70               # 33   60
================================================================================
NOTES:
# LAST OF SEVERAL OCCURRENCES

COLUMN 17 PEAK WIND IN M.P.H.

PRELIMINARY LOCAL CLIMATOLOGICAL DATA (WS FORM: F-6) , PAGE 2

                                          STATION:  SAIPAN/ISLEY_(CGS) MP
                                          MONTH:    JANUARY
                                          YEAR:     2018
                                          LATITUDE:   15  7 N
                                          LONGITUDE: 145-44 E

[TEMPERATURE DATA]      [PRECIPITATION DATA]       SYMBOLS USED IN COLUMN 16

AVERAGE MONTHLY: 82.4   TOTAL FOR MONTH:   0.97    1 = FOG OR MIST
DPTR FM NORMAL:     M   DPTR FM NORMAL:   -1.61    2 = FOG REDUCING VISIBILITY
HIGHEST:    89 ON 19,18 GRTST 24HR  0.31 ON 12-12      TO 1/4 MILE OR LESS
LOWEST:     74 ON  7, 2                            3 = THUNDER
                        SNOW, ICE PELLETS, HAIL    4 = ICE PELLETS
                        TOTAL MONTH:   0.0 INCH    5 = HAIL
                        GRTST 24HR     0.0         6 = FREEZING RAIN OR DRIZZLE
                        GRTST DEPTH:   0           7 = DUSTSTORM OR SANDSTORM:
                                                       VSBY 1/2 MILE OR LESS
                                                   8 = SMOKE OR HAZE
[NO. OF DAYS WITH]      [WEATHER - DAYS WITH]      9 = BLOWING SNOW
                                                   X = TORNADO
MAX 32 OR BELOW:   0    0.01 INCH OR MORE:   9
MAX 90 OR ABOVE:   0    0.10 INCH OR MORE:   4
MIN 32 OR BELOW:   0    0.50 INCH OR MORE:   0
MIN  0 OR BELOW:   0    1.00 INCH OR MORE:   0

[HDD (BASE 65) ]
TOTAL THIS MO.     0    CLEAR  (SCALE 0-3)   0
DPTR FM NORMAL     M    PTCLDY (SCALE 4-7)  20
TOTAL FM JUL 1     0    CLOUDY (SCALE 8-10)  1
DPTR FM NORMAL     M

[CDD (BASE 65) ]
TOTAL THIS MO.   371
DPTR FM NORMAL     M    [PRESSURE DATA]
TOTAL FM JAN 1   371    HIGHEST SLP M ON M
DPTR FM NORMAL     M    LOWEST  SLP M ON M

[REMARKS]
