000
CXUS52 KRAH 281345
CF6GSO
PRELIMINARY LOCAL CLIMATOLOGICAL DATA (WS FORM: F-6)

                                          STATION:   PIEDMONT TRIAD INTL AIRPORT NC
                                          MONTH:     JUNE
                                          YEAR:      2017
                                          LATITUDE:   36  4 N
                                          LONGITUDE:  79 57 W

  TEMPERATURE IN F:       :PCPN:    SNOW:  WIND      :SUNSHINE: SKY     :PK WND
================================================================================
1   2   3   4   5  6A  6B    7    8   9   10  11  12  13   14  15   16   17  18
                                     12Z  AVG MX 2MIN
DY MAX MIN AVG DEP HDD CDD  WTR  SNW DPTH SPD SPD DIR MIN PSBL S-S WX    SPD DR
================================================================================

 1  84  61  73   2   0   8 0.00  0.0    0  4.5 13 270   M    M   8        17 300
 2  84  64  74   2   0   9    T  0.0    0  4.6 13 320   M    M   5        18 310
 3  85  62  74   2   0   9 0.00  0.0    0  3.4 10 330   M    M   3        15 320
 4  87  64  76   4   0  11    T  0.0    0  7.2 25 200   M    M   7 1      30 190
 5  83  64  74   2   0   9 1.24  0.0    0  8.4 21 230   M    M   9 13     27  20
 6  83  63  73   0   0   8 0.00  0.0    0  4.9 14  40   M    M   9        16  10
 7  76  60  68  -5   0   3 0.00  0.0    0 11.0 18  70   M    M   7        22  70
 8  72  55  64  -9   1   0 0.00  0.0    0  9.2 20  60   M    M   7        26  50
 9  81  56  69  -5   0   4 0.00  0.0    0  6.1 15 300   M    M   3        19 300
10  85  61  73  -1   0   8 0.00  0.0    0  6.7 16 230   M    M   5        22 230
11  87  66  77   3   0  12 0.00  0.0    0  8.4 16 220   M    M   6        21 240
12  88  65  77   3   0  12 0.00  0.0    0  5.9 13 210   M    M   8        18 190
13  89  66  78   3   0  13 1.33  0.0    0  8.1 32 330   M    M   8 13     44 320
14  89  66  78   3   0  13 0.36  0.0    0  6.5 24  80   M    M   6 13     28  20
15  88  67  78   3   0  13 0.00  0.0    0  4.7 13 170   M    M   5 3      17 160
16  86  69  78   3   0  13 2.16  0.0    0  4.6 13 190   M    M   8 13     15 180
17  85  69  77   1   0  12 0.99  0.0    0  6.6 22 240   M    M   9 13     28 250
18  88  69  79   3   0  14 0.50  0.0    0 10.5 20 200   M    M   7 13     28 210
19  87  70  79   3   0  14 2.54  0.0    0 10.8 21 280   M    M   9 13     30 210
20  80  68  74  -2   0   9    T  0.0    0  5.0 15 190   M    M  10 1      18 180
21  83  68  76   0   0  11    T  0.0    0  8.7 14 230   M    M   9 1      18 230
22  80  70  75  -2   0  10    T  0.0    0  7.7 15 230   M    M   8        19 240
23  88  72  80   3   0  15 0.53  0.0    0 13.9 26 220   M    M   6 1      33 220
24  87  70  79   2   0  14 0.16  0.0    0  8.5 29 220   M    M   8 13     38 220
25  82  65  74  -3   0   9 0.00  0.0    0  4.9 12 300   M    M   7        16 310
26  83  60  72  -5   0   7 0.00  0.0    0  5.5 13 330   M    M   3        17 320
27  79  64  72  -6   0   7 0.00  0.0    0  4.3 14 310   M    M   5        17 310
================================================================================
SM 2269 1754         1 267  9.81     0.0 190.6          M      185
================================================================================
AV 84.0 65.0                               7.1 FASTST   M    M   7    MAX(MPH)
                                 MISC ---->  # 32 330               # 44  320
================================================================================
NOTES:
# LAST OF SEVERAL OCCURRENCES

COLUMN 17 PEAK WIND IN M.P.H.

PRELIMINARY LOCAL CLIMATOLOGICAL DATA (WS FORM: F-6) , PAGE 2

                                          STATION:  PIEDMONT TRIAD INTL AIRPORT NC
                                          MONTH:    JUNE
                                          YEAR:     2017
                                          LATITUDE:   36  4 N
                                          LONGITUDE:  79 57 W

[TEMPERATURE DATA]      [PRECIPITATION DATA]       SYMBOLS USED IN COLUMN 16

AVERAGE MONTHLY: 74.5   TOTAL FOR MONTH:   9.81    1 = FOG OR MIST
DPTR FM NORMAL:  -0.2   DPTR FM NORMAL:    6.44    2 = FOG REDUCING VISIBILITY
HIGHEST:    89 ON 14,13 GRTST 24HR  2.54 ON 19-19      TO 1/4 MILE OR LESS
LOWEST:     55 ON  8                               3 = THUNDER
                        SNOW, ICE PELLETS, HAIL    4 = ICE PELLETS
                        TOTAL MONTH:   0.0 INCH    5 = HAIL
                        GRTST 24HR     0.0         6 = FREEZING RAIN OR DRIZZLE
                        GRTST DEPTH:   0           7 = DUSTSTORM OR SANDSTORM:
                                                       VSBY 1/2 MILE OR LESS
                                                   8 = SMOKE OR HAZE
[NO. OF DAYS WITH]      [WEATHER - DAYS WITH]      9 = BLOWING SNOW
                                                   X = TORNADO
MAX 32 OR BELOW:   0    0.01 INCH OR MORE:   9
MAX 90 OR ABOVE:   0    0.10 INCH OR MORE:   9
MIN 32 OR BELOW:   0    0.50 INCH OR MORE:   7
MIN  0 OR BELOW:   0    1.00 INCH OR MORE:   4

[HDD (BASE 65) ]
TOTAL THIS MO.     1    CLEAR  (SCALE 0-3)   0
DPTR FM NORMAL    -4    PTCLDY (SCALE 4-7)  18
TOTAL FM JUL 1  2774    CLOUDY (SCALE 8-10)  9
DPTR FM NORMAL  -843

[CDD (BASE 65) ]
TOTAL THIS MO.   267
DPTR FM NORMAL    -1    [PRESSURE DATA]
TOTAL FM JAN 1   501    HIGHEST SLP M ON M
DPTR FM NORMAL    74    LOWEST  SLP 29.67 ON  5

[REMARKS]
