000
CXUS52 KGSP 290817
CF6GSP
PRELIMINARY LOCAL CLIMATOLOGICAL DATA (WS FORM: F-6)

                                          STATION:   GREENVILLE-SPARTANBURG SC
                                          MONTH:     JUNE
                                          YEAR:      2015
                                          LATITUDE:   34 54 N
                                          LONGITUDE:  82 13 W

  TEMPERATURE IN F:       :PCPN:    SNOW:  WIND      :SUNSHINE: SKY     :PK WND
================================================================================
1   2   3   4   5  6A  6B    7    8   9   10  11  12  13   14  15   16   17  18
                                     12Z  AVG MX 2MIN
DY MAX MIN AVG DEP HDD CDD  WTR  SNW DPTH SPD SPD DIR MIN PSBL S-S WX    SPD DR
================================================================================

 1  85  67  76   3   0  11 0.03  0.0    0  6.7 16 200   M    M   5 13     20 200
 2  86  65  76   2   0  11    T  0.0    0  4.6 16 170   M    M   6 3      24 160
 3  77  63  70  -4   0   5 0.58  0.0    0  8.6 17  80   M    M   8 13     23  40
 4  77  61  69  -5   0   4 0.13  0.0    0  6.1 12  30   M    M   8 1      15  50
 5  82  63  73  -1   0   8 0.28  0.0    0  3.8 23 100   M    M   8 13     29 100
 6  87  65  76   1   0  11 0.00  0.0    0  2.9 10  90   M    M   2 1      13  40
 7  86  68  77   2   0  12 0.21  0.0    0  6.0 18 140   M    M   3 1      23 140
 8  86  66  76   1   0  11 0.45  0.0    0  8.7 22 280   M    M   7 13     32 280
 9  87  67  77   2   0  12 0.33  0.0    0  6.3 18 190   M    M   4 13     23 190
10  86  65  76   0   0  11 0.00  0.0    0  4.8 12 170   M    M   2 1      17  40
11  85  68  77   1   0  12 0.13  0.0    0  3.8 15 160   M    M   4 1      19 170
12  87  70  79   3   0  14 0.22  0.0    0  8.7 17 210   M    M   6 1      23 210
13  92  71  82   6   0  17 0.00  0.0    0  5.8 10 230   M    M   1        14 230
14  92  71  82   5   0  17    T  0.0    0  3.5 15 280   M    M   1 3      21 290
15  95  69  82   5   0  17 0.00  0.0    0  2.1 12 210   M    M   1        14 210
16  95  72  84   7   0  19 0.00  0.0    0  3.7 13 220   0    0   0        16 220
17  96  72  84   7   0  19 0.00  0.0    0  3.9 14 200   M    M   1        22 150
18  97  71  84   7   0  19 0.06  0.0    0  4.3 21 210   M    M   2 3      27 200
19  93  70  82   4   0  17 0.00  0.0    0  5.2 17 240   M    M   1        26 210
20  91  71  81   3   0  16 0.30  0.0    0  9.3 30 280   M    M   2 138    46 260
21  94  70  82   4   0  17 0.00  0.0    0  3.8 13 210   M    M   0 1      17 200
22  97  70  84   6   0  19 0.00  0.0    0  1.9 13 300   M    M   1 3      21 300
23  96  70  83   5   0  18 0.00  0.0    0  3.6 20 360   M    M   1 3      23 360
24  95  74  85   7   0  20 0.00  0.0    0  4.5 18 290   M    M   2 3      26 290
25  96  72  84   5   0  19 0.00  0.0    0  3.5 13 130   M    M   1        16 110
26  98  71  85   6   0  20 0.01  0.0    0  5.7 33 190   M    M   2 38     43 190
27  89  70  80   1   0  15 0.28  0.0    0  7.6 25 220   M    M   4 138    35 210
28  85  64  75  -4   0  10 0.00  0.0    0  4.9 15 350   M    M   1        21 350
================================================================================
SM 2512 1916         0 401  3.01     0.0 144.3            0     84
================================================================================
AV 89.7 68.4                               5.2 FASTST    0   0   3    MAX(MPH)
                                 MISC ---->  # 33 190               # 46  260
================================================================================
NOTES:
# LAST OF SEVERAL OCCURRENCES

COLUMN 17 PEAK WIND IN M.P.H.

PRELIMINARY LOCAL CLIMATOLOGICAL DATA (WS FORM: F-6) , PAGE 2

                                          STATION:  GREENVILLE-SPARTANBURG SC
                                          MONTH:    JUNE
                                          YEAR:     2015
                                          LATITUDE:   34 54 N
                                          LONGITUDE:  82 13 W

[TEMPERATURE DATA]      [PRECIPITATION DATA]       SYMBOLS USED IN COLUMN 16

AVERAGE MONTHLY: 79.1   TOTAL FOR MONTH:   3.01    1 = FOG OR MIST
DPTR FM NORMAL:   2.6   DPTR FM NORMAL:   -0.52    2 = FOG REDUCING VISIBILITY
HIGHEST:    98 ON 26    GRTST 24HR  0.71 ON  3- 4      TO 1/4 MILE OR LESS
LOWEST:     61 ON  4                               3 = THUNDER
                        SNOW, ICE PELLETS, HAIL    4 = ICE PELLETS
                        TOTAL MONTH:   0.0 INCH    5 = HAIL
                        GRTST 24HR     0.0         6 = FREEZING RAIN OR DRIZZLE
                        GRTST DEPTH:   0           7 = DUSTSTORM OR SANDSTORM:
                                                       VSBY 1/2 MILE OR LESS
                                                   8 = SMOKE OR HAZE
[NO. OF DAYS WITH]      [WEATHER - DAYS WITH]      9 = BLOWING SNOW
                                                   X = TORNADO
MAX 32 OR BELOW:   0    0.01 INCH OR MORE:  13
MAX 90 OR ABOVE:  14    0.10 INCH OR MORE:  10
MIN 32 OR BELOW:   0    0.50 INCH OR MORE:   1
MIN  0 OR BELOW:   0    1.00 INCH OR MORE:   0

[HDD (BASE 65) ]
TOTAL THIS MO.     0    CLEAR  (SCALE 0-3)  17
DPTR FM NORMAL     0    PTCLDY (SCALE 4-7)  11
TOTAL FM JUL 1  3017    CLOUDY (SCALE 8-10)  0
DPTR FM NORMAL   -27

[CDD (BASE 65) ]
TOTAL THIS MO.   401
DPTR FM NORMAL    78    [PRESSURE DATA]
TOTAL FM JAN 1   676    HIGHEST SLP  0.00 ON 16
DPTR FM NORMAL   152    LOWEST  SLP  0.00 ON 16

[REMARKS]
