000
CXUS52 KFFC 291110
CF6GVL
PRELIMINARY LOCAL CLIMATOLOGICAL DATA (WS FORM: F-6)

                                          STATION:   GAINESVILLE
                                          MONTH:     DECEMBER
                                          YEAR:      2014
                                          LATITUDE:   34 16 N
                                          LONGITUDE:  83 50 W

  TEMPERATURE IN F:       :PCPN:    SNOW:  WIND      :SUNSHINE: SKY     :PK WND
================================================================================
1   2   3   4   5  6A  6B    7    8   9   10  11  12  13   14  15   16   17  18
                                     12Z  AVG MX 2MIN
DY MAX MIN AVG DEP HDD CDD  WTR  SNW DPTH SPD SPD DIR MIN PSBL S-S WX    SPD DR
================================================================================

 1  69  45  57  10   8   0 0.00    M    M  3.1 13 250   M    M   3        16 250
 2  70  47  59  12   6   0 0.00  0.0    M  4.1 13  90   M    M   1 12     16  90
 3  67  47  57  10   8   0 0.00  0.0    M  4.9 14 300   M    M   5 12     19 300
 4  63  50  57  11   8   0 0.16    M    M  3.2  9  90   M    M   7 1       M  M
 5  54  49  52   6  13   0    T  0.0    M  7.9 14  70   M    M  10 12     18 100
 6  55  47  51   5  14   0 0.63  0.0    M  7.3 17 300   M    M   8 1      26 290
 7  59  41  50   4  15   0 0.00    M    M  8.9 21  80   M    M   0        27  80
 8  44  37  41  -4  24   0 0.00    M    M  9.2 18  90   M    M   7        29 100
 9  52  35  44  -1  21   0 0.00    M    M 10.1 24 320   M    M   6        36 320
10  49  33  41  -4  24   0 0.00    M    M  9.8 20 310   M    M   0        25 310
11  53  29  41  -3  24   0 0.00    M    M  8.7 15 280   M    M   0        22 290
12  61  28  45   1  20   0 0.00    M    M  6.2 13 260   M    M   0        16 270
13  65  30  48   4  17   0 0.00    M    M  6.7 14 260   M    M   0        16 270
14  58  32  45   1  20   0 0.00  0.0    M  7.0 14 250   M    M   0 1      18 260
15  62  30  46   2  19   0 0.06  0.0    M  2.8 12  70   M    M   2 18     16  60
16  57  43  50   7  15   0 0.06  0.0    M 10.2 22 300   M    M   5 18     31 260
17  54  36  45   2  20   0 0.00  0.0    M  9.2 15 260   M    M   0        18 260
18  56  35  46   3  19   0 0.00    M    M  5.3 12 290   M    M   6 8      16 290
19  55  36  46   3  19   0 0.00  0.0    M  3.9 10  80   M    M   1        13  80
20  46  42  44   1  21   0 0.12    M    M  4.9  9  50   M    M  10 1      11  60
21  48  42  45   3  20   0    T  0.0    M  7.6 14  80   M    M  10 1      19  70
22  45  41  43   1  22   0 0.48  0.0    M 10.7 16  80   M    M  10 1      22 100
23  48  40  44   2  21   0 1.08  0.0    M 10.8 21 270   M    M   8 123    28 270
24  54  45  50   8  15   0 0.68    M    M  8.8 21 260   M    M   9 1      28 280
25  51  36  44   2  21   0 0.00  0.0    0  8.7 18 270   M    M   1        25 270
26  60  32  46   4  19   0 0.00  0.0    0  2.3  7 150   M    M   0        10 110
27  61  36  49   7  16   0 0.02    M    M  1.2 10 140   M    M   2 1      14 130
28  57  49  53  11  12   0 0.73  0.0    M  4.5 12 250   M    M  10 12     14 250
================================================================================
SM 1573 1093       481   0  4.02     0.0 188.0          M      121
================================================================================
AV 56.2 39.0                               6.7 FASTST   M    M   4    MAX(MPH)
                                 MISC ---->  # 24 320               # 36  320
================================================================================
NOTES:
# LAST OF SEVERAL OCCURRENCES

COLUMN 17 PEAK WIND IN M.P.H.

PRELIMINARY LOCAL CLIMATOLOGICAL DATA (WS FORM: F-6) , PAGE 2

                                          STATION:  GAINESVILLE
                                          MONTH:    DECEMBER
                                          YEAR:     2014
                                          LATITUDE:   34 16 N
                                          LONGITUDE:  83 50 W

[TEMPERATURE DATA]      [PRECIPITATION DATA]       SYMBOLS USED IN COLUMN 16

AVERAGE MONTHLY: 47.6   TOTAL FOR MONTH:   4.02    1 = FOG OR MIST
DPTR FM NORMAL:   3.6   DPTR FM NORMAL:   -0.21    2 = FOG REDUCING VISIBILITY
HIGHEST:    70 ON  2    GRTST 24HR  1.63 ON 23-24      TO 1/4 MILE OR LESS
LOWEST:     28 ON 12                               3 = THUNDER
                        SNOW, ICE PELLETS, HAIL    4 = ICE PELLETS
                        TOTAL MONTH:   0.0 INCH    5 = HAIL
                        GRTST 24HR     0.0         6 = FREEZING RAIN OR DRIZZLE
                        GRTST DEPTH:   0           7 = DUSTSTORM OR SANDSTORM:
                                                       VSBY 1/2 MILE OR LESS
                                                   8 = SMOKE OR HAZE
[NO. OF DAYS WITH]      [WEATHER - DAYS WITH]      9 = BLOWING SNOW
                                                   X = TORNADO
MAX 32 OR BELOW:   0    0.01 INCH OR MORE:  10
MAX 90 OR ABOVE:   0    0.10 INCH OR MORE:   7
MIN 32 OR BELOW:   6    0.50 INCH OR MORE:   4
MIN  0 OR BELOW:   0    1.00 INCH OR MORE:   1

[HDD (BASE 65) ]
TOTAL THIS MO.   481    CLEAR  (SCALE 0-3)  14
DPTR FM NORMAL  -109    PTCLDY (SCALE 4-7)   8
TOTAL FM JUL 1  1124    CLOUDY (SCALE 8-10)  6
DPTR FM NORMAL    -1

[CDD (BASE 65) ]
TOTAL THIS MO.     0
DPTR FM NORMAL     0    [PRESSURE DATA]
TOTAL FM JAN 1  1677    HIGHEST SLP  0.00 ON  4
DPTR FM NORMAL    90    LOWEST  SLP 29.65 ON 24

[REMARKS]
