000
CXUS54 KFWD 280730
CF6GVT
PRELIMINARY LOCAL CLIMATOLOGICAL DATA (WS FORM: F-6)

                                          STATION:   GREENVILLE
                                          MONTH:     DECEMBER
                                          YEAR:      2014
                                          LATITUDE:   33  4 N
                                          LONGITUDE:  96  4 W

  TEMPERATURE IN F:       :PCPN:    SNOW:  WIND      :SUNSHINE: SKY     :PK WND
================================================================================
1   2   3   4   5  6A  6B    7    8   9   10  11  12  13   14  15   16   17  18
                                     12Z  AVG MX 2MIN
DY MAX MIN AVG DEP HDD CDD  WTR  SNW DPTH SPD SPD DIR MIN PSBL S-S WX    SPD DR
================================================================================

 1  68  32  50   0  15   0 0.00  0.0    0 11.8 18 340   M    M   9        25 340
 2  48  32  40 -10  25   0 0.00  0.0    0  2.6  8 310   M    M   7         M  M
 3  55  48  52   2  13   0 0.01  0.0    0  4.4 13 190   M    M  10 1       M  M
 4  66  54  60  11   5   0 0.00  0.0    0  4.0  8 160   M    M   9 1       M  M
 5  77  59  68  19   0   3 0.00  0.0    0 10.7 18 200   M    M   8 1      25 220
 6  66  45  56   8   9   0 0.00  0.0    0 10.1 15 350   M    M   3        20 350
 7  55  43  49   1  16   0 0.00  0.0    0  3.1  9 110   M    M   6 1       M  M
 8  59  36  48   0  17   0 0.00  0.0    0  2.3  8 330   M    M   4 12      M  M
 9  64  37  51   3  14   0 0.00  0.0    0   M   M   M   M    M   5 2       M  M
10  55  37  46  -1  19   0 0.00  0.0    0  3.9  9 110   M    M   6 18      M  M
11  59  48  54   7  11   0 0.06  0.0    0  3.9  8  90   M    M  10 18      M  M
12  64  50  57  10   8   0 0.02  0.0    0  4.1  8 100   M    M  10 1       M  M
13  70  52  61  14   4   0 0.00  0.0    0  5.9 12 180   M    M   5 13     17 180
14  64  57  61  15   4   0 0.57  0.0    0 11.4 16 150   M    M  10 3      22 140
15  66  46  56  10   9   0 0.13  0.0    0 11.0 18 270   M    M   1 3      37 230
16  52  34  43  -3  22   0 0.00  0.0    0  6.8 15 340   M    M   0        21 340
17  45  34  40  -6  25   0 0.28  0.0    0  4.1 10  90   M    M   9 3       M  M
18  46  39  43  -3  22   0 0.07  0.0    0  2.7 12 110   M    M  10 1      16 110
19  48  45  47   1  18   0 0.02  0.0    0  4.4  8  20   M    M  10 1       M  M
20  46  45  46   0  19   0 0.00  0.0    0  0.9  5 360   M    M  10 12      M  M
21  52  45  49   4  16   0 0.00  0.0    0  7.2 12 150   M    M  10 1       M  M
22  68  50  59  14   6   0 0.00  0.0    0  9.7 18 200   M    M   5        23 210
23  54  41  48   3  17   0 0.38  0.0    0  7.5 15 330   M    M   7        27 360
24  52  34  43  -2  22   0 0.00  0.0    0  9.0 16 300   M    M   6        21 300
25  63  32  48   3  17   0 0.00  0.0    0 11.6 24 180   M    M   0        31 180
26  61  50  56  11   9   0 0.02  0.0    0  9.8 13 130   M    M  10 1      21 170
27  61  34  48   3  17   0 0.04    M    0 12.3 24 360   M    M   9 1      30 360
================================================================================
SM 1584 1159       379   3  1.60     0.0 175.2          M      189
================================================================================
AV 58.7 42.9                               6.7 FASTST   M    M   7    MAX(MPH)
                                 MISC ---->    24   M                 37    M
================================================================================
NOTES:
# LAST OF SEVERAL OCCURRENCES

COLUMN 17 PEAK WIND IN M.P.H.

PRELIMINARY LOCAL CLIMATOLOGICAL DATA (WS FORM: F-6) , PAGE 2

                                          STATION:  GREENVILLE
                                          MONTH:    DECEMBER
                                          YEAR:     2014
                                          LATITUDE:   33  4 N
                                          LONGITUDE:  96  4 W

[TEMPERATURE DATA]      [PRECIPITATION DATA]       SYMBOLS USED IN COLUMN 16

AVERAGE MONTHLY: 50.8   TOTAL FOR MONTH:   1.60    1 = FOG OR MIST
DPTR FM NORMAL:   3.9   DPTR FM NORMAL:   -1.60    2 = FOG REDUCING VISIBILITY
HIGHEST:    77 ON  5    GRTST 24HR  0.57 ON 14-14      TO 1/4 MILE OR LESS
LOWEST:     32 ON 25, 2                            3 = THUNDER
                        SNOW, ICE PELLETS, HAIL    4 = ICE PELLETS
                        TOTAL MONTH:   0.0 INCH    5 = HAIL
                        GRTST 24HR     0.0         6 = FREEZING RAIN OR DRIZZLE
                        GRTST DEPTH:   0           7 = DUSTSTORM OR SANDSTORM:
                                                       VSBY 1/2 MILE OR LESS
                                                   8 = SMOKE OR HAZE
[NO. OF DAYS WITH]      [WEATHER - DAYS WITH]      9 = BLOWING SNOW
                                                   X = TORNADO
MAX 32 OR BELOW:   0    0.01 INCH OR MORE:  11
MAX 90 OR ABOVE:   0    0.10 INCH OR MORE:   4
MIN 32 OR BELOW:   3    0.50 INCH OR MORE:   1
MIN  0 OR BELOW:   0    1.00 INCH OR MORE:   0

[HDD (BASE 65) ]
TOTAL THIS MO.   379    CLEAR  (SCALE 0-3)   4
DPTR FM NORMAL  -113    PTCLDY (SCALE 4-7)   9
TOTAL FM JUL 1   831    CLOUDY (SCALE 8-10) 14
DPTR FM NORMAL   -31

[CDD (BASE 65) ]
TOTAL THIS MO.     3
DPTR FM NORMAL     3    [PRESSURE DATA]
TOTAL FM JAN 1  2255    HIGHEST SLP M ON M
DPTR FM NORMAL  -387    LOWEST  SLP M ON M

[REMARKS]
