000
CXUS55 KBOU 271205
CF6GXY
PRELIMINARY LOCAL CLIMATOLOGICAL DATA (WS FORM: F-6)

                                          STATION:   GREELEY  CO
                                          MONTH:     FEBRUARY
                                          YEAR:      2015
                                          LATITUDE:   40 25 N
                                          LONGITUDE: 104 38 W

  TEMPERATURE IN F:       :PCPN:    SNOW:  WIND      :SUNSHINE: SKY     :PK WND
================================================================================
1   2   3   4   5  6A  6B    7    8   9   10  11  12  13   14  15   16   17  18
                                     12Z  AVG MX 2MIN
DY MAX MIN AVG DEP HDD CDD  WTR  SNW DPTH SPD SPD DIR MIN PSBL S-S WX    SPD DR
================================================================================

 1  34  18  26   M  39   0    M    M    M  9.0 23 360   M    M   2        31 360
 2  55  18  37   M  28   0    M    M    M  4.0  8 240   M    M   0         M  M
 3  63  21  42   M  23   0    M    M    M  4.6 15 280   M    M   1        18 280
 4  43  21  32   M  33   0    M    M    M  7.2 23  20   M    M   4        36  20
 5  54  12  33   M  32   0    M    M    M  2.6  6  40   M    M   0         M  M
 6  64  28  46   M  19   0    M    M    M  4.2  9  10   M    M   0         M  M
 7  72  27  50   M  15   0    M    M    M  7.6 23 290   M    M   0        29 290
 8  66  30  48   M  17   0    M    M    M 10.0 27 340   M    M   0        33 340
 9  68  21  45   M  20   0    M    M    M  4.3 21 320   M    M   0         M  M
10  63  37  50   M  15   0    M    M    M 17.1 31 320   M    M   2        39 320
11  52  27  40   M  25   0    M    M    M  2.4  8 310   M    M   2         M  M
12  61  19  40   M  25   0    M    M    M  2.3  6 240   M    M   1         M  M
13  64  27  46   M  19   0    M    M    M  3.6  7  10   M    M   2         M  M
14  61  21  41   M  24   0    M    M    M  3.2 12  70   M    M   0         M  M
15  37  21  29   M  36   0    M    M    M  6.5 18  40   M    M   4        18  20
16  39  21  30   M  35   0    M    M    M  8.5 20  10   M    M   5        28  10
17  41  21  31   M  34   0    M    M    M 14.0 32 330   M    M   4        38 330
18  48  21  35   M  30   0    M    M    M  5.2 10 130   M    M   3         M  M
19  66  16  41   M  24   0    M    M    M  5.4 15 330   M    M   0        16 270
20  54  27  41   M  24   0    M    M    M  8.5 28 320   M    M   3        33 320
21  36  18  27   M  38   0    M    M    M  8.3 22  10   M    M   6        31  10
22  16  10  13   M  52   0    M    M    M  6.9 12  40   M    M   3         M  M
23  19  -2   9   M  56   0    M    M    M  3.4  9  90   M    M   2         M  M
24  45   1  23   M  42   0    M    M    M  4.4 10 200   M    M   0         M  M
25  43  21  32   M  33   0    M    M    M 12.5 25  10   M    M   7        32  10
26  19  14  17   M  48   0    M    M    M 10.3 15 110   M    M   8         M  M
================================================================================
SM 1283  516       786   0    M     M    176.0          M       59
================================================================================
AV 49.3 19.8                               6.8 FASTST   M    M   2    MAX(MPH)
                                 MISC ---->    32   M                 39    M
================================================================================
NOTES:
# LAST OF SEVERAL OCCURRENCES

COLUMN 17 PEAK WIND IN M.P.H.

PRELIMINARY LOCAL CLIMATOLOGICAL DATA (WS FORM: F-6) , PAGE 2

                                          STATION:  GREELEY  CO
                                          MONTH:    FEBRUARY
                                          YEAR:     2015
                                          LATITUDE:   40 25 N
                                          LONGITUDE: 104 38 W

[TEMPERATURE DATA]      [PRECIPITATION DATA]       SYMBOLS USED IN COLUMN 16

AVERAGE MONTHLY: 34.6   TOTAL FOR MONTH:      M    1 = FOG OR MIST
DPTR FM NORMAL:     M   DPTR FM NORMAL:       M    2 = FOG REDUCING VISIBILITY
HIGHEST:    72 ON  7    GRTST 24HR    M  ON   M        TO 1/4 MILE OR LESS
LOWEST:     -2 ON 23                               3 = THUNDER
                        SNOW, ICE PELLETS, HAIL    4 = ICE PELLETS
                        TOTAL MONTH:    M          5 = HAIL
                        GRTST 24HR    M  ON   M    6 = FREEZING RAIN OR DRIZZLE
                        GRTST DEPTH:  M  ON   M    7 = DUSTSTORM OR SANDSTORM:
                                                       VSBY 1/2 MILE OR LESS
                                                   8 = SMOKE OR HAZE
[NO. OF DAYS WITH]      [WEATHER - DAYS WITH]      9 = BLOWING SNOW
                                                   X = TORNADO
MAX 32 OR BELOW:   3    0.01 INCH OR MORE:   0
MAX 90 OR ABOVE:   0    0.10 INCH OR MORE:   0
MIN 32 OR BELOW:  25    0.50 INCH OR MORE:   0
MIN  0 OR BELOW:   1    1.00 INCH OR MORE:   0

[HDD (BASE 65) ]
TOTAL THIS MO.   786    CLEAR  (SCALE 0-3)  18
DPTR FM NORMAL     M    PTCLDY (SCALE 4-7)   8
TOTAL FM JUL 1  4499    CLOUDY (SCALE 8-10)  0
DPTR FM NORMAL     M

[CDD (BASE 65) ]
TOTAL THIS MO.     0
DPTR FM NORMAL     M    [PRESSURE DATA]
TOTAL FM JAN 1     0    HIGHEST SLP M ON M
DPTR FM NORMAL     M    LOWEST  SLP M ON M

[REMARKS]
