000
CXUS54 KFWD 220730
CF6GYI
PRELIMINARY LOCAL CLIMATOLOGICAL DATA (WS FORM: F-6)

                                          STATION:   SHERMAN DENISON
                                          MONTH:     FEBRUARY
                                          YEAR:      2018
                                          LATITUDE:   33 42 N
                                          LONGITUDE:  96 40 W

  TEMPERATURE IN F:       :PCPN:    SNOW:  WIND      :SUNSHINE: SKY     :PK WND
================================================================================
1   2   3   4   5  6A  6B    7    8   9   10  11  12  13   14  15   16   17  18
                                     12Z  AVG MX 2MIN
DY MAX MIN AVG DEP HDD CDD  WTR  SNW DPTH SPD SPD DIR MIN PSBL S-S WX    SPD DR
================================================================================

 1  60  36  48   4  17   0 0.00  0.0    0 16.2 25  10   M    M   0        33  10
 2  51  29  40  -4  25   0 0.00  0.0    0  7.6 14  20   M    M   0        18 100
 3  58  33  46   2  19   0 0.00  0.0    0 10.8 18 160   M    M   3        27 160
 4  59  27  43  -1  22   0 0.00  0.0    0 10.4 22  20   M    M   5 12     31  20
 5  39  17  28 -16  37   0 0.00  0.0    0  5.7 12 170   M    M   4        16  10
 6  37  28  33 -11  32   0 0.00  0.0    0  8.7 14 350   M    M   9 13      M  M
 7  46  26  36  -9  29   0 0.00  0.0    0  9.4 18 350   M    M   1 1      25  10
 8  59  21  40  -5  25   0 0.00  0.0    0  4.3 12 160   M    M   0        16 160
 9  68  42  55  10  10   0 0.00  0.0    0 11.5 18 170   M    M   4 1      25 160
10  56  26  41  -4  24   0 0.01  0.0    0 11.8 17 350   M    M  10 1      24 350
11  38  24  31 -15  34   0 0.00  0.0    0 11.5 18 320   M    M   5        25 320
12  47  22  35 -11  30   0 0.00  0.0    0  6.4  9 120   M    M   3         9  70
13  46  35  41  -5  24   0 0.01  0.0    0  5.8 10 110   M    M  10 1       M  M
14  75  42  59  13   6   0 0.00  0.0    0 10.6 20 200   M    M   5 1      30 200
15  77  62  70  24   0   5 0.00  0.0    0 19.2 29 190   M    M   4        35 190
16  67  42  55   8  10   0 0.00  0.0    0 12.7 24 360   M    M   5        29  10
17  60  39  50   3  15   0 0.26  0.0    0  5.5 13 360   M    M   4 13     18 360
18  62  40  51   4  14   0    T  0.0    0  8.7 18 160   M    M   8 1      22 150
19  74  62  68  21   0   3 0.01  0.0    0 18.7 25 190   M    M   9        31 170
20  70  34  52   4  13   0 2.26  0.0    0 18.0 24 190   M    M   9 3      46 190
21  34  30  32 -16  33   0 0.79  0.0    0  7.6 16 360   M    M  10 16     23 360
================================================================================
SM 1183  717       419   8  3.34     0.0 221.1          M      108
================================================================================
AV 56.3 34.1                              10.5 FASTST   M    M   5    MAX(MPH)
                                 MISC ---->    29   M               # 46  190
================================================================================
NOTES:
# LAST OF SEVERAL OCCURRENCES

COLUMN 17 PEAK WIND IN M.P.H.

PRELIMINARY LOCAL CLIMATOLOGICAL DATA (WS FORM: F-6) , PAGE 2

                                          STATION:  SHERMAN DENISON
                                          MONTH:    FEBRUARY
                                          YEAR:     2018
                                          LATITUDE:   33 42 N
                                          LONGITUDE:  96 40 W

[TEMPERATURE DATA]      [PRECIPITATION DATA]       SYMBOLS USED IN COLUMN 16

AVERAGE MONTHLY: 45.2   TOTAL FOR MONTH:   3.34    1 = FOG OR MIST
DPTR FM NORMAL:  -0.4   DPTR FM NORMAL:    1.18    2 = FOG REDUCING VISIBILITY
HIGHEST:    77 ON 15    GRTST 24HR  2.26 ON 20-20      TO 1/4 MILE OR LESS
LOWEST:     17 ON  5                               3 = THUNDER
                        SNOW, ICE PELLETS, HAIL    4 = ICE PELLETS
                        TOTAL MONTH:   0.0 INCH    5 = HAIL
                        GRTST 24HR     0.0         6 = FREEZING RAIN OR DRIZZLE
                        GRTST DEPTH:   0           7 = DUSTSTORM OR SANDSTORM:
                                                       VSBY 1/2 MILE OR LESS
                                                   8 = SMOKE OR HAZE
[NO. OF DAYS WITH]      [WEATHER - DAYS WITH]      9 = BLOWING SNOW
                                                   X = TORNADO
MAX 32 OR BELOW:   0    0.01 INCH OR MORE:   6
MAX 90 OR ABOVE:   0    0.10 INCH OR MORE:   3
MIN 32 OR BELOW:  10    0.50 INCH OR MORE:   2
MIN  0 OR BELOW:   0    1.00 INCH OR MORE:   1

[HDD (BASE 65) ]
TOTAL THIS MO.   419    CLEAR  (SCALE 0-3)   6
DPTR FM NORMAL    11    PTCLDY (SCALE 4-7)   9
TOTAL FM JUL 1  2105    CLOUDY (SCALE 8-10)  6
DPTR FM NORMAL  -144

[CDD (BASE 65) ]
TOTAL THIS MO.     8
DPTR FM NORMAL     8    [PRESSURE DATA]
TOTAL FM JAN 1     8    HIGHEST SLP M ON M
DPTR FM NORMAL     8    LOWEST  SLP M ON M

[REMARKS]
